CRAN Package Check Results for Package RRI

Last updated on 2023-02-07 02:57:02 CET.

Flavor Version Tinstall Tcheck Ttotal Status Flags
r-devel-linux-x86_64-debian-clang 1.1 39.11 43.45 82.56 NOTE
r-devel-linux-x86_64-debian-gcc 1.1 28.63 32.35 60.98 NOTE
r-devel-linux-x86_64-fedora-clang 1.1 107.86 NOTE
r-devel-linux-x86_64-fedora-gcc 1.1 101.91 NOTE
r-devel-windows-x86_64 1.1 43.00 88.00 131.00 NOTE
r-patched-linux-x86_64 1.1 27.82 42.13 69.95 NOTE
r-release-linux-x86_64 1.1 28.08 42.14 70.22 NOTE
r-release-macos-arm64 1.1 31.00 NOTE
r-release-macos-x86_64 1.1 40.00 NOTE
r-release-windows-x86_64 1.1 35.00 92.00 127.00 NOTE
r-oldrel-macos-arm64 1.1 36.00 NOTE
r-oldrel-macos-x86_64 1.1 56.00 NOTE
r-oldrel-windows-ix86+x86_64 1.1 87.00 100.00 187.00 NOTE

Check Details

Version: 1.1
Check: LazyData
Result: NOTE
     'LazyData' is specified without a 'data' directory
Flavors: r-devel-linux-x86_64-debian-clang, r-devel-linux-x86_64-debian-gcc, r-devel-linux-x86_64-fedora-clang, r-devel-linux-x86_64-fedora-gcc, r-devel-windows-x86_64, r-patched-linux-x86_64, r-release-linux-x86_64, r-release-macos-arm64, r-release-macos-x86_64, r-release-windows-x86_64, r-oldrel-macos-arm64, r-oldrel-macos-x86_64, r-oldrel-windows-ix86+x86_64