CRAN Package Check Results for Package RRphylo

Last updated on 2021-12-06 18:52:41 CET.

Flavor Version Tinstall Tcheck Ttotal Status Flags
r-devel-linux-x86_64-debian-clang 2.5.9 28.41 379.95 408.36 NOTE
r-devel-linux-x86_64-debian-gcc 2.5.9 24.42 274.82 299.24 NOTE
r-devel-linux-x86_64-fedora-clang 2.5.9 479.12 NOTE
r-devel-linux-x86_64-fedora-gcc 2.5.9 463.38 NOTE
r-devel-windows-x86_64-new-UL 2.5.9 46.00 556.00 602.00 NOTE
r-devel-windows-x86_64-new-TK 2.5.9 NOTE
r-devel-windows-x86_64-old 2.5.9 42.00 410.00 452.00 NOTE
r-patched-linux-x86_64 2.5.9 26.92 368.91 395.83 NOTE
r-release-linux-x86_64 2.5.9 24.98 375.03 400.01 NOTE
r-release-macos-arm64 2.5.9 NOTE
r-release-macos-x86_64 2.5.9 NOTE
r-release-windows-ix86+x86_64 2.5.9 50.00 570.00 620.00 NOTE
r-oldrel-macos-x86_64 2.5.9 NOTE
r-oldrel-windows-ix86+x86_64 2.5.9 51.00 567.00 618.00 NOTE

Check Details

Version: 2.5.9
Check: package dependencies
Result: NOTE
    Package suggested but not available for checking: 'webshot2'
Flavors: r-devel-linux-x86_64-debian-clang, r-devel-linux-x86_64-debian-gcc, r-devel-linux-x86_64-fedora-clang, r-devel-linux-x86_64-fedora-gcc, r-devel-windows-x86_64-new-UL, r-devel-windows-x86_64-new-TK, r-devel-windows-x86_64-old, r-patched-linux-x86_64, r-release-linux-x86_64, r-release-macos-arm64, r-release-macos-x86_64, r-release-windows-ix86+x86_64, r-oldrel-macos-x86_64, r-oldrel-windows-ix86+x86_64