CRAN Package Check Results for Package RSCABS

Last updated on 2019-05-19 12:46:42 CEST.

Flavor Version Tinstall Tcheck Ttotal Status Flags
r-devel-linux-x86_64-debian-clang 0.9.3 8.10 67.13 75.23 OK
r-devel-linux-x86_64-debian-gcc 0.9.3 6.80 54.94 61.74 OK
r-devel-linux-x86_64-fedora-clang 0.9.3 90.96 OK
r-devel-linux-x86_64-fedora-gcc 0.9.3 87.90 OK
r-devel-windows-ix86+x86_64 0.9.3 19.00 79.00 98.00 OK
r-patched-linux-x86_64 0.9.3 8.28 66.76 75.04 OK
r-patched-solaris-x86 0.9.3 139.90 OK
r-release-linux-x86_64 0.9.3 7.62 66.84 74.46 OK
r-release-windows-ix86+x86_64 0.9.3 18.00 108.00 126.00 OK
r-release-osx-x86_64 0.9.3 ERROR
r-oldrel-windows-ix86+x86_64 0.9.3 7.00 107.00 114.00 OK
r-oldrel-osx-x86_64 0.9.3 ERROR

Check Details

Version: 0.9.3
Check: package dependencies
Result: ERROR
    Packages required but not available: 'RGtk2', 'gWidgetsRGtk2'
    
    See section ‘The DESCRIPTION file’ in the ‘Writing R Extensions’
    manual.
Flavor: r-release-osx-x86_64

Version: 0.9.3
Check: package dependencies
Result: ERROR
    Packages required but not available: ‘RGtk2’ ‘gWidgetsRGtk2’
    
    See section ‘The DESCRIPTION file’ in the ‘Writing R Extensions’
    manual.
Flavor: r-oldrel-osx-x86_64