CRAN Package Check Results for Package RSCABS

Last updated on 2019-03-26 03:48:40 CET.

Flavor Version Tinstall Tcheck Ttotal Status Flags
r-devel-linux-x86_64-debian-clang 0.9.3 6.74 67.53 74.27 OK
r-devel-linux-x86_64-debian-gcc 0.9.3 6.30 55.09 61.39 OK
r-devel-linux-x86_64-fedora-clang 0.9.3 91.75 OK
r-devel-linux-x86_64-fedora-gcc 0.9.3 91.97 OK
r-devel-windows-ix86+x86_64 0.9.3 18.00 81.00 99.00 OK
r-patched-linux-x86_64 0.9.3 5.53 65.09 70.62 OK
r-patched-solaris-x86 0.9.3 133.90 OK
r-release-linux-x86_64 0.9.3 4.78 65.14 69.92 OK
r-release-windows-ix86+x86_64 0.9.3 12.00 90.00 102.00 OK
r-release-osx-x86_64 0.9.3 ERROR
r-oldrel-windows-ix86+x86_64 0.9.3 7.00 84.00 91.00 OK
r-oldrel-osx-x86_64 0.9.3 ERROR

Check Details

Version: 0.9.3
Check: package dependencies
Result: ERROR
    Packages required but not available: ‘RGtk2’ ‘gWidgetsRGtk2’
    
    See section ‘The DESCRIPTION file’ in the ‘Writing R Extensions’
    manual.
Flavors: r-release-osx-x86_64, r-oldrel-osx-x86_64