CRAN Package Check Results for Package RSCAT

Last updated on 2019-12-10 07:50:13 CET.

Flavor Version Tinstall Tcheck Ttotal Status Flags
r-devel-linux-x86_64-debian-clang 1.0.0 7.26 61.14 68.40 OK
r-devel-linux-x86_64-debian-gcc 1.0.0 5.64 46.76 52.40 OK
r-devel-linux-x86_64-fedora-clang 1.0.0 81.39 OK
r-devel-linux-x86_64-fedora-gcc 1.0.0 80.53 OK
r-devel-windows-ix86+x86_64 1.0.0 8.00 6.00 14.00 ERROR
r-devel-windows-ix86+x86_64-gcc8 1.0.0 8.00 5.00 13.00 ERROR
r-patched-linux-x86_64 1.0.0 5.02 53.56 58.58 OK
r-patched-solaris-x86 1.0.0 105.60 OK
r-release-linux-x86_64 1.0.0 5.15 54.54 59.69 OK
r-release-windows-ix86+x86_64 1.0.0 19.00 65.00 84.00 OK
r-release-osx-x86_64 1.0.0 OK
r-oldrel-windows-ix86+x86_64 1.0.0 9.00 63.00 72.00 OK
r-oldrel-osx-x86_64 1.0.0 OK

Check Details

Version: 1.0.0
Check: whether package can be installed
Result: ERROR
    Installation failed.
Flavors: r-devel-windows-ix86+x86_64, r-devel-windows-ix86+x86_64-gcc8