CRAN Package Check Results for Package RSDA

Last updated on 2020-03-31 15:49:50 CEST.

Flavor Version Tinstall Tcheck Ttotal Status Flags
r-devel-linux-x86_64-debian-clang 3.0.1 21.72 256.07 277.79 OK
r-devel-linux-x86_64-debian-gcc 3.0.1 18.25 118.54 136.79 ERROR
r-devel-linux-x86_64-fedora-clang 3.0.1 187.45 ERROR
r-devel-linux-x86_64-fedora-gcc 3.0.1 191.50 ERROR
r-devel-windows-ix86+x86_64 3.0.1 43.00 225.00 268.00 OK
r-devel-windows-ix86+x86_64-gcc8 3.0.1 38.00 233.00 271.00 OK
r-patched-linux-x86_64 3.0.1 19.71 239.90 259.61 OK
r-patched-solaris-x86 3.0.1 281.40 ERROR
r-release-linux-x86_64 3.0.1 17.78 137.16 154.94 ERROR
r-release-windows-ix86+x86_64 3.0.1 57.00 306.00 363.00 OK
r-release-osx-x86_64 3.0.1 OK
r-oldrel-windows-ix86+x86_64 3.0.1 42.00 299.00 341.00 OK
r-oldrel-osx-x86_64 3.0.1 OK

Check Details

Version: 3.0.1
Check: examples
Result: ERROR
    Running examples in ‘RSDA-Ex.R’ failed
    The error most likely occurred in:
    
    > base::assign(".ptime", proc.time(), pos = "CheckExEnv")
    > ### Name: VeterinaryData
    > ### Title: Symbolic interval data example
    > ### Aliases: VeterinaryData
    > ### Keywords: datasets
    >
    > ### ** Examples
    >
    > data(VeterinaryData)
    > VeterinaryData
    Error in get(x, envir = ns, inherits = FALSE) :
     object 'warningc' not found
    Calls: <Anonymous> ... do.call -> [ -> [.symbolic_tbl -> getFromNamespace -> get
    Execution halted
Flavor: r-devel-linux-x86_64-debian-gcc

Version: 3.0.1
Check: re-building of vignette outputs
Result: WARN
    Error(s) in re-building vignettes:
     ...
    --- re-building ‘introduction.Rmd’ using rmarkdown
    Quitting from lines 40-42 (introduction.Rmd)
    Error: processing vignette 'introduction.Rmd' failed with diagnostics:
    object ‘warningc’ not found
    --- failed re-building ‘introduction.Rmd’
    
    SUMMARY: processing the following file failed:
     ‘introduction.Rmd’
    
    Error: Vignette re-building failed.
    Execution halted
Flavors: r-devel-linux-x86_64-debian-gcc, r-release-linux-x86_64

Version: 3.0.1
Check: package dependencies
Result: NOTE
    Imports includes 21 non-default packages.
    Importing from so many packages makes the package vulnerable to any of
    them becoming unavailable. Move as many as possible to Suggests and
    use conditionally.
Flavor: r-devel-linux-x86_64-fedora-clang

Version: 3.0.1
Check: examples
Result: ERROR
    Running examples in ‘RSDA-Ex.R’ failed
    The error most likely occurred in:
    
    > ### Name: VeterinaryData
    > ### Title: Symbolic interval data example
    > ### Aliases: VeterinaryData
    > ### Keywords: datasets
    >
    > ### ** Examples
    >
    > data(VeterinaryData)
    > VeterinaryData
    Error in get(x, envir = ns, inherits = FALSE) :
     object 'warningc' not found
    Calls: <Anonymous> ... do.call -> [ -> [.symbolic_tbl -> getFromNamespace -> get
    Execution halted
Flavors: r-devel-linux-x86_64-fedora-clang, r-devel-linux-x86_64-fedora-gcc, r-patched-solaris-x86

Version: 3.0.1
Check: re-building of vignette outputs
Result: WARN
    Error(s) in re-building vignettes:
    --- re-building ‘introduction.Rmd’ using rmarkdown
    Quitting from lines 40-42 (introduction.Rmd)
    Error: processing vignette 'introduction.Rmd' failed with diagnostics:
    object 'warningc' not found
    --- failed re-building ‘introduction.Rmd’
    
    SUMMARY: processing the following file failed:
     ‘introduction.Rmd’
    
    Error: Vignette re-building failed.
    Execution halted
Flavors: r-devel-linux-x86_64-fedora-clang, r-devel-linux-x86_64-fedora-gcc

Version: 3.0.1
Check: re-building of vignette outputs
Result: WARN
    Error(s) in re-building vignettes:
     ...
    --- re-building ‘introduction.Rmd’ using rmarkdown
    Warning in engine$weave(file, quiet = quiet, encoding = enc) :
     Pandoc (>= 1.12.3) and/or pandoc-citeproc not available. Falling back to R Markdown v1.
    Quitting from lines 40-42 (introduction.Rmd)
    Error: processing vignette 'introduction.Rmd' failed with diagnostics:
    object 'warningc' not found
    --- failed re-building ‘introduction.Rmd’
    
    SUMMARY: processing the following file failed:
     ‘introduction.Rmd’
    
    Error: Vignette re-building failed.
    Execution halted
Flavor: r-patched-solaris-x86

Version: 3.0.1
Check: examples
Result: ERROR
    Running examples in ‘RSDA-Ex.R’ failed
    The error most likely occurred in:
    
    > base::assign(".ptime", proc.time(), pos = "CheckExEnv")
    > ### Name: VeterinaryData
    > ### Title: Symbolic interval data example
    > ### Aliases: VeterinaryData
    > ### Keywords: datasets
    >
    > ### ** Examples
    >
    > data(VeterinaryData)
    > VeterinaryData
    Error in get(x, envir = ns, inherits = FALSE) :
     object 'warningc' not found
    Calls: <Anonymous> ... head.data.frame -> [ -> [.symbolic_tbl -> getFromNamespace -> get
    Execution halted
Flavor: r-release-linux-x86_64