CRAN Package Check Results for Package RSEIS

Last updated on 2020-04-01 07:51:19 CEST.

Flavor Version Tinstall Tcheck Ttotal Status Flags
r-devel-linux-x86_64-debian-clang 3.9-0 32.02 146.15 178.17 OK
r-devel-linux-x86_64-debian-gcc 3.9-0 24.23 110.28 134.51 OK
r-devel-linux-x86_64-fedora-clang 3.9-0 210.05 OK
r-devel-linux-x86_64-fedora-gcc 3.9-0 205.36 OK
r-devel-windows-ix86+x86_64 3.9-0 48.00 278.00 326.00 OK
r-devel-windows-ix86+x86_64-gcc8 3.9-0 41.00 201.00 242.00 OK
r-patched-linux-x86_64 3.9-0 25.99 141.19 167.18 OK
r-patched-solaris-x86 3.9-0 269.80 WARN
r-release-linux-x86_64 3.9-0 23.27 132.86 156.13 OK
r-release-windows-ix86+x86_64 3.9-0 91.00 265.00 356.00 OK
r-release-osx-x86_64 3.9-0 WARN
r-oldrel-windows-ix86+x86_64 3.9-0 60.00 170.00 230.00 OK
r-oldrel-osx-x86_64 3.9-0 WARN

Check Details

Version: 3.9-0
Check: for executable files
Result: WARN
    Found the following executable file:
     data/GH.RData
    Source packages should not contain undeclared executable files.
    See section ‘Package structure’ in the ‘Writing R Extensions’ manual.
Flavors: r-patched-solaris-x86, r-release-osx-x86_64, r-oldrel-osx-x86_64