CRAN Package Check Results for Package RSKC

Last updated on 2020-04-02 04:48:00 CEST.

Flavor Version Tinstall Tcheck Ttotal Status Flags
r-devel-linux-x86_64-debian-clang 2.4.2 6.78 37.62 44.40 OK
r-devel-linux-x86_64-debian-gcc 2.4.2 5.09 30.10 35.19 OK
r-devel-linux-x86_64-fedora-clang 2.4.2 53.10 NOTE
r-devel-linux-x86_64-fedora-gcc 2.4.2 52.04 NOTE
r-devel-windows-ix86+x86_64 2.4.2 18.00 61.00 79.00 OK
r-devel-windows-ix86+x86_64-gcc8 2.4.2 12.00 63.00 75.00 OK
r-patched-linux-x86_64 2.4.2 6.14 36.76 42.90 OK
r-patched-solaris-x86 2.4.2 95.90 OK
r-release-linux-x86_64 2.4.2 4.55 34.39 38.94 OK
r-release-windows-ix86+x86_64 2.4.2 21.00 61.00 82.00 OK
r-release-osx-x86_64 2.4.2 OK
r-oldrel-windows-ix86+x86_64 2.4.2 13.00 77.00 90.00 OK
r-oldrel-osx-x86_64 2.4.2 OK

Check Details

Version: 2.4.2
Check: compiled code
Result: NOTE
    File ‘RSKC/libs/RSKC.so’:
     Found no calls to: ‘R_registerRoutines’, ‘R_useDynamicSymbols’
    
    It is good practice to register native routines and to disable symbol
    search.
    
    See ‘Writing portable packages’ in the ‘Writing R Extensions’ manual.
Flavors: r-devel-linux-x86_64-fedora-clang, r-devel-linux-x86_64-fedora-gcc