CRAN Package Check Results for Package RSQLite

Last updated on 2018-12-16 06:47:58 CET.

Flavor Version Tinstall Tcheck Ttotal Status Flags
r-devel-linux-x86_64-debian-clang 2.1.1 214.45 49.84 264.29 OK
r-devel-linux-x86_64-debian-gcc 2.1.1 151.31 38.86 190.17 OK
r-devel-linux-x86_64-fedora-clang 2.1.1 391.62 NOTE
r-devel-linux-x86_64-fedora-gcc 2.1.1 310.41 NOTE
r-devel-windows-ix86+x86_64 2.1.1 441.00 128.00 569.00 OK
r-patched-linux-x86_64 2.1.1 183.34 48.67 232.01 OK
r-patched-solaris-x86 2.1.1 264.80 NOTE
r-release-linux-x86_64 2.1.1 189.31 48.41 237.72 OK
r-release-windows-ix86+x86_64 2.1.1 335.00 115.00 450.00 OK
r-release-osx-x86_64 2.1.1 NOTE
r-oldrel-windows-ix86+x86_64 2.1.1 480.00 124.00 604.00 OK
r-oldrel-osx-x86_64 2.1.1 NOTE

Check Details

Version: 2.1.1
Check: installed package size
Result: NOTE
     installed size is 12.6Mb
     sub-directories of 1Mb or more:
     libs 12.0Mb
Flavors: r-devel-linux-x86_64-fedora-clang, r-release-osx-x86_64, r-oldrel-osx-x86_64

Version: 2.1.1
Check: dependencies in R code
Result: NOTE
    Namespace in Imports field not imported from: ‘pkgconfig’
     All declared Imports should be used.
Flavors: r-devel-linux-x86_64-fedora-clang, r-devel-linux-x86_64-fedora-gcc, r-patched-solaris-x86, r-release-osx-x86_64, r-oldrel-osx-x86_64