CRAN Package Check Results for Package RSQLite

Last updated on 2023-09-28 16:54:30 CEST.

Flavor Version Tinstall Tcheck Ttotal Status Flags
r-devel-linux-x86_64-debian-clang 2.3.1 176.39 83.04 259.43 OK
r-devel-linux-x86_64-debian-gcc 2.3.1 161.21 63.09 224.30 OK
r-devel-linux-x86_64-fedora-clang 2.3.1 330.03 OK
r-devel-linux-x86_64-fedora-gcc 2.3.1 325.59 OK
r-devel-windows-x86_64 2.3.1 171.00 114.00 285.00 OK
r-patched-linux-x86_64 2.3.1 186.74 80.33 267.07 OK
r-release-linux-x86_64 2.3.1 177.42 81.02 258.44 OK
r-release-macos-arm64 2.3.1 110.00 NOTE
r-release-macos-x86_64 2.3.1 178.00 NOTE
r-release-windows-x86_64 2.3.1 212.00 138.00 350.00 OK
r-oldrel-macos-arm64 2.3.1 107.00 NOTE
r-oldrel-macos-x86_64 2.3.1 134.00 NOTE
r-oldrel-windows-x86_64 2.3.1 197.00 122.00 319.00 OK

Check Details

Version: 2.3.1
Check: installed package size
Result: NOTE
     installed size is 12.1Mb
     sub-directories of 1Mb or more:
     libs 11.4Mb
Flavors: r-release-macos-arm64, r-release-macos-x86_64, r-oldrel-macos-arm64, r-oldrel-macos-x86_64