CRAN Package Check Results for Package RSQLite

Last updated on 2018-01-17 13:49:51 CET.

Flavor Version Tinstall Tcheck Ttotal Status Flags
r-devel-linux-x86_64-debian-clang 2.0 155.62 75.45 231.07 OK
r-devel-linux-x86_64-debian-gcc 2.0 112.81 59.33 172.14 OK
r-devel-linux-x86_64-fedora-clang 2.0 309.68 NOTE
r-devel-linux-x86_64-fedora-gcc 2.0 261.78 NOTE
r-devel-windows-ix86+x86_64 2.0 336.00 135.00 471.00 OK
r-patched-linux-x86_64 2.0 136.06 72.61 208.67 OK
r-patched-solaris-x86 2.0 269.40 NOTE
r-release-linux-x86_64 2.0 138.76 71.37 210.13 OK
r-release-windows-ix86+x86_64 2.0 248.00 140.00 388.00 OK
r-release-osx-x86_64 2.0 NOTE
r-oldrel-windows-ix86+x86_64 2.0 334.00 117.00 451.00 OK
r-oldrel-osx-x86_64 2.0 NOTE

Additional issues

rchk

Check Details

Version: 2.0
Check: installed package size
Result: NOTE
     installed size is 10.5Mb
     sub-directories of 1Mb or more:
     libs 10.0Mb
Flavors: r-devel-linux-x86_64-fedora-clang, r-devel-linux-x86_64-fedora-gcc, r-release-osx-x86_64, r-oldrel-osx-x86_64

Version: 2.0
Check: dependencies in R code
Result: NOTE
    Namespace in Imports field not imported from: ‘pkgconfig’
     All declared Imports should be used.
Flavors: r-devel-linux-x86_64-fedora-clang, r-devel-linux-x86_64-fedora-gcc, r-patched-solaris-x86, r-release-osx-x86_64, r-oldrel-osx-x86_64