CRAN Package Check Results for Package RSQLite

Last updated on 2021-05-07 21:54:11 CEST.

Flavor Version Tinstall Tcheck Ttotal Status Flags
r-devel-linux-x86_64-debian-clang 2.2.7 265.95 69.46 335.41 OK
r-devel-linux-x86_64-debian-gcc 2.2.7 175.56 53.09 228.65 OK
r-devel-linux-x86_64-fedora-clang 2.2.7 495.33 NOTE
r-devel-linux-x86_64-fedora-gcc 2.2.7 417.85 OK
r-devel-windows-ix86+x86_64 2.2.7 480.00 144.00 624.00 NOTE
r-devel-windows-x86_64-gcc10-UCRT 2.2.7 OK
r-patched-linux-x86_64 2.2.7 209.93 67.35 277.28 OK
r-patched-solaris-x86 2.2.7 358.40 OK
r-release-linux-x86_64 2.2.7 206.36 66.79 273.15 OK
r-release-macos-x86_64 2.2.7 NOTE
r-release-windows-ix86+x86_64 2.2.7 469.00 115.00 584.00 NOTE
r-oldrel-macos-x86_64 2.2.7 NOTE
r-oldrel-windows-ix86+x86_64 2.2.7 530.00 141.00 671.00 NOTE

Check Details

Version: 2.2.7
Check: installed package size
Result: NOTE
     installed size is 13.1Mb
     sub-directories of 1Mb or more:
     libs 12.4Mb
Flavors: r-devel-linux-x86_64-fedora-clang, r-devel-windows-ix86+x86_64, r-release-macos-x86_64, r-release-windows-ix86+x86_64, r-oldrel-macos-x86_64, r-oldrel-windows-ix86+x86_64