CRAN Package Check Results for Package RSQLite

Last updated on 2022-12-07 07:54:41 CET.

Flavor Version Tinstall Tcheck Ttotal Status Flags
r-devel-linux-x86_64-debian-clang 2.2.19 271.20 84.81 356.01 ERROR
r-devel-linux-x86_64-debian-gcc 2.2.19 206.28 63.86 270.14 OK
r-devel-linux-x86_64-fedora-clang 2.2.19 518.13 OK
r-devel-linux-x86_64-fedora-gcc 2.2.19 493.32 OK
r-devel-windows-x86_64 2.2.19 964.00 170.00 1134.00 OK
r-patched-linux-x86_64 2.2.19 228.17 77.24 305.41 OK
r-release-linux-x86_64 2.2.19 222.71 80.78 303.49 OK
r-release-macos-arm64 2.2.19 119.00 NOTE
r-release-macos-x86_64 2.2.19 162.00 NOTE
r-release-windows-x86_64 2.2.19 850.00 176.00 1026.00 OK
r-oldrel-macos-arm64 2.2.19 122.00 NOTE
r-oldrel-macos-x86_64 2.2.19 157.00 NOTE
r-oldrel-windows-ix86+x86_64 2.2.19 648.00 169.00 817.00 ERROR

Check Details

Version: 2.2.19
Check: tests
Result: ERROR
     Running 'testthat.R' [21s/24s]
    Running the tests in 'tests/testthat.R' failed.
    Complete output:
     > # This file is part of the standard setup for testthat.
     > # It is recommended that you do not modify it.
     > #
     > # Where should you do additional test configuration?
     > # Learn more about the roles of various files in:
     > # * https://r-pkgs.org/tests.html
     > # * https://testthat.r-lib.org/reference/test_package.html#special-files
     >
     > library(testthat)
     > library(RSQLite)
     >
     > test_check("RSQLite")
     [ FAIL 2 | WARN 0 | SKIP 7 | PASS 595 ]
    
     == Skipped tests ===============================================================
     * NYI (1)
     * On CRAN (3)
     * On Linux (2)
     * astyle not found (1)
    
     == Failed tests ================================================================
     -- Failure ('test-encoding.R:23'): write tables whose colnames and contents are UTF-8 encoded (#277) --
     `res` (`actual`) not identical to `df` (`expected`).
    
     `names(actual)`: "X.U.4E2D..U.6587."
     `names(expected)`: "<U+4E2D><U+6587>"
    
     `actual$X.U.4E2D..U.6587.` is an integer vector (1, 2, 3)
     `expected$X.U.4E2D..U.6587.` is absent
    
     `actual$<U+4E2D><U+6587>` is absent
     `expected$<U+4E2D><U+6587>` is an integer vector (1, 2, 3)
     -- Failure ('test-encoding.R:33'): write tables whose colnames and contents are UTF-8 encoded (#277) --
     `res` (`actual`) not identical to `df` (`expected`).
    
     `names(actual)`: "X.U.4E2D..U.6587.1" "X.U.4E2D..U.6587.2"
     `names(expected)`: "<U+4E2D><U+6587>1" "<U+4E2D><U+6587>2"
    
     `actual$X.U.4E2D..U.6587.1` is an integer vector (1, 2, 3)
     `expected$X.U.4E2D..U.6587.1` is absent
    
     `actual$X.U.4E2D..U.6587.2` is a character vector ('<U+4E2D><U+6587>', '<U+4E2D><U+6587>', '<U+4E2D><U+6587>')
     `expected$X.U.4E2D..U.6587.2` is absent
    
     `actual$<U+4E2D><U+6587>1` is absent
     `expected$<U+4E2D><U+6587>1` is an integer vector (1, 2, 3)
    
     `actual$<U+4E2D><U+6587>2` is absent
     `expected$<U+4E2D><U+6587>2` is a character vector ('<U+4E2D><U+6587>', '<U+4E2D><U+6587>', '<U+4E2D><U+6587>')
    
     [ FAIL 2 | WARN 0 | SKIP 7 | PASS 595 ]
     Error: Test failures
     In addition: Warning message:
     call dbDisconnect() when finished working with a connection
     Execution halted
Flavor: r-devel-linux-x86_64-debian-clang

Version: 2.2.19
Check: installed package size
Result: NOTE
     installed size is 12.6Mb
     sub-directories of 1Mb or more:
     libs 11.9Mb
Flavors: r-release-macos-arm64, r-release-macos-x86_64, r-oldrel-macos-arm64, r-oldrel-macos-x86_64, r-oldrel-windows-ix86+x86_64

Version: 2.2.19
Check: running tests for arch ‘i386’
Result: ERROR
     Running 'testthat.R' [21s]
    Running the tests in 'tests/testthat.R' failed.
    Complete output:
     > # This file is part of the standard setup for testthat.
     > # It is recommended that you do not modify it.
     > #
     > # Where should you do additional test configuration?
     > # Learn more about the roles of various files in:
     > # * https://r-pkgs.org/tests.html
     > # * https://testthat.r-lib.org/reference/test_package.html#special-files
     >
     > library(testthat)
     > library(RSQLite)
     >
     > test_check("RSQLite")
     [ FAIL 2 | WARN 0 | SKIP 8 | PASS 594 ]
    
     == Skipped tests ===============================================================
     * NYI (1)
     * On CRAN (3)
     * On Windows (2)
     * astyle not found (1)
     * empty test (1)
    
     == Failed tests ================================================================
     -- Failure ('test-encoding.R:23'): write tables whose colnames and contents are UTF-8 encoded (#277) --
     `res` (`actual`) not identical to `df` (`expected`).
    
     `names(actual)`: "X.U.4E2D..U.6587."
     `names(expected)`: "¤¤¤å"
    
     `actual$X.U.4E2D..U.6587.` is an integer vector (1, 2, 3)
     `expected$X.U.4E2D..U.6587.` is absent
    
     `actual$¤¤¤å` is absent
     `expected$¤¤¤å` is an integer vector (1, 2, 3)
     -- Failure ('test-encoding.R:33'): write tables whose colnames and contents are UTF-8 encoded (#277) --
     `res` (`actual`) not identical to `df` (`expected`).
    
     `names(actual)`: "X.U.4E2D..U.6587.1" "X.U.4E2D..U.6587.2"
     `names(expected)`: "¤¤¤å1" "¤¤¤å2"
    
     `actual$X.U.4E2D..U.6587.1` is an integer vector (1, 2, 3)
     `expected$X.U.4E2D..U.6587.1` is absent
    
     `actual$X.U.4E2D..U.6587.2` is a character vector ('¤¤¤å', '¤¤¤å', '¤¤¤å')
     `expected$X.U.4E2D..U.6587.2` is absent
    
     `actual$¤¤¤å1` is absent
     `expected$¤¤¤å1` is an integer vector (1, 2, 3)
    
     `actual$¤¤¤å2` is absent
     `expected$¤¤¤å2` is a character vector ('¤¤¤å', '¤¤¤å', '¤¤¤å')
    
     [ FAIL 2 | WARN 0 | SKIP 8 | PASS 594 ]
     Error: Test failures
     In addition: Warning message:
     call dbDisconnect() when finished working with a connection
     Execution halted
Flavor: r-oldrel-windows-ix86+x86_64

Version: 2.2.19
Check: running tests for arch ‘x64’
Result: ERROR
     Running 'testthat.R' [23s]
    Running the tests in 'tests/testthat.R' failed.
    Complete output:
     > # This file is part of the standard setup for testthat.
     > # It is recommended that you do not modify it.
     > #
     > # Where should you do additional test configuration?
     > # Learn more about the roles of various files in:
     > # * https://r-pkgs.org/tests.html
     > # * https://testthat.r-lib.org/reference/test_package.html#special-files
     >
     > library(testthat)
     > library(RSQLite)
     >
     > test_check("RSQLite")
     [ FAIL 2 | WARN 0 | SKIP 8 | PASS 594 ]
    
     == Skipped tests ===============================================================
     * NYI (1)
     * On CRAN (3)
     * On Windows (2)
     * astyle not found (1)
     * empty test (1)
    
     == Failed tests ================================================================
     -- Failure ('test-encoding.R:23'): write tables whose colnames and contents are UTF-8 encoded (#277) --
     `res` (`actual`) not identical to `df` (`expected`).
    
     `names(actual)`: "X.U.4E2D..U.6587."
     `names(expected)`: "¤¤¤å"
    
     `actual$X.U.4E2D..U.6587.` is an integer vector (1, 2, 3)
     `expected$X.U.4E2D..U.6587.` is absent
    
     `actual$¤¤¤å` is absent
     `expected$¤¤¤å` is an integer vector (1, 2, 3)
     -- Failure ('test-encoding.R:33'): write tables whose colnames and contents are UTF-8 encoded (#277) --
     `res` (`actual`) not identical to `df` (`expected`).
    
     `names(actual)`: "X.U.4E2D..U.6587.1" "X.U.4E2D..U.6587.2"
     `names(expected)`: "¤¤¤å1" "¤¤¤å2"
    
     `actual$X.U.4E2D..U.6587.1` is an integer vector (1, 2, 3)
     `expected$X.U.4E2D..U.6587.1` is absent
    
     `actual$X.U.4E2D..U.6587.2` is a character vector ('¤¤¤å', '¤¤¤å', '¤¤¤å')
     `expected$X.U.4E2D..U.6587.2` is absent
    
     `actual$¤¤¤å1` is absent
     `expected$¤¤¤å1` is an integer vector (1, 2, 3)
    
     `actual$¤¤¤å2` is absent
     `expected$¤¤¤å2` is a character vector ('¤¤¤å', '¤¤¤å', '¤¤¤å')
    
     [ FAIL 2 | WARN 0 | SKIP 8 | PASS 594 ]
     Error: Test failures
     In addition: Warning message:
     call dbDisconnect() when finished working with a connection
     Execution halted
Flavor: r-oldrel-windows-ix86+x86_64