CRAN Package Check Results for Package RSQLite

Last updated on 2018-06-23 07:47:54 CEST.

Flavor Version Tinstall Tcheck Ttotal Status Flags
r-devel-linux-x86_64-debian-clang 2.1.1 208.68 53.18 261.86 OK
r-devel-linux-x86_64-debian-gcc 2.1.1 150.58 42.74 193.32 OK
r-devel-linux-x86_64-fedora-clang 2.1.1 350.78 NOTE
r-devel-linux-x86_64-fedora-gcc 2.1.1 267.02 NOTE
r-devel-windows-ix86+x86_64 2.1.1 448.00 99.00 547.00 OK
r-patched-linux-x86_64 2.1.1 191.76 47.37 239.13 OK
r-patched-solaris-x86 2.1.1 266.90 NOTE
r-release-linux-x86_64 2.1.1 189.73 47.90 237.63 OK
r-release-windows-ix86+x86_64 2.1.1 322.00 96.00 418.00 OK
r-release-osx-x86_64 2.1.1 NOTE
r-oldrel-windows-ix86+x86_64 2.1.1 448.00 90.00 538.00 OK
r-oldrel-osx-x86_64 2.1.1 NOTE

Check Details

Version: 2.1.1
Check: installed package size
Result: NOTE
     installed size is 11.9Mb
     sub-directories of 1Mb or more:
     libs 11.2Mb
Flavors: r-devel-linux-x86_64-fedora-clang, r-release-osx-x86_64, r-oldrel-osx-x86_64

Version: 2.1.1
Check: dependencies in R code
Result: NOTE
    Namespace in Imports field not imported from: ‘pkgconfig’
     All declared Imports should be used.
Flavors: r-devel-linux-x86_64-fedora-clang, r-devel-linux-x86_64-fedora-gcc, r-patched-solaris-x86, r-release-osx-x86_64, r-oldrel-osx-x86_64