CRAN Package Check Results for Package RSQLite

Last updated on 2021-12-08 01:51:55 CET.

Flavor Version Tinstall Tcheck Ttotal Status Flags
r-devel-linux-x86_64-debian-clang 2.2.8 236.19 77.09 313.28 OK
r-devel-linux-x86_64-debian-gcc 2.2.9 172.80 60.46 233.26 OK
r-devel-linux-x86_64-fedora-clang 2.2.9 523.79 NOTE
r-devel-linux-x86_64-fedora-gcc 2.2.9 444.06 OK
r-devel-windows-x86_64-new-UL 2.2.9 223.00 209.00 432.00 OK
r-devel-windows-x86_64-new-TK 2.2.8 OK
r-devel-windows-x86_64-old 2.2.8 310.00 118.00 428.00 OK
r-patched-linux-x86_64 2.2.9 211.22 75.10 286.32 OK
r-release-linux-x86_64 2.2.8 209.11 74.97 284.08 OK
r-release-macos-arm64 2.2.9 NOTE
r-release-macos-x86_64 2.2.8 NOTE
r-release-windows-ix86+x86_64 2.2.9 616.00 153.00 769.00 NOTE
r-oldrel-macos-x86_64 2.2.8 NOTE
r-oldrel-windows-ix86+x86_64 2.2.9 607.00 160.00 767.00 NOTE

Check Details

Version: 2.2.9
Check: installed package size
Result: NOTE
     installed size is 12.2Mb
     sub-directories of 1Mb or more:
     libs 11.5Mb
Flavors: r-devel-linux-x86_64-fedora-clang, r-release-macos-arm64, r-release-windows-ix86+x86_64, r-oldrel-windows-ix86+x86_64

Version: 2.2.8
Check: installed package size
Result: NOTE
     installed size is 12.3Mb
     sub-directories of 1Mb or more:
     libs 11.7Mb
Flavors: r-release-macos-x86_64, r-oldrel-macos-x86_64