Last updated on 2021-04-22 04:48:39 CEST.
Flavor | Version | Tinstall | Tcheck | Ttotal | Status | Flags |
---|---|---|---|---|---|---|
r-devel-linux-x86_64-debian-clang | 1.0 | 4.85 | 36.16 | 41.01 | NOTE | |
r-devel-linux-x86_64-debian-gcc | 1.0 | 4.92 | 27.87 | 32.79 | NOTE | |
r-devel-linux-x86_64-fedora-clang | 1.0 | 59.38 | NOTE | |||
r-devel-linux-x86_64-fedora-gcc | 1.0 | 52.64 | NOTE | |||
r-devel-windows-ix86+x86_64 | 1.0 | 10.00 | 52.00 | 62.00 | NOTE | |
r-devel-windows-x86_64-gcc10-UCRT | 1.0 | NOTE | ||||
r-patched-linux-x86_64 | 1.0 | 5.38 | 33.39 | 38.77 | OK | |
r-patched-solaris-x86 | 1.0 | 64.80 | OK | |||
r-release-linux-x86_64 | 1.0 | 5.93 | 33.90 | 39.83 | OK | |
r-release-macos-x86_64 | 1.0 | OK | ||||
r-release-windows-ix86+x86_64 | 1.0 | 9.00 | 47.00 | 56.00 | OK | |
r-oldrel-macos-x86_64 | 1.0 | OK | ||||
r-oldrel-windows-ix86+x86_64 | 1.0 | 8.00 | 56.00 | 64.00 | OK |
Version: 1.0
Check: LazyData
Result: NOTE
'LazyData' is specified without a 'data' directory
Flavors: r-devel-linux-x86_64-debian-clang, r-devel-linux-x86_64-debian-gcc, r-devel-linux-x86_64-fedora-clang, r-devel-linux-x86_64-fedora-gcc, r-devel-windows-ix86+x86_64, r-devel-windows-x86_64-gcc10-UCRT