CRAN Package Check Results for Package RSelenium

Last updated on 2019-11-20 03:48:39 CET.

Flavor Version Tinstall Tcheck Ttotal Status Flags
r-devel-linux-x86_64-debian-clang 1.7.5 5.31 51.40 56.71 NOTE
r-devel-linux-x86_64-debian-gcc 1.7.5 4.55 42.75 47.30 NOTE
r-devel-linux-x86_64-fedora-clang 1.7.5 68.24 NOTE
r-devel-linux-x86_64-fedora-gcc 1.7.5 68.29 NOTE
r-devel-windows-ix86+x86_64 1.7.5 16.00 94.00 110.00 NOTE
r-devel-windows-ix86+x86_64-gcc8 1.7.5 12.00 76.00 88.00 NOTE
r-patched-linux-x86_64 1.7.5 4.00 49.35 53.35 NOTE
r-patched-solaris-x86 1.7.5 86.50 NOTE
r-release-linux-x86_64 1.7.5 4.60 49.53 54.13 NOTE
r-release-windows-ix86+x86_64 1.7.5 15.00 104.00 119.00 NOTE
r-release-osx-x86_64 1.7.5 NOTE
r-oldrel-windows-ix86+x86_64 1.7.5 7.00 57.00 64.00 NOTE
r-oldrel-osx-x86_64 1.7.5 NOTE

Check Details

Version: 1.7.5
Check: package dependencies
Result: NOTE
    Package suggested but not available for checking: 'Rcompression'
Flavors: r-devel-linux-x86_64-debian-clang, r-devel-linux-x86_64-debian-gcc, r-devel-linux-x86_64-fedora-clang, r-devel-linux-x86_64-fedora-gcc, r-devel-windows-ix86+x86_64, r-devel-windows-ix86+x86_64-gcc8, r-patched-linux-x86_64, r-patched-solaris-x86, r-release-linux-x86_64, r-release-windows-ix86+x86_64, r-release-osx-x86_64, r-oldrel-windows-ix86+x86_64, r-oldrel-osx-x86_64

Version: 1.7.5
Check: dependencies in R code
Result: NOTE
    Namespaces in Imports field not imported from:
     ‘binman’ ‘httr’
     All declared Imports should be used.
Flavors: r-devel-linux-x86_64-fedora-clang, r-devel-linux-x86_64-fedora-gcc, r-patched-solaris-x86, r-release-osx-x86_64, r-oldrel-osx-x86_64