CRAN Package Check Results for Package RSelenium

Last updated on 2018-12-13 00:47:27 CET.

Flavor Version Tinstall Tcheck Ttotal Status Flags
r-devel-linux-x86_64-debian-clang 1.7.4 3.31 45.31 48.62 OK
r-devel-linux-x86_64-debian-gcc 1.7.4 2.77 36.44 39.21 OK
r-devel-linux-x86_64-fedora-clang 1.7.4 51.05 NOTE
r-devel-linux-x86_64-fedora-gcc 1.7.4 57.12 NOTE
r-devel-windows-ix86+x86_64 1.7.4 8.00 62.00 70.00 NOTE
r-patched-linux-x86_64 1.7.4 4.82 44.00 48.82 OK
r-patched-solaris-x86 1.7.4 77.80 NOTE
r-release-linux-x86_64 1.7.4 4.52 44.10 48.62 OK
r-release-windows-ix86+x86_64 1.7.4 11.00 62.00 73.00 NOTE
r-release-osx-x86_64 1.7.4 NOTE
r-oldrel-windows-ix86+x86_64 1.7.4 6.00 63.00 69.00 NOTE
r-oldrel-osx-x86_64 1.7.4 NOTE

Check Details

Version: 1.7.4
Check: package dependencies
Result: NOTE
    Package suggested but not available for checking: ‘Rcompression’
Flavors: r-devel-linux-x86_64-fedora-clang, r-devel-linux-x86_64-fedora-gcc, r-devel-windows-ix86+x86_64, r-patched-solaris-x86, r-release-windows-ix86+x86_64, r-release-osx-x86_64, r-oldrel-windows-ix86+x86_64, r-oldrel-osx-x86_64

Version: 1.7.4
Check: dependencies in R code
Result: NOTE
    Namespaces in Imports field not imported from:
     ‘binman’ ‘httr’
     All declared Imports should be used.
Flavors: r-devel-linux-x86_64-fedora-clang, r-devel-linux-x86_64-fedora-gcc, r-patched-solaris-x86, r-release-osx-x86_64, r-oldrel-osx-x86_64

Version: 1.7.4
Check: installed package size
Result: NOTE
     installed size is 5.1Mb
     sub-directories of 1Mb or more:
     doc 4.5Mb
Flavor: r-patched-solaris-x86