CRAN Package Check Results for Package RSelenium

Last updated on 2019-05-27 09:50:33 CEST.

Flavor Version Tinstall Tcheck Ttotal Status Flags
r-devel-linux-x86_64-debian-clang 1.7.5 4.36 50.76 55.12 NOTE
r-devel-linux-x86_64-debian-gcc 1.7.5 3.76 40.61 44.37 NOTE
r-devel-linux-x86_64-fedora-clang 1.7.5 65.91 NOTE
r-devel-linux-x86_64-fedora-gcc 1.7.5 63.98 NOTE
r-devel-windows-ix86+x86_64 1.7.5 9.00 63.00 72.00 NOTE
r-patched-linux-x86_64 1.7.5 NOTE
r-patched-solaris-x86 1.7.5 86.00 NOTE
r-release-linux-x86_64 1.7.5 4.50 50.34 54.84 NOTE
r-release-windows-ix86+x86_64 1.7.5 18.00 91.00 109.00 NOTE
r-release-osx-x86_64 1.7.5 NOTE
r-oldrel-windows-ix86+x86_64 1.7.5 13.00 62.00 75.00 NOTE
r-oldrel-osx-x86_64 1.7.5 NOTE

Check Details

Version: 1.7.5
Check: package dependencies
Result: NOTE
    Package suggested but not available for checking: 'Rcompression'
Flavors: r-devel-linux-x86_64-debian-clang, r-devel-linux-x86_64-debian-gcc, r-devel-linux-x86_64-fedora-clang, r-devel-linux-x86_64-fedora-gcc, r-devel-windows-ix86+x86_64, r-patched-linux-x86_64, r-patched-solaris-x86, r-release-linux-x86_64, r-release-windows-ix86+x86_64, r-release-osx-x86_64, r-oldrel-windows-ix86+x86_64, r-oldrel-osx-x86_64

Version: 1.7.5
Check: dependencies in R code
Result: NOTE
    Namespaces in Imports field not imported from:
     ‘binman’ ‘httr’
     All declared Imports should be used.
Flavors: r-devel-linux-x86_64-fedora-clang, r-devel-linux-x86_64-fedora-gcc, r-patched-solaris-x86, r-release-osx-x86_64, r-oldrel-osx-x86_64