CRAN Package Check Results for Package RSelenium

Last updated on 2019-02-18 07:49:55 CET.

Flavor Version Tinstall Tcheck Ttotal Status Flags
r-devel-linux-x86_64-debian-clang 1.7.5 4.19 50.45 54.64 NOTE
r-devel-linux-x86_64-debian-gcc 1.7.5 3.34 40.26 43.60 NOTE
r-devel-linux-x86_64-fedora-clang 1.7.5 63.58 NOTE
r-devel-linux-x86_64-fedora-gcc 1.7.5 62.57 NOTE
r-devel-windows-ix86+x86_64 1.7.5 10.00 70.00 80.00 NOTE
r-patched-linux-x86_64 1.7.5 5.08 43.80 48.88 NOTE
r-patched-solaris-x86 1.7.5 74.40 NOTE
r-release-linux-x86_64 1.7.5 NOTE
r-release-windows-ix86+x86_64 1.7.5 7.00 60.00 67.00 NOTE
r-release-osx-x86_64 1.7.5 NOTE
r-oldrel-windows-ix86+x86_64 1.7.5 7.00 73.00 80.00 NOTE
r-oldrel-osx-x86_64 1.7.5 NOTE

Check Details

Version: 1.7.5
Check: package dependencies
Result: NOTE
    Package suggested but not available for checking: ‘Rcompression’
Flavors: r-devel-linux-x86_64-debian-clang, r-devel-linux-x86_64-debian-gcc, r-devel-linux-x86_64-fedora-clang, r-devel-linux-x86_64-fedora-gcc, r-devel-windows-ix86+x86_64, r-patched-linux-x86_64, r-patched-solaris-x86, r-release-linux-x86_64, r-release-windows-ix86+x86_64, r-release-osx-x86_64, r-oldrel-windows-ix86+x86_64, r-oldrel-osx-x86_64

Version: 1.7.5
Check: dependencies in R code
Result: NOTE
    Namespaces in Imports field not imported from:
     ‘binman’ ‘httr’
     All declared Imports should be used.
Flavors: r-devel-linux-x86_64-fedora-clang, r-devel-linux-x86_64-fedora-gcc, r-patched-solaris-x86, r-release-osx-x86_64, r-oldrel-osx-x86_64

Version: 1.7.5
Check: installed package size
Result: NOTE
     installed size is 5.1Mb
     sub-directories of 1Mb or more:
     doc 4.6Mb
Flavor: r-patched-solaris-x86