CRAN Package Check Results for Package RSelenium

Last updated on 2020-07-05 04:47:28 CEST.

Flavor Version Tinstall Tcheck Ttotal Status Flags
r-devel-linux-x86_64-debian-clang 1.7.7 5.90 52.73 58.63 NOTE
r-devel-linux-x86_64-debian-gcc 1.7.7 4.74 42.08 46.82 NOTE
r-devel-linux-x86_64-fedora-clang 1.7.7 81.81 NOTE
r-devel-linux-x86_64-fedora-gcc 1.7.7 70.75 NOTE
r-devel-windows-ix86+x86_64 1.7.7 24.00 101.00 125.00 NOTE
r-patched-linux-x86_64 1.7.7 5.61 52.91 58.52 NOTE
r-patched-solaris-x86 1.7.7 96.70 NOTE
r-release-linux-x86_64 1.7.7 5.71 52.53 58.24 NOTE
r-release-osx-x86_64 1.7.7 NOTE
r-release-windows-ix86+x86_64 1.7.7 14.00 74.00 88.00 NOTE
r-oldrel-osx-x86_64 1.7.7 NOTE
r-oldrel-windows-ix86+x86_64 1.7.7 18.00 93.00 111.00 NOTE

Check Details

Version: 1.7.7
Check: package dependencies
Result: NOTE
    Package suggested but not available for checking: 'Rcompression'
Flavors: r-devel-linux-x86_64-debian-clang, r-devel-linux-x86_64-debian-gcc, r-devel-linux-x86_64-fedora-clang, r-devel-linux-x86_64-fedora-gcc, r-devel-windows-ix86+x86_64, r-patched-linux-x86_64, r-patched-solaris-x86, r-release-linux-x86_64, r-release-osx-x86_64, r-release-windows-ix86+x86_64, r-oldrel-osx-x86_64, r-oldrel-windows-ix86+x86_64

Version: 1.7.7
Check: dependencies in R code
Result: NOTE
    Namespaces in Imports field not imported from:
     ‘binman’ ‘httr’
     All declared Imports should be used.
Flavors: r-devel-linux-x86_64-fedora-clang, r-devel-linux-x86_64-fedora-gcc, r-patched-solaris-x86, r-release-osx-x86_64, r-oldrel-osx-x86_64

Version: 1.7.7
Check: installed package size
Result: NOTE
     installed size is 5.1Mb
     sub-directories of 1Mb or more:
     doc 4.6Mb
Flavor: r-patched-solaris-x86