CRAN Package Check Results for Package RSiena

Last updated on 2019-09-20 09:51:32 CEST.

Flavor Version Tinstall Tcheck Ttotal Status Flags
r-devel-linux-x86_64-debian-clang 1.2-12 211.75 219.05 430.80 NOTE
r-devel-linux-x86_64-debian-gcc 1.2-12 167.58 166.25 333.83 NOTE
r-devel-linux-x86_64-fedora-clang 1.2-12 698.24 NOTE
r-devel-linux-x86_64-fedora-gcc 1.2-12 568.29 NOTE
r-devel-windows-ix86+x86_64 1.2-12 583.00 271.00 854.00 OK
r-patched-linux-x86_64 1.2-12 188.28 215.34 403.62 OK
r-patched-solaris-x86 1.2-12 958.00 NOTE
r-release-linux-x86_64 1.2-12 186.88 219.65 406.53 OK
r-release-windows-ix86+x86_64 1.2-12 449.00 276.00 725.00 OK
r-release-osx-x86_64 1.2-12 NOTE
r-oldrel-windows-ix86+x86_64 1.2-12 370.00 263.00 633.00 OK
r-oldrel-osx-x86_64 1.2-12 NOTE

Additional issues

LTO rchk

Check Details

Version: 1.2-12
Check: for non-standard things in the check directory
Result: NOTE
    Found the following files/directories:
     'Siena.out'
Flavors: r-devel-linux-x86_64-debian-clang, r-devel-linux-x86_64-debian-gcc, r-devel-linux-x86_64-fedora-clang, r-devel-linux-x86_64-fedora-gcc

Version: 1.2-12
Check: installed package size
Result: NOTE
     installed size is 14.0Mb
     sub-directories of 1Mb or more:
     libs 12.3Mb
Flavors: r-devel-linux-x86_64-fedora-clang, r-patched-solaris-x86, r-release-osx-x86_64, r-oldrel-osx-x86_64