CRAN Package Check Results for Package RSpectra

Last updated on 2020-06-04 02:02:56 CEST.

Flavor Version Tinstall Tcheck Ttotal Status Flags
r-devel-linux-x86_64-debian-clang 0.16-0 191.08 64.33 255.41 OK
r-devel-linux-x86_64-debian-gcc 0.16-0 172.91 55.27 228.18 OK
r-devel-linux-x86_64-fedora-clang 0.16-0 353.17 NOTE
r-devel-linux-x86_64-fedora-gcc 0.16-0 380.66 OK
r-devel-windows-ix86+x86_64 0.16-0 391.00 118.00 509.00 OK
r-patched-linux-x86_64 0.16-0 189.62 69.50 259.12 OK
r-patched-solaris-x86 0.16-0 317.80 OK
r-release-linux-x86_64 0.16-0 189.51 69.50 259.01 OK
r-release-osx-x86_64 0.16-0 NOTE
r-release-windows-ix86+x86_64 0.16-0 281.00 127.00 408.00 OK
r-oldrel-osx-x86_64 0.16-0 NOTE
r-oldrel-windows-ix86+x86_64 0.16-0 369.00 138.00 507.00 OK

Check Details

Version: 0.16-0
Check: installed package size
Result: NOTE
     installed size is 47.2Mb
     sub-directories of 1Mb or more:
     libs 46.5Mb
Flavors: r-devel-linux-x86_64-fedora-clang, r-release-osx-x86_64, r-oldrel-osx-x86_64