CRAN Package Check Results for Package RSpectra

Last updated on 2019-01-22 15:50:49 CET.

Flavor Version Tinstall Tcheck Ttotal Status Flags
r-devel-linux-x86_64-debian-clang 0.13-1 180.18 59.50 239.68 OK
r-devel-linux-x86_64-debian-gcc 0.13-1 179.45 50.18 229.63 OK
r-devel-linux-x86_64-fedora-clang 0.13-1 346.18 NOTE
r-devel-linux-x86_64-fedora-gcc 0.13-1 327.56 OK
r-devel-windows-ix86+x86_64 0.13-1 341.00 133.00 474.00 OK
r-patched-linux-x86_64 0.13-1 212.81 60.97 273.78 OK
r-patched-solaris-x86 0.13-1 297.90 OK
r-release-linux-x86_64 0.13-1 203.39 59.58 262.97 OK
r-release-windows-ix86+x86_64 0.13-1 342.00 125.00 467.00 OK
r-release-osx-x86_64 0.13-1 NOTE
r-oldrel-windows-ix86+x86_64 0.13-1 351.00 101.00 452.00 OK
r-oldrel-osx-x86_64 0.13-1 NOTE

Check Details

Version: 0.13-1
Check: installed package size
Result: NOTE
     installed size is 54.4Mb
     sub-directories of 1Mb or more:
     libs 53.8Mb
Flavors: r-devel-linux-x86_64-fedora-clang, r-release-osx-x86_64, r-oldrel-osx-x86_64