CRAN Package Check Results for Package RSpectra

Last updated on 2022-12-01 02:50:38 CET.

Flavor Version Tinstall Tcheck Ttotal Status Flags
r-devel-linux-x86_64-debian-clang 0.16-1 185.07 77.03 262.10 OK
r-devel-linux-x86_64-debian-gcc 0.16-1 169.31 65.17 234.48 OK
r-devel-linux-x86_64-fedora-clang 0.16-1 339.76 OK
r-devel-linux-x86_64-fedora-gcc 0.16-1 393.42 OK
r-devel-windows-x86_64 0.16-1 147.00 141.00 288.00 OK
r-patched-linux-x86_64 0.16-1 177.79 79.97 257.76 OK
r-release-linux-x86_64 0.16-1 181.78 80.79 262.57 OK
r-release-macos-arm64 0.16-1 90.00 NOTE
r-release-macos-x86_64 0.16-1 174.00 NOTE
r-release-windows-x86_64 0.16-1 143.00 138.00 281.00 OK
r-oldrel-macos-arm64 0.16-1 89.00 NOTE
r-oldrel-macos-x86_64 0.16-1 126.00 NOTE
r-oldrel-windows-ix86+x86_64 0.16-1 399.00 148.00 547.00 OK

Check Details

Version: 0.16-1
Check: installed package size
Result: NOTE
     installed size is 44.9Mb
     sub-directories of 1Mb or more:
     libs 44.3Mb
Flavors: r-release-macos-arm64, r-release-macos-x86_64, r-oldrel-macos-arm64, r-oldrel-macos-x86_64