CRAN Package Check Results for Package RSpectra

Last updated on 2024-07-12 23:52:23 CEST.

Flavor Version Tinstall Tcheck Ttotal Status Flags
r-devel-linux-x86_64-debian-clang 0.16-1 202.10 79.55 281.65 OK
r-devel-linux-x86_64-debian-gcc 0.16-1 184.28 68.73 253.01 OK
r-devel-linux-x86_64-fedora-clang 0.16-1 365.60 OK
r-devel-linux-x86_64-fedora-gcc 0.16-1 519.19 WARN
r-devel-windows-x86_64 0.16-1 155.00 104.00 259.00 OK
r-patched-linux-x86_64 0.16-1 209.71 86.31 296.02 OK
r-release-linux-x86_64 0.16-1 203.12 86.39 289.51 OK
r-release-macos-arm64 0.16-1 100.00 NOTE
r-release-macos-x86_64 0.16-1 107.00 NOTE
r-release-windows-x86_64 0.16-1 156.00 104.00 260.00 OK
r-oldrel-macos-arm64 0.16-1 115.00 NOTE
r-oldrel-macos-x86_64 0.16-1 176.00 NOTE
r-oldrel-windows-x86_64 0.16-1 194.00 126.00 320.00 OK

Additional issues

gcc12

Check Details

Version: 0.16-1
Check: whether package can be installed
Result: WARN Found the following significant warnings: ../inst/include/Spectra/MatOp/internal/ArnoldiOp.h:112:44: warning: template-id not allowed for constructor in C++20 [-Wtemplate-id-cdtor] See ‘/data/gannet/ripley/R/packages/tests-devel/RSpectra.Rcheck/00install.out’ for details. * used C compiler: ‘gcc-14 (GCC) 14.1.0’ * used C++ compiler: ‘g++-14 (GCC) 14.1.0’ Flavor: r-devel-linux-x86_64-fedora-gcc

Version: 0.16-1
Check: installed package size
Result: NOTE installed size is 46.5Mb sub-directories of 1Mb or more: libs 45.9Mb Flavors: r-release-macos-arm64, r-release-macos-x86_64, r-oldrel-macos-arm64, r-oldrel-macos-x86_64