CRAN Package Check Results for Package RSpectra

Last updated on 2019-06-25 19:49:57 CEST.

Flavor Version Tinstall Tcheck Ttotal Status Flags
r-devel-linux-x86_64-debian-clang 0.15-0 156.80 57.66 214.46 OK
r-devel-linux-x86_64-debian-gcc 0.15-0 163.29 50.46 213.75 OK
r-devel-linux-x86_64-fedora-clang 0.15-0 325.37 NOTE
r-devel-linux-x86_64-fedora-gcc 0.15-0 314.23 OK
r-devel-windows-ix86+x86_64 0.15-0 350.00 138.00 488.00 OK
r-patched-linux-x86_64 0.15-0 190.59 60.58 251.17 OK
r-patched-solaris-x86 0.15-0 286.80 OK
r-release-linux-x86_64 0.15-0 180.61 61.44 242.05 OK
r-release-windows-ix86+x86_64 0.15-0 276.00 132.00 408.00 OK
r-release-osx-x86_64 0.15-0 NOTE
r-oldrel-windows-ix86+x86_64 0.15-0 247.00 102.00 349.00 OK
r-oldrel-osx-x86_64 0.15-0 NOTE

Check Details

Version: 0.15-0
Check: installed package size
Result: NOTE
     installed size is 43.4Mb
     sub-directories of 1Mb or more:
     libs 42.7Mb
Flavors: r-devel-linux-x86_64-fedora-clang, r-release-osx-x86_64, r-oldrel-osx-x86_64