CRAN Package Check Results for Package RSpectra

Last updated on 2019-03-23 15:48:18 CET.

Flavor Version Tinstall Tcheck Ttotal Status Flags
r-devel-linux-x86_64-debian-clang 0.13-1 184.32 59.59 243.91 OK
r-devel-linux-x86_64-debian-gcc 0.13-1 174.66 51.42 226.08 OK
r-devel-linux-x86_64-fedora-clang 0.13-1 348.55 NOTE
r-devel-linux-x86_64-fedora-gcc 0.13-1 319.55 OK
r-devel-windows-ix86+x86_64 0.13-1 367.00 133.00 500.00 OK
r-patched-linux-x86_64 0.13-1 190.83 59.32 250.15 OK
r-patched-solaris-x86 0.13-1 288.80 OK
r-release-linux-x86_64 0.13-1 0.41 2.57 2.98 ERROR
r-release-windows-ix86+x86_64 0.13-1 286.00 106.00 392.00 OK
r-release-osx-x86_64 0.13-1 NOTE
r-oldrel-windows-ix86+x86_64 0.13-1 343.00 133.00 476.00 OK
r-oldrel-osx-x86_64 0.13-1 NOTE

Check Details

Version: 0.13-1
Check: installed package size
Result: NOTE
     installed size is 54.4Mb
     sub-directories of 1Mb or more:
     libs 53.8Mb
Flavors: r-devel-linux-x86_64-fedora-clang, r-release-osx-x86_64, r-oldrel-osx-x86_64

Version: 0.13-1
Check: whether package can be installed
Result: ERROR
    Installation failed.
Flavor: r-release-linux-x86_64