CRAN Package Check Results for Package RSpectra

Last updated on 2018-08-14 15:48:43 CEST.

Flavor Version Tinstall Tcheck Ttotal Status Flags
r-devel-linux-x86_64-debian-clang 0.13-1 167.43 68.05 235.48 OK
r-devel-linux-x86_64-debian-gcc 0.13-1 186.23 57.20 243.43 OK
r-devel-linux-x86_64-fedora-clang 0.13-1 297.81 NOTE
r-devel-linux-x86_64-fedora-gcc 0.13-1 343.31 OK
r-devel-windows-ix86+x86_64 0.13-1 347.00 148.00 495.00 OK
r-patched-linux-x86_64 0.13-1 210.16 59.13 269.29 OK
r-patched-solaris-x86 0.13-1 299.40 OK
r-release-linux-x86_64 0.13-1 211.69 59.87 271.56 OK
r-release-windows-ix86+x86_64 0.13-1 338.00 129.00 467.00 OK
r-release-osx-x86_64 0.13-1 NOTE
r-oldrel-windows-ix86+x86_64 0.13-1 350.00 99.00 449.00 OK
r-oldrel-osx-x86_64 0.13-1 NOTE

Check Details

Version: 0.13-1
Check: installed package size
Result: NOTE
     installed size is 52.5Mb
     sub-directories of 1Mb or more:
     libs 51.9Mb
Flavors: r-devel-linux-x86_64-fedora-clang, r-release-osx-x86_64, r-oldrel-osx-x86_64