CRAN Package Check Results for Package RSpectra

Last updated on 2018-06-18 01:46:52 CEST.

Flavor Version Tinstall Tcheck Ttotal Status Flags
r-devel-linux-x86_64-debian-clang 0.13-1 167.96 59.97 227.93 OK
r-devel-linux-x86_64-debian-gcc 0.13-1 150.31 55.94 206.25 OK
r-devel-linux-x86_64-fedora-clang 0.13-1 310.08 NOTE
r-devel-linux-x86_64-fedora-gcc 0.13-1 314.63 OK
r-devel-windows-ix86+x86_64 0.13-1 337.00 144.00 481.00 OK
r-patched-linux-x86_64 0.13-1 157.70 59.68 217.38 OK
r-patched-solaris-x86 0.13-1 293.60 OK
r-release-linux-x86_64 0.13-1 166.97 59.78 226.75 OK
r-release-windows-ix86+x86_64 0.13-1 347.00 123.00 470.00 OK
r-release-osx-x86_64 0.13-1 NOTE
r-oldrel-windows-ix86+x86_64 0.13-1 254.00 110.00 364.00 OK
r-oldrel-osx-x86_64 0.13-1 NOTE

Check Details

Version: 0.13-1
Check: installed package size
Result: NOTE
     installed size is 52.5Mb
     sub-directories of 1Mb or more:
     libs 51.9Mb
Flavors: r-devel-linux-x86_64-fedora-clang, r-release-osx-x86_64, r-oldrel-osx-x86_64