CRAN Package Check Results for Package RSpectra

Last updated on 2022-01-16 21:48:33 CET.

Flavor Version Tinstall Tcheck Ttotal Status Flags
r-devel-linux-x86_64-debian-clang 0.16-0 173.09 75.46 248.55 OK
r-devel-linux-x86_64-debian-gcc 0.16-0 154.63 71.62 226.25 OK
r-devel-linux-x86_64-fedora-clang 0.16-0 370.53 NOTE
r-devel-linux-x86_64-fedora-gcc 0.16-0 379.74 OK
r-devel-windows-x86_64-new-UL 0.16-0 207.00 132.00 339.00 OK
r-devel-windows-x86_64-new-TK 0.16-0 OK
r-patched-linux-x86_64 0.16-0 169.83 79.01 248.84 OK
r-release-linux-x86_64 0.16-0 OK
r-release-macos-arm64 0.16-0 NOTE
r-release-macos-x86_64 0.16-0 NOTE
r-release-windows-ix86+x86_64 0.16-0 391.00 141.00 532.00 OK
r-oldrel-macos-x86_64 0.16-0 NOTE
r-oldrel-windows-ix86+x86_64 0.16-0 392.00 137.00 529.00 OK

Check Details

Version: 0.16-0
Check: installed package size
Result: NOTE
     installed size is 41.3Mb
     sub-directories of 1Mb or more:
     libs 40.7Mb
Flavors: r-devel-linux-x86_64-fedora-clang, r-release-macos-arm64, r-release-macos-x86_64, r-oldrel-macos-x86_64