Last updated on 2023-03-23 19:50:26 CET.
Flavor | Version | Tinstall | Tcheck | Ttotal | Status | Flags |
---|---|---|---|---|---|---|
r-devel-linux-x86_64-debian-clang | 0.16-1 | 190.93 | 79.59 | 270.52 | OK | |
r-devel-linux-x86_64-debian-gcc | 0.16-1 | 172.87 | 67.56 | 240.43 | OK | |
r-devel-linux-x86_64-fedora-clang | 0.16-1 | 358.43 | OK | |||
r-devel-linux-x86_64-fedora-gcc | 0.16-1 | 425.06 | OK | |||
r-devel-windows-x86_64 | 0.16-1 | 181.00 | 140.00 | 321.00 | OK | |
r-patched-linux-x86_64 | 0.16-1 | 180.68 | 81.03 | 261.71 | OK | |
r-release-linux-x86_64 | 0.16-1 | 167.27 | 80.35 | 247.62 | OK | |
r-release-macos-arm64 | 0.16-1 | 90.00 | NOTE | |||
r-release-macos-x86_64 | 0.16-1 | 174.00 | NOTE | |||
r-release-windows-x86_64 | 0.16-1 | 137.00 | 140.00 | 277.00 | OK | |
r-oldrel-macos-arm64 | 0.16-1 | 89.00 | NOTE | |||
r-oldrel-macos-x86_64 | 0.16-1 | 126.00 | NOTE | |||
r-oldrel-windows-ix86+x86_64 | 0.16-1 | 396.00 | 149.00 | 545.00 | OK |
Version: 0.16-1
Check: installed package size
Result: NOTE
installed size is 44.9Mb
sub-directories of 1Mb or more:
libs 44.3Mb
Flavors: r-release-macos-arm64, r-release-macos-x86_64, r-oldrel-macos-arm64, r-oldrel-macos-x86_64