Last updated on 2022-06-30 01:49:18 CEST.
Flavor | Version | Tinstall | Tcheck | Ttotal | Status | Flags |
---|---|---|---|---|---|---|
r-devel-linux-x86_64-debian-clang | 0.16-1 | 178.46 | 74.69 | 253.15 | OK | |
r-devel-linux-x86_64-debian-gcc | 0.16-1 | 170.94 | 62.32 | 233.26 | OK | |
r-devel-linux-x86_64-fedora-clang | 0.16-1 | 379.98 | NOTE | |||
r-devel-linux-x86_64-fedora-gcc | 0.16-1 | 416.32 | OK | |||
r-devel-windows-x86_64 | 0.16-1 | 164.00 | 135.00 | 299.00 | OK | |
r-patched-linux-x86_64 | 0.16-1 | 187.48 | 79.72 | 267.20 | OK | |
r-release-linux-x86_64 | 0.16-1 | 169.55 | 78.18 | 247.73 | OK | |
r-release-macos-arm64 | 0.16-1 | 90.00 | NOTE | |||
r-release-macos-x86_64 | 0.16-1 | 174.00 | NOTE | |||
r-release-windows-x86_64 | 0.16-1 | 170.00 | 134.00 | 304.00 | OK | |
r-oldrel-macos-arm64 | 0.16-1 | 89.00 | NOTE | |||
r-oldrel-macos-x86_64 | 0.16-1 | 126.00 | NOTE | |||
r-oldrel-windows-ix86+x86_64 | 0.16-1 | 396.00 | 145.00 | 541.00 | OK |
Version: 0.16-1
Check: installed package size
Result: NOTE
installed size is 38.3Mb
sub-directories of 1Mb or more:
libs 37.7Mb
Flavors: r-devel-linux-x86_64-fedora-clang, r-release-macos-arm64, r-release-macos-x86_64, r-oldrel-macos-arm64, r-oldrel-macos-x86_64