Last updated on 2021-03-09 09:51:47 CET.
Flavor | Version | Tinstall | Tcheck | Ttotal | Status | Flags |
---|---|---|---|---|---|---|
r-devel-linux-x86_64-debian-clang | 0.16-0 | 194.34 | 69.07 | 263.41 | OK | |
r-devel-linux-x86_64-debian-gcc | 0.16-0 | 154.63 | 57.16 | 211.79 | OK | |
r-devel-linux-x86_64-fedora-clang | 0.16-0 | 368.83 | NOTE | |||
r-devel-linux-x86_64-fedora-gcc | 0.16-0 | 372.15 | OK | |||
r-devel-windows-ix86+x86_64 | 0.16-0 | 384.00 | 140.00 | 524.00 | OK | |
r-devel-windows-x86_64-gcc10-UCRT | 0.16-0 | OK | ||||
r-patched-linux-x86_64 | 0.16-0 | 180.12 | 69.29 | 249.41 | OK | |
r-patched-solaris-x86 | 0.16-0 | 321.30 | OK | |||
r-release-linux-x86_64 | 0.16-0 | 182.99 | 69.48 | 252.47 | OK | |
r-release-macos-x86_64 | 0.16-0 | NOTE | ||||
r-release-windows-ix86+x86_64 | 0.16-0 | 325.00 | 138.00 | 463.00 | OK | |
r-oldrel-macos-x86_64 | 0.16-0 | NOTE | ||||
r-oldrel-windows-ix86+x86_64 | 0.16-0 | 250.00 | 98.00 | 348.00 | OK |
Version: 0.16-0
Check: installed package size
Result: NOTE
installed size is 46.1Mb
sub-directories of 1Mb or more:
libs 45.4Mb
Flavors: r-devel-linux-x86_64-fedora-clang, r-release-macos-x86_64, r-oldrel-macos-x86_64