CRAN Package Check Results for Package RSpectra

Last updated on 2020-10-25 21:47:40 CET.

Flavor Version Tinstall Tcheck Ttotal Status Flags
r-devel-linux-x86_64-debian-clang 0.16-0 190.69 68.53 259.22 OK
r-devel-linux-x86_64-debian-gcc 0.16-0 176.61 56.65 233.26 OK
r-devel-linux-x86_64-fedora-clang 0.16-0 362.64 NOTE
r-devel-linux-x86_64-fedora-gcc 0.16-0 381.03 OK
r-devel-windows-ix86+x86_64 0.16-0 395.00 136.00 531.00 OK
r-patched-linux-x86_64 0.16-0 204.54 68.52 273.06 OK
r-patched-solaris-x86 0.16-0 313.20 OK
r-release-linux-x86_64 0.16-0 205.95 68.30 274.25 OK
r-release-macos-x86_64 0.16-0 NOTE
r-release-windows-ix86+x86_64 0.16-0 287.00 112.00 399.00 OK
r-oldrel-macos-x86_64 0.16-0 NOTE
r-oldrel-windows-ix86+x86_64 0.16-0 355.00 116.00 471.00 OK

Check Details

Version: 0.16-0
Check: installed package size
Result: NOTE
     installed size is 46.0Mb
     sub-directories of 1Mb or more:
     libs 45.4Mb
Flavors: r-devel-linux-x86_64-fedora-clang, r-release-macos-x86_64, r-oldrel-macos-x86_64