CRAN Package Check Results for Package RSpectra

Last updated on 2019-12-14 01:53:56 CET.

Flavor Version Tinstall Tcheck Ttotal Status Flags
r-devel-linux-x86_64-debian-clang 0.16-0 170.88 62.90 233.78 OK
r-devel-linux-x86_64-debian-gcc 0.16-0 168.93 54.23 223.16 OK
r-devel-linux-x86_64-fedora-clang 0.16-0 329.84 NOTE
r-devel-linux-x86_64-fedora-gcc 0.16-0 385.53 OK
r-devel-windows-ix86+x86_64 0.16-0 316.00 134.00 450.00 OK
r-devel-windows-ix86+x86_64-gcc8 0.16-0 284.00 106.00 390.00 OK
r-patched-linux-x86_64 0.16-0 189.09 62.08 251.17 OK
r-patched-solaris-x86 0.16-0 305.50 OK
r-release-linux-x86_64 0.16-0 180.98 60.68 241.66 OK
r-release-windows-ix86+x86_64 0.16-0 260.00 101.00 361.00 OK
r-release-osx-x86_64 0.16-0 NOTE
r-oldrel-windows-ix86+x86_64 0.16-0 257.00 94.00 351.00 OK
r-oldrel-osx-x86_64 0.16-0 NOTE

Check Details

Version: 0.16-0
Check: installed package size
Result: NOTE
     installed size is 45.2Mb
     sub-directories of 1Mb or more:
     libs 44.6Mb
Flavors: r-devel-linux-x86_64-fedora-clang, r-release-osx-x86_64, r-oldrel-osx-x86_64