CRAN Package Check Results for Package RSpectra

Last updated on 2020-03-29 09:47:38 CEST.

Flavor Version Tinstall Tcheck Ttotal Status Flags
r-devel-linux-x86_64-debian-clang 0.16-0 OK
r-devel-linux-x86_64-debian-gcc 0.16-0 166.76 55.27 222.03 OK
r-devel-linux-x86_64-fedora-clang 0.16-0 351.42 NOTE
r-devel-linux-x86_64-fedora-gcc 0.16-0 382.05 OK
r-devel-windows-ix86+x86_64 0.16-0 266.00 106.00 372.00 OK
r-devel-windows-ix86+x86_64-gcc8 0.16-0 306.00 121.00 427.00 OK
r-patched-linux-x86_64 0.16-0 188.87 68.10 256.97 OK
r-patched-solaris-x86 0.16-0 325.80 OK
r-release-linux-x86_64 0.16-0 191.60 61.93 253.53 OK
r-release-windows-ix86+x86_64 0.16-0 377.00 135.00 512.00 OK
r-release-osx-x86_64 0.16-0 NOTE
r-oldrel-windows-ix86+x86_64 0.16-0 354.00 141.00 495.00 OK
r-oldrel-osx-x86_64 0.16-0 NOTE

Check Details

Version: 0.16-0
Check: installed package size
Result: NOTE
     installed size is 47.2Mb
     sub-directories of 1Mb or more:
     libs 46.5Mb
Flavors: r-devel-linux-x86_64-fedora-clang, r-release-osx-x86_64, r-oldrel-osx-x86_64