CRAN Package Check Results for Package RStata

Last updated on 2021-12-07 14:53:14 CET.

Flavor Version Tinstall Tcheck Ttotal Status Flags
r-devel-linux-x86_64-debian-clang 1.1.1 1.86 29.25 31.11 NOTE
r-devel-linux-x86_64-debian-gcc 1.1.1 1.23 23.23 24.46 NOTE
r-devel-linux-x86_64-fedora-clang 1.1.1 40.34 NOTE
r-devel-linux-x86_64-fedora-gcc 1.1.1 28.51 NOTE
r-devel-windows-x86_64-new-UL 1.1.1 5.00 52.00 57.00 NOTE
r-devel-windows-x86_64-new-TK 1.1.1 NOTE
r-devel-windows-x86_64-old 1.1.1 3.00 41.00 44.00 NOTE
r-patched-linux-x86_64 1.1.1 2.04 28.23 30.27 NOTE
r-release-linux-x86_64 1.1.1 1.94 28.01 29.95 NOTE
r-release-macos-arm64 1.1.1 NOTE
r-release-macos-x86_64 1.1.1 NOTE
r-release-windows-ix86+x86_64 1.1.1 5.00 37.00 42.00 NOTE
r-oldrel-macos-x86_64 1.1.1 OK
r-oldrel-windows-ix86+x86_64 1.1.1 24.00 27.00 51.00 OK

Check Details

Version: 1.1.1
Check: LazyData
Result: NOTE
     'LazyData' is specified without a 'data' directory
Flavors: r-devel-linux-x86_64-debian-clang, r-devel-linux-x86_64-debian-gcc, r-devel-linux-x86_64-fedora-clang, r-devel-linux-x86_64-fedora-gcc, r-devel-windows-x86_64-new-UL, r-devel-windows-x86_64-new-TK, r-devel-windows-x86_64-old, r-patched-linux-x86_64, r-release-linux-x86_64, r-release-macos-arm64, r-release-macos-x86_64, r-release-windows-ix86+x86_64