CRAN Package Check Results for Package RStoolbox

Last updated on 2020-08-03 13:49:10 CEST.

Flavor Version Tinstall Tcheck Ttotal Status Flags
r-devel-linux-x86_64-debian-clang 0.2.6 152.96 387.10 540.06 OK
r-devel-linux-x86_64-debian-gcc 0.2.6 106.51 283.02 389.53 OK
r-devel-linux-x86_64-fedora-clang 0.2.6 663.56 NOTE
r-devel-linux-x86_64-fedora-gcc 0.2.6 632.96 OK
r-devel-windows-ix86+x86_64 0.2.6 376.00 605.00 981.00 OK
r-patched-linux-x86_64 0.2.6 112.13 367.08 479.21 OK
r-patched-solaris-x86 0.2.6 770.70 OK
r-release-linux-x86_64 0.2.6 115.08 365.10 480.18 OK
r-release-macos-x86_64 0.2.6 NOTE
r-release-windows-ix86+x86_64 0.2.6 395.00 801.00 1196.00 OK
r-oldrel-macos-x86_64 0.2.6 OK
r-oldrel-windows-ix86+x86_64 0.2.6 255.00 511.00 766.00 OK

Check Details

Version: 0.2.6
Check: installed package size
Result: NOTE
     installed size is 6.2Mb
     sub-directories of 1Mb or more:
     libs 4.7Mb
Flavors: r-devel-linux-x86_64-fedora-clang, r-release-macos-x86_64