CRAN Package Check Results for Package RStorm

Last updated on 2024-04-14 00:23:23 CEST.

Flavor Version Tinstall Tcheck Ttotal Status Flags
r-devel-linux-x86_64-debian-clang 1.0 3.18 38.84 42.02 NOTE
r-devel-linux-x86_64-debian-gcc 1.0 2.39 29.33 31.72 NOTE
r-devel-linux-x86_64-fedora-clang 1.0 51.89 NOTE
r-devel-linux-x86_64-fedora-gcc 1.0 49.81 NOTE
r-devel-windows-x86_64 1.0 4.00 51.00 55.00 NOTE
r-patched-linux-x86_64 1.0 3.61 37.48 41.09 NOTE
r-release-linux-x86_64 1.0 2.20 36.85 39.05 OK
r-release-macos-arm64 1.0 19.00 OK
r-release-macos-x86_64 1.0 29.00 OK
r-release-windows-x86_64 1.0 4.00 54.00 58.00 OK
r-oldrel-macos-arm64 1.0 17.00 OK
r-oldrel-windows-x86_64 1.0 4.00 61.00 65.00 OK

Check Details

Version: 1.0
Check: Rd files
Result: NOTE checkRd: (-1) ChangeSpout.Rd:22: Lost braces 22 | a new spout. E.g., a new code{data.frame}. | ^ checkRd: (-1) Topology.Rd:11: Lost braces 11 | By passing a spout (dataframe) to this function and storing its return object you can start building a topology for a RStorm stream. See code{\link{RStorm}} for more detailed examples of the use of Topology. The Topology is the most important concept when defining a RStorm stream. | ^ Flavors: r-devel-linux-x86_64-debian-clang, r-devel-linux-x86_64-debian-gcc, r-devel-linux-x86_64-fedora-clang, r-devel-linux-x86_64-fedora-gcc, r-devel-windows-x86_64, r-patched-linux-x86_64

Version: 1.0
Check: Rd contents
Result: NOTE Argument items with no description in Rd file 'SetHash.Rd': ‘\dots’ Flavors: r-devel-linux-x86_64-debian-clang, r-devel-linux-x86_64-debian-gcc, r-devel-linux-x86_64-fedora-clang, r-devel-linux-x86_64-fedora-gcc, r-devel-windows-x86_64, r-patched-linux-x86_64