CRAN Package Check Results for Package RSuite

Last updated on 2019-03-22 23:53:16 CET.

Flavor Version Tinstall Tcheck Ttotal Status Flags
r-devel-linux-x86_64-debian-clang 0.36-252 14.18 181.79 195.97 OK
r-devel-linux-x86_64-debian-gcc 0.36-252 11.74 140.96 152.70 OK
r-devel-linux-x86_64-fedora-clang 0.36-252 267.20 OK
r-devel-linux-x86_64-fedora-gcc 0.36-252 240.54 OK
r-devel-windows-ix86+x86_64 0.36-252 36.00 739.00 775.00 OK
r-patched-linux-x86_64 0.36-252 9.42 169.53 178.95 OK
r-patched-solaris-x86 0.36-252 149.60 ERROR
r-release-linux-x86_64 0.36-252 11.60 169.27 180.87 OK
r-release-windows-ix86+x86_64 0.36-252 20.00 309.00 329.00 OK
r-release-osx-x86_64 0.36-252 OK
r-oldrel-windows-ix86+x86_64 0.36-252 21.00 447.00 468.00 OK
r-oldrel-osx-x86_64 0.36-252 OK

Check Details

Version: 0.36-252
Check: examples
Result: ERROR
    Running examples in ‘RSuite-Ex.R’ failed
    The error most likely occurred in:
    
    > ### Name: prj_pack
    > ### Title: Prepares project source pack tagged with version.
    > ### Aliases: prj_pack
    >
    > ### ** Examples
    >
    > # create exemplary project base folder
    > prj_base <- tempfile("example_")
    > dir.create(prj_base, recursive = TRUE, showWarnings = FALSE)
    >
    > # start project
    > prj <- prj_start("my_project", skip_rc = TRUE, path = prj_base)
    2019-03-21 05:33:14 INFO:rsuite:Project my_project has structure compliant with current version of RSuite(v0.36.252).
    2019-03-21 05:33:14 INFO:rsuite:Project my_project started.
    >
    > # create package in the project
    > prj_start_package("mypackage", prj = prj, skip_rc = TRUE)
    2019-03-21 05:33:14 INFO:rsuite:Package mypackage started in project my_project.
    >
    > # build project source pack
    > pack_fpath <- prj_pack(prj = prj, path = tempdir(), pack_ver = "1.0")
    2019-03-21 05:33:14 WARNING:rsuite:Project environment is not locked!
    2019-03-21 05:33:14 INFO:rsuite:Exporting project from /tmp/RtmpX1a4KM/example_4d274b436cc7/my_project ...
    2019-03-21 05:33:14 INFO:rsuite:Exporting project from /tmp/RtmpX1a4KM/example_4d274b436cc7/my_project ... done
    2019-03-21 05:33:15 WARNING:rsuite:Zip building aborted for /tmp/RtmpX1a4KM/prjpack_my_project_1.0x.zip
    2019-03-21 05:33:15 ERROR:rsuite:Failed to create pack file (zip returned non 0 return status).
    Error: Failed to create pack file (zip returned non 0 return status).
    Execution halted
Flavor: r-patched-solaris-x86