CRAN Package Check Results for Package RSuite

Last updated on 2019-01-23 14:48:45 CET.

Flavor Version Tinstall Tcheck Ttotal Status Flags
r-devel-linux-x86_64-debian-clang 0.35-250 11.03 1257.86 1268.89 OK
r-devel-linux-x86_64-debian-gcc 0.35-250 9.83 928.96 938.79 OK
r-devel-linux-x86_64-fedora-clang 0.35-250 618.35 OK
r-devel-linux-x86_64-fedora-gcc 0.35-250 536.23 OK
r-devel-windows-ix86+x86_64 0.35-250 25.00 538.00 563.00 OK
r-patched-linux-x86_64 0.35-250 10.35 1250.39 1260.74 OK
r-patched-solaris-x86 0.35-250 149.00 ERROR
r-release-linux-x86_64 0.35-250 10.67 1246.73 1257.40 OK
r-release-windows-ix86+x86_64 0.35-250 16.00 440.00 456.00 OK
r-release-osx-x86_64 0.35-250 OK
r-oldrel-windows-ix86+x86_64 0.35-250 14.00 452.00 466.00 OK
r-oldrel-osx-x86_64 0.35-250 OK

Check Details

Version: 0.35-250
Check: examples
Result: ERROR
    Running examples in ‘RSuite-Ex.R’ failed
    The error most likely occurred in:
    
    > ### Name: prj_pack
    > ### Title: Prepares project source pack tagged with version.
    > ### Aliases: prj_pack
    >
    > ### ** Examples
    >
    > # create exemplary project base folder
    > prj_base <- tempfile("example_")
    > dir.create(prj_base, recursive = TRUE, showWarnings = FALSE)
    >
    > # start project
    > prj <- prj_start("my_project", skip_rc = TRUE, path = prj_base)
    2019-01-23 10:19:07 INFO:rsuite:Project my_project has structure compliant with current version of RSuite(v0.35.250).
    2019-01-23 10:19:07 INFO:rsuite:Project my_project started.
    >
    > # create package in the project
    > prj_start_package("mypackage", prj = prj, skip_rc = TRUE)
    2019-01-23 10:19:07 INFO:rsuite:Package mypackage started in project my_project.
    >
    > # build project source pack
    > pack_fpath <- prj_pack(prj = prj, path = tempdir(), pack_ver = "1.0")
    2019-01-23 10:19:07 WARNING:rsuite:Project environment is not locked!
    2019-01-23 10:19:07 INFO:rsuite:Exporting project from /tmp/RtmpykayBs/example_24dba532922/my_project ...
    2019-01-23 10:19:07 INFO:rsuite:Exporting project from /tmp/RtmpykayBs/example_24dba532922/my_project ... done
    2019-01-23 10:19:08 WARNING:rsuite:Zip building aborted for /tmp/RtmpykayBs/prjpack_my_project_1.0x.zip
    2019-01-23 10:19:08 ERROR:rsuite:Failed to create pack file (zip returned non 0 return status).
    Error: Failed to create pack file (zip returned non 0 return status).
    Execution halted
Flavor: r-patched-solaris-x86