CRAN Package Check Results for Package RSurvey

Last updated on 2018-02-20 17:47:59 CET.

Flavor Version Tinstall Tcheck Ttotal Status Flags
r-devel-linux-x86_64-debian-clang 0.9.2 12.74 85.62 98.36 OK
r-devel-linux-x86_64-debian-gcc 0.9.2 13.42 64.89 78.31 OK
r-devel-linux-x86_64-fedora-clang 0.9.2 95.34 WARN
r-devel-linux-x86_64-fedora-gcc 0.9.2 82.76 WARN
r-devel-windows-ix86+x86_64 0.9.2 22.00 86.00 108.00 OK
r-patched-linux-x86_64 0.9.2 15.34 91.42 106.76 OK
r-patched-solaris-x86 0.9.2 161.30 OK
r-release-linux-x86_64 0.9.2 13.91 91.49 105.40 OK
r-release-windows-ix86+x86_64 0.9.2 26.00 115.00 141.00 OK
r-release-osx-x86_64 0.9.2 OK
r-oldrel-windows-ix86+x86_64 0.9.2 25.00 106.00 131.00 OK
r-oldrel-osx-x86_64 0.9.2 OK

Check Details

Version: 0.9.2
Check: whether package can be installed
Result: WARN
    Found the following significant warnings:
     Note: next may be used in wrong context: no loop is visible
Flavors: r-devel-linux-x86_64-fedora-clang, r-devel-linux-x86_64-fedora-gcc