CRAN Package Check Results for Package RTTWebClient

Last updated on 2021-10-26 10:04:40 CEST.

Flavor Version Tinstall Tcheck Ttotal Status Flags
r-devel-linux-x86_64-debian-clang 0.1.2 3.83 33.12 36.95 OK
r-devel-linux-x86_64-debian-gcc 0.1.2 3.12 25.61 28.73 OK
r-devel-linux-x86_64-fedora-clang 0.1.2 55.50 NOTE
r-devel-linux-x86_64-fedora-gcc 0.1.2 45.24 NOTE
r-devel-windows-x86_64 0.1.2 9.00 53.00 62.00 OK
r-devel-windows-x86_64-gcc10-UCRT 0.1.2 NOTE
r-patched-linux-x86_64 0.1.2 3.70 31.28 34.98 OK
r-patched-solaris-x86 0.1.2 74.30 NOTE
r-release-linux-x86_64 0.1.2 4.67 31.28 35.95 OK
r-release-macos-arm64 0.1.2 NOTE
r-release-macos-x86_64 0.1.2 NOTE
r-release-windows-ix86+x86_64 0.1.2 8.00 49.00 57.00 OK
r-oldrel-macos-x86_64 0.1.2 NOTE
r-oldrel-windows-ix86+x86_64 0.1.2 12.00 50.00 62.00 OK

Check Details

Version: 0.1.2
Check: dependencies in R code
Result: NOTE
    Namespace in Imports field not imported from: ‘withr’
     All declared Imports should be used.
Flavors: r-devel-linux-x86_64-fedora-clang, r-devel-linux-x86_64-fedora-gcc, r-devel-windows-x86_64-gcc10-UCRT, r-patched-solaris-x86, r-release-macos-arm64, r-release-macos-x86_64, r-oldrel-macos-x86_64