CRAN Package Check Results for Package RTaxometrics

Last updated on 2020-07-13 13:48:58 CEST.

Flavor Version Tinstall Tcheck Ttotal Status Flags
r-devel-linux-x86_64-debian-clang 2.3 4.42 28.66 33.08 OK
r-devel-linux-x86_64-debian-gcc 2.3 3.41 22.33 25.74 OK
r-devel-linux-x86_64-fedora-clang 2.3 48.09 OK
r-devel-linux-x86_64-fedora-gcc 2.3 40.60 OK
r-devel-windows-ix86+x86_64 2.3 9.00 50.00 59.00 OK
r-patched-linux-x86_64 2.3 4.93 28.48 33.41 OK
r-patched-solaris-x86 2.3 55.50 OK
r-release-linux-x86_64 2.3 3.85 28.06 31.91 OK
r-release-macos-x86_64 2.3 ERROR
r-release-windows-ix86+x86_64 2.3 10.00 34.00 44.00 OK
r-oldrel-macos-x86_64 2.3 OK
r-oldrel-windows-ix86+x86_64 2.3 8.00 47.00 55.00 OK

Check Details

Version: 2.3
Check: whether package can be installed
Result: ERROR
    Installation failed.
Flavor: r-release-macos-x86_64