CRAN Package Check Results for Package RTest

Last updated on 2019-03-26 07:49:10 CET.

Flavor Version Tinstall Tcheck Ttotal Status Flags
r-devel-linux-x86_64-debian-clang 1.2.3 14.11 92.14 106.25 OK
r-devel-linux-x86_64-debian-gcc 1.2.3 10.65 73.32 83.97 OK
r-devel-linux-x86_64-fedora-clang 1.2.3 138.64 OK
r-devel-linux-x86_64-fedora-gcc 1.2.3 126.68 OK
r-devel-windows-ix86+x86_64 1.2.3 24.00 126.00 150.00 OK
r-patched-linux-x86_64 1.2.3 11.50 86.18 97.68 OK
r-patched-solaris-x86 1.2.3 187.00 OK
r-release-linux-x86_64 1.2.3 11.11 86.99 98.10 OK
r-release-windows-ix86+x86_64 1.2.3 20.00 147.00 167.00 OK
r-release-osx-x86_64 1.2.3 ERROR
r-oldrel-windows-ix86+x86_64 1.2.3 9.00 132.00 141.00 OK
r-oldrel-osx-x86_64 1.2.3 ERROR

Check Details

Version: 1.2.3
Check: tests
Result: ERROR
     Running ‘run_test.R’ [8s/8s]
    Running the tests in ‘tests/run_test.R’ failed.
    Last 13 lines of output:
     > sapply(all_files,source)
     Loading required package: magick
     Linking to ImageMagick 6.9.9.39
     Enabled features: cairo, fontconfig, freetype, lcms, pango, rsvg, webp
     Disabled features: fftw, ghostscript, x11
     Loading required package: XML
     Thank you for using RTest
    
     To use a more comprehensive version of the test-report we recommend to run:
    
     assignInNamespace("as.expectation.logical", RTest::as.expectation.logical, ns="testthat", pos="package:testthat")
     Error: Test failed: 'RTestCollection write HTML summary'
     * `writeExecSummary.html(...)` produced warnings.
     * `writeExecSummary.html(...)` produced warnings.
     Execution halted
Flavor: r-release-osx-x86_64

Version: 1.2.3
Check: tests
Result: ERROR
     Running ‘run_test.R’ [9s/9s]
    Running the tests in ‘tests/run_test.R’ failed.
    Last 13 lines of output:
     > sapply(all_files,source)
     Loading required package: magick
     Linking to ImageMagick 6.9.9.39
     Enabled features: cairo, fontconfig, freetype, lcms, pango, rsvg, webp
     Disabled features: fftw, ghostscript, x11
     Loading required package: XML
     Thank you for using RTest
    
     To use a more comprehensive version of the test-report we recommend to run:
    
     assignInNamespace("as.expectation.logical", RTest::as.expectation.logical, ns="testthat", pos="package:testthat")
     Error: Test failed: 'RTestCollection write HTML summary'
     * `writeExecSummary.html(...)` produced warnings.
     * `writeExecSummary.html(...)` produced warnings.
     Execution halted
Flavor: r-oldrel-osx-x86_64