CRAN Package Check Results for Package RTest

Last updated on 2019-05-20 18:54:21 CEST.

Flavor Version Tinstall Tcheck Ttotal Status Flags
r-devel-linux-x86_64-debian-clang 1.2.4 13.51 93.60 107.11 OK
r-devel-linux-x86_64-debian-gcc 1.2.4 9.75 74.22 83.97 OK
r-devel-linux-x86_64-fedora-clang 1.2.4 136.54 OK
r-devel-linux-x86_64-fedora-gcc 1.2.4 133.54 OK
r-devel-windows-ix86+x86_64 1.2.4 32.00 177.00 209.00 OK
r-patched-linux-x86_64 1.2.4 13.22 94.59 107.81 OK
r-patched-solaris-x86 1.2.4 191.40 OK
r-release-linux-x86_64 1.2.4 13.79 94.87 108.66 OK
r-release-windows-ix86+x86_64 1.2.4 24.00 174.00 198.00 OK
r-release-osx-x86_64 1.2.4 ERROR
r-oldrel-windows-ix86+x86_64 1.2.4 15.00 123.00 138.00 OK
r-oldrel-osx-x86_64 1.2.4 ERROR

Check Details

Version: 1.2.4
Check: tests
Result: ERROR
     Running ‘run_test.R’ [8s/8s]
    Running the tests in ‘tests/run_test.R’ failed.
    Complete output:
     > all_files <- list.files("testthat",full.names=T,pattern="*.R$")
     >
     > sapply(all_files,source)
     Loading required package: magick
     Linking to ImageMagick 6.9.9.39
     Enabled features: cairo, fontconfig, freetype, lcms, pango, rsvg, webp
     Disabled features: fftw, ghostscript, x11
     Loading required package: XML
     Error: Test failed: 'RTestCollection write HTML summary errors'
     * `writeExecSummary.html(...)` produced warnings.
     * `writeExecSummary.html(...)` produced warnings.
     Execution halted
Flavors: r-release-osx-x86_64, r-oldrel-osx-x86_64