CRAN Package Check Results for Package RTextTools

Last updated on 2020-06-06 16:47:42 CEST.

Flavor Version Tinstall Tcheck Ttotal Status Flags
r-devel-linux-x86_64-debian-clang 1.4.3 13.01 100.13 113.14 OK
r-devel-linux-x86_64-debian-gcc 1.4.3 10.80 80.75 91.55 OK
r-devel-linux-x86_64-fedora-clang 1.4.3 143.83 NOTE
r-devel-linux-x86_64-fedora-gcc 1.4.3 133.13 NOTE
r-devel-windows-ix86+x86_64 1.4.3 48.00 205.00 253.00 OK
r-patched-linux-x86_64 1.4.3 11.76 100.28 112.04 OK
r-patched-solaris-x86 1.4.3 216.80 OK
r-release-linux-x86_64 1.4.3 12.51 101.19 113.70 OK
r-release-osx-x86_64 1.4.3 OK
r-release-windows-ix86+x86_64 1.4.3 55.00 209.00 264.00 OK
r-oldrel-osx-x86_64 1.4.3 OK
r-oldrel-windows-ix86+x86_64 1.4.3 47.00 156.00 203.00 OK

Check Details

Version: 1.4.3
Check: compiled code
Result: NOTE
    File ‘RTextTools/libs/RTextTools.so’:
     Found no calls to: ‘R_registerRoutines’, ‘R_useDynamicSymbols’
    
    It is good practice to register native routines and to disable symbol
    search.
    
    See ‘Writing portable packages’ in the ‘Writing R Extensions’ manual.
Flavors: r-devel-linux-x86_64-fedora-clang, r-devel-linux-x86_64-fedora-gcc