Last updated on 2023-06-03 16:52:08 CEST.
Flavor | Version | Tinstall | Tcheck | Ttotal | Status | Flags |
---|---|---|---|---|---|---|
r-devel-linux-x86_64-debian-clang | 0.4.32 | 4.75 | 38.26 | 43.01 | NOTE | |
r-devel-linux-x86_64-debian-gcc | 0.4.32 | 2.97 | 29.85 | 32.82 | NOTE | |
r-devel-linux-x86_64-fedora-clang | 0.4.32 | 55.31 | NOTE | |||
r-devel-linux-x86_64-fedora-gcc | 0.4.32 | 68.27 | NOTE | |||
r-devel-windows-x86_64 | 0.4.32 | 8.00 | 64.00 | 72.00 | NOTE | |
r-patched-linux-x86_64 | 0.4.32 | NOTE | ||||
r-release-linux-x86_64 | 0.4.32 | 4.08 | 37.23 | 41.31 | NOTE | |
r-release-macos-arm64 | 0.4.32 | 27.00 | NOTE | |||
r-release-macos-x86_64 | 0.4.32 | 40.00 | NOTE | |||
r-release-windows-x86_64 | 0.4.32 | 4.00 | 71.00 | 75.00 | NOTE | |
r-oldrel-macos-arm64 | 0.4.32 | 24.00 | OK | |||
r-oldrel-macos-x86_64 | 0.4.32 | 32.00 | OK | |||
r-oldrel-windows-x86_64 | 0.4.32 | 23.00 | 90.00 | 113.00 | OK |
Version: 0.4.32
Check: Rd files
Result: NOTE
checkRd: (-1) tracker.Rd:70: Escaped LaTeX specials: \&
checkRd: (-1) tracker.Rd:73: Escaped LaTeX specials: \&
Flavors: r-devel-linux-x86_64-debian-clang, r-devel-linux-x86_64-debian-gcc, r-devel-linux-x86_64-fedora-clang, r-devel-linux-x86_64-fedora-gcc, r-devel-windows-x86_64, r-patched-linux-x86_64, r-release-linux-x86_64, r-release-macos-arm64, r-release-macos-x86_64, r-release-windows-x86_64
Version: 0.4.32
Check: Rd \usage sections
Result: NOTE
S3 methods shown with full name in documentation object ‘printHTML.trackInfo’:
‘printHTML.trackInfo’
The \usage entries for S3 methods should use the \method markup and not
their full name.
See chapter ‘Writing R documentation files’ in the ‘Writing R
Extensions’ manual.
Flavors: r-devel-linux-x86_64-debian-clang, r-devel-linux-x86_64-debian-gcc, r-devel-linux-x86_64-fedora-clang, r-devel-linux-x86_64-fedora-gcc, r-devel-windows-x86_64, r-patched-linux-x86_64, r-release-linux-x86_64, r-release-macos-arm64, r-release-macos-x86_64, r-release-windows-x86_64
Version: 0.4.32
Check: for non-standard things in the check directory
Result: NOTE
Found the following files/directories:
‘results’
Flavors: r-devel-linux-x86_64-debian-clang, r-devel-linux-x86_64-debian-gcc, r-devel-linux-x86_64-fedora-clang, r-devel-linux-x86_64-fedora-gcc, r-patched-linux-x86_64, r-release-linux-x86_64