CRAN Package Check Results for Package RUnit

Last updated on 2019-07-21 10:46:22 CEST.

Flavor Version Tinstall Tcheck Ttotal Status Flags
r-devel-linux-x86_64-debian-clang 0.4.32 3.14 30.32 33.46 NOTE
r-devel-linux-x86_64-debian-gcc 0.4.32 2.82 24.71 27.53 NOTE
r-devel-linux-x86_64-fedora-clang 0.4.32 40.67 NOTE
r-devel-linux-x86_64-fedora-gcc 0.4.32 39.32 NOTE
r-devel-windows-ix86+x86_64 0.4.32 6.00 55.00 61.00 OK
r-patched-linux-x86_64 0.4.32 3.37 30.11 33.48 OK
r-patched-solaris-x86 0.4.32 62.20 OK
r-release-linux-x86_64 0.4.32 3.18 29.92 33.10 OK
r-release-windows-ix86+x86_64 0.4.32 9.00 68.00 77.00 OK
r-release-osx-x86_64 0.4.32 OK
r-oldrel-windows-ix86+x86_64 0.4.32 5.00 64.00 69.00 OK
r-oldrel-osx-x86_64 0.4.32 OK

Check Details

Version: 0.4.32
Check: for non-standard things in the check directory
Result: NOTE
    Found the following files/directories:
     'results'
Flavors: r-devel-linux-x86_64-debian-clang, r-devel-linux-x86_64-debian-gcc, r-devel-linux-x86_64-fedora-clang, r-devel-linux-x86_64-fedora-gcc