CRAN Package Check Results for Package RUnit

Last updated on 2022-08-07 23:59:16 CEST.

Flavor Version Tinstall Tcheck Ttotal Status Flags
r-devel-linux-x86_64-debian-clang 0.4.32 2.98 38.46 41.44 NOTE
r-devel-linux-x86_64-debian-gcc 0.4.32 3.20 29.80 33.00 NOTE
r-devel-linux-x86_64-fedora-clang 0.4.32 62.17 NOTE
r-devel-linux-x86_64-fedora-gcc 0.4.32 66.37 NOTE
r-devel-windows-x86_64 0.4.32 22.00 75.00 97.00 NOTE
r-patched-linux-x86_64 0.4.32 3.33 37.75 41.08 NOTE
r-release-linux-x86_64 0.4.32 2.75 37.94 40.69 NOTE
r-release-macos-arm64 0.4.32 22.00 OK
r-release-macos-x86_64 0.4.32 32.00 OK
r-release-windows-x86_64 0.4.32 17.00 81.00 98.00 OK
r-oldrel-macos-arm64 0.4.32 27.00 OK
r-oldrel-macos-x86_64 0.4.32 39.00 OK
r-oldrel-windows-ix86+x86_64 0.4.32 7.00 66.00 73.00 OK

Check Details

Version: 0.4.32
Check: Rd files
Result: NOTE
    checkRd: (-1) tracker.Rd:70: Escaped LaTeX specials: \&
    checkRd: (-1) tracker.Rd:73: Escaped LaTeX specials: \&
Flavors: r-devel-linux-x86_64-debian-clang, r-devel-linux-x86_64-debian-gcc, r-devel-linux-x86_64-fedora-clang, r-devel-linux-x86_64-fedora-gcc, r-devel-windows-x86_64

Version: 0.4.32
Check: for non-standard things in the check directory
Result: NOTE
    Found the following files/directories:
     'results'
Flavors: r-devel-linux-x86_64-debian-clang, r-devel-linux-x86_64-debian-gcc, r-devel-linux-x86_64-fedora-clang, r-devel-linux-x86_64-fedora-gcc, r-patched-linux-x86_64, r-release-linux-x86_64