Last updated on 2023-01-27 14:49:36 CET.
Flavor | Version | Tinstall | Tcheck | Ttotal | Status | Flags |
---|---|---|---|---|---|---|
r-devel-linux-x86_64-debian-clang | 1.1.0 | 4.33 | 59.68 | 64.01 | NOTE | |
r-devel-linux-x86_64-debian-gcc | 1.1.0 | 3.18 | 45.00 | 48.18 | NOTE | |
r-devel-linux-x86_64-fedora-clang | 1.1.0 | 79.02 | NOTE | |||
r-devel-linux-x86_64-fedora-gcc | 1.1.0 | 97.12 | NOTE | |||
r-devel-windows-x86_64 | 1.1.0 | 22.00 | 89.00 | 111.00 | NOTE | |
r-patched-linux-x86_64 | 1.1.0 | 5.00 | 57.31 | 62.31 | NOTE | |
r-release-linux-x86_64 | 1.1.0 | 4.03 | 58.84 | 62.87 | NOTE | |
r-release-macos-arm64 | 1.1.0 | 27.00 | NOTE | |||
r-release-macos-x86_64 | 1.1.0 | 58.00 | NOTE | |||
r-release-windows-x86_64 | 1.1.0 | 25.00 | 90.00 | 115.00 | NOTE | |
r-oldrel-macos-arm64 | 1.1.0 | 36.00 | NOTE | |||
r-oldrel-macos-x86_64 | 1.1.0 | 46.00 | NOTE | |||
r-oldrel-windows-ix86+x86_64 | 1.1.0 | 10.00 | 81.00 | 91.00 | NOTE |
Version: 1.1.0
Check: LazyData
Result: NOTE
'LazyData' is specified without a 'data' directory
Flavors: r-devel-linux-x86_64-debian-clang, r-devel-linux-x86_64-debian-gcc, r-devel-linux-x86_64-fedora-clang, r-devel-linux-x86_64-fedora-gcc, r-devel-windows-x86_64, r-patched-linux-x86_64, r-release-linux-x86_64, r-release-macos-arm64, r-release-macos-x86_64, r-release-windows-x86_64, r-oldrel-macos-arm64, r-oldrel-macos-x86_64, r-oldrel-windows-ix86+x86_64