Last updated on 2023-10-03 19:06:04 CEST.
Flavor | Version | Tinstall | Tcheck | Ttotal | Status | Flags |
---|---|---|---|---|---|---|
r-devel-linux-x86_64-debian-clang | 1.1.0 | 3.45 | 58.68 | 62.13 | NOTE | |
r-devel-linux-x86_64-debian-gcc | 1.1.0 | 3.75 | 44.38 | 48.13 | NOTE | |
r-devel-linux-x86_64-fedora-clang | 1.1.0 | 78.29 | NOTE | |||
r-devel-linux-x86_64-fedora-gcc | 1.1.0 | 88.73 | NOTE | |||
r-devel-windows-x86_64 | 1.1.0 | 6.00 | 65.00 | 71.00 | NOTE | |
r-patched-linux-x86_64 | 1.1.0 | 4.58 | 56.19 | 60.77 | NOTE | |
r-release-linux-x86_64 | 1.1.0 | 5.10 | 56.26 | 61.36 | NOTE | |
r-release-macos-arm64 | 1.1.0 | 32.00 | NOTE | |||
r-release-macos-x86_64 | 1.1.0 | 48.00 | NOTE | |||
r-release-windows-x86_64 | 1.1.0 | 7.00 | 73.00 | 80.00 | NOTE | |
r-oldrel-macos-arm64 | 1.1.0 | 27.00 | NOTE | |||
r-oldrel-macos-x86_64 | 1.1.0 | 58.00 | NOTE | |||
r-oldrel-windows-x86_64 | 1.1.0 | 8.00 | 77.00 | 85.00 | NOTE |
Version: 1.1.0
Check: LazyData
Result: NOTE
'LazyData' is specified without a 'data' directory
Flavors: r-devel-linux-x86_64-debian-clang, r-devel-linux-x86_64-debian-gcc, r-devel-linux-x86_64-fedora-clang, r-devel-linux-x86_64-fedora-gcc, r-devel-windows-x86_64, r-patched-linux-x86_64, r-release-linux-x86_64, r-release-macos-arm64, r-release-macos-x86_64, r-release-windows-x86_64, r-oldrel-macos-arm64, r-oldrel-macos-x86_64, r-oldrel-windows-x86_64