CRAN Package Check Results for Package RViennaCL

Last updated on 2021-10-19 03:52:34 CEST.

Flavor Version Tinstall Tcheck Ttotal Status Flags
r-devel-linux-x86_64-debian-clang 1.7.1.8 1.93 13.66 15.59 NOTE
r-devel-linux-x86_64-debian-gcc 1.7.1.8 1.54 10.79 12.33 NOTE
r-devel-linux-x86_64-fedora-clang 1.7.1.8 29.62 NOTE
r-devel-linux-x86_64-fedora-gcc 1.7.1.8 18.84 NOTE
r-devel-windows-x86_64 1.7.1.8 4.00 37.00 41.00 NOTE
r-devel-windows-x86_64-gcc10-UCRT 1.7.1.8 NOTE
r-patched-linux-x86_64 1.7.1.8 1.97 12.64 14.61 NOTE
r-patched-solaris-x86 1.7.1.8 33.30 NOTE
r-release-linux-x86_64 1.7.1.8 2.07 13.24 15.31 NOTE
r-release-macos-arm64 1.7.1.8 NOTE
r-release-macos-x86_64 1.7.1.8 NOTE
r-release-windows-ix86+x86_64 1.7.1.8 6.00 28.00 34.00 NOTE
r-oldrel-macos-x86_64 1.7.1.8 NOTE
r-oldrel-windows-ix86+x86_64 1.7.1.8 6.00 28.00 34.00 NOTE

Check Details

Version: 1.7.1.8
Check: package dependencies
Result: NOTE
    Package suggested but not available for checking: 'gpuR'
Flavors: r-devel-linux-x86_64-debian-clang, r-devel-linux-x86_64-debian-gcc, r-devel-linux-x86_64-fedora-clang, r-devel-linux-x86_64-fedora-gcc, r-devel-windows-x86_64, r-devel-windows-x86_64-gcc10-UCRT, r-patched-linux-x86_64, r-patched-solaris-x86, r-release-linux-x86_64, r-release-macos-arm64, r-release-macos-x86_64, r-release-windows-ix86+x86_64, r-oldrel-macos-x86_64, r-oldrel-windows-ix86+x86_64

Version: 1.7.1.8
Check: installed package size
Result: NOTE
     installed size is 5.3Mb
     sub-directories of 1Mb or more:
     include 5.3Mb
Flavors: r-devel-linux-x86_64-fedora-clang, r-devel-windows-x86_64, r-patched-solaris-x86, r-release-macos-arm64, r-release-macos-x86_64, r-release-windows-ix86+x86_64, r-oldrel-macos-x86_64, r-oldrel-windows-ix86+x86_64