CRAN Package Check Results for Package RViennaCL

Last updated on 2021-06-13 12:50:32 CEST.

Flavor Version Tinstall Tcheck Ttotal Status Flags
r-devel-linux-x86_64-debian-clang 1.7.1.8 1.81 14.32 16.13 NOTE
r-devel-linux-x86_64-debian-gcc 1.7.1.8 1.83 11.43 13.26 NOTE
r-devel-linux-x86_64-fedora-clang 1.7.1.8 29.90 NOTE
r-devel-linux-x86_64-fedora-gcc 1.7.1.8 19.23 NOTE
r-devel-windows-x86_64 1.7.1.8 4.00 24.00 28.00 NOTE
r-devel-windows-x86_64-gcc10-UCRT 1.7.1.8 NOTE
r-patched-linux-x86_64 1.7.1.8 2.39 14.15 16.54 NOTE
r-patched-solaris-x86 1.7.1.8 32.50 NOTE
r-release-linux-x86_64 1.7.1.8 2.33 13.92 16.25 NOTE
r-release-macos-arm64 1.7.1.8 NOTE
r-release-macos-x86_64 1.7.1.8 NOTE
r-release-windows-ix86+x86_64 1.7.1.8 5.00 20.00 25.00 NOTE
r-oldrel-macos-x86_64 1.7.1.8 NOTE
r-oldrel-windows-ix86+x86_64 1.7.1.8 6.00 28.00 34.00 NOTE

Check Details

Version: 1.7.1.8
Check: package dependencies
Result: NOTE
    Package suggested but not available for checking: 'gpuR'
Flavors: r-devel-linux-x86_64-debian-clang, r-devel-linux-x86_64-debian-gcc, r-devel-linux-x86_64-fedora-clang, r-devel-linux-x86_64-fedora-gcc, r-devel-windows-x86_64, r-devel-windows-x86_64-gcc10-UCRT, r-patched-linux-x86_64, r-patched-solaris-x86, r-release-linux-x86_64, r-release-macos-arm64, r-release-macos-x86_64, r-release-windows-ix86+x86_64, r-oldrel-macos-x86_64, r-oldrel-windows-ix86+x86_64

Version: 1.7.1.8
Check: installed package size
Result: NOTE
     installed size is 5.3Mb
     sub-directories of 1Mb or more:
     include 5.3Mb
Flavors: r-devel-linux-x86_64-fedora-clang, r-devel-windows-x86_64, r-patched-solaris-x86, r-release-macos-arm64, r-release-macos-x86_64, r-release-windows-ix86+x86_64, r-oldrel-macos-x86_64, r-oldrel-windows-ix86+x86_64