CRAN Package Check Results for Package RVowpalWabbit

Last updated on 2019-02-16 22:46:42 CET.

Flavor Version Tinstall Tcheck Ttotal Status Flags
r-devel-linux-x86_64-debian-clang 0.0.12 209.47 31.64 241.11 OK
r-devel-linux-x86_64-debian-gcc 0.0.12 152.09 24.86 176.95 OK
r-devel-linux-x86_64-fedora-clang 0.0.12 371.32 ERROR
r-devel-linux-x86_64-fedora-gcc 0.0.12 332.37 OK
r-patched-linux-x86_64 0.0.12 194.17 29.97 224.14 OK
r-release-linux-x86_64 0.0.12 OK
r-release-osx-x86_64 0.0.12 ERROR
r-oldrel-osx-x86_64 0.0.12 ERROR

Additional issues

clang-UBSAN gcc-UBSAN

Check Details

Version: 0.0.12
Check: whether package can be installed
Result: ERROR
    Installation failed.
Flavors: r-devel-linux-x86_64-fedora-clang, r-release-osx-x86_64, r-oldrel-osx-x86_64