CRAN Package Check Results for Package RVowpalWabbit

Last updated on 2018-11-15 00:47:51 CET.

Flavor Version Tinstall Tcheck Ttotal Status Flags
r-devel-linux-x86_64-debian-clang 0.0.12 213.25 33.61 246.86 OK
r-devel-linux-x86_64-debian-gcc 0.0.12 171.57 26.23 197.80 OK
r-devel-linux-x86_64-fedora-clang 0.0.12 381.52 NOTE
r-devel-linux-x86_64-fedora-gcc 0.0.12 327.87 OK
r-patched-linux-x86_64 0.0.12 224.63 29.82 254.45 OK
r-release-linux-x86_64 0.0.12 217.79 29.94 247.73 OK
r-release-osx-x86_64 0.0.12 ERROR
r-oldrel-osx-x86_64 0.0.12 ERROR

Additional issues

clang-UBSAN gcc-UBSAN

Check Details

Version: 0.0.12
Check: installed package size
Result: NOTE
     installed size is 24.4Mb
     sub-directories of 1Mb or more:
     libs 4.7Mb
     test 19.6Mb
Flavor: r-devel-linux-x86_64-fedora-clang

Version: 0.0.12
Check: whether package can be installed
Result: ERROR
    Installation failed.
Flavors: r-release-osx-x86_64, r-oldrel-osx-x86_64