CRAN Package Check Results for Package RVowpalWabbit

Last updated on 2018-08-20 05:49:29 CEST.

Flavor Version Tinstall Tcheck Ttotal Status Flags
r-devel-linux-x86_64-debian-clang 0.0.12 203.27 33.52 236.79 OK
r-devel-linux-x86_64-debian-gcc 0.0.12 170.32 25.97 196.29 OK
r-devel-linux-x86_64-fedora-clang 0.0.12 357.33 NOTE
r-devel-linux-x86_64-fedora-gcc 0.0.12 327.30 OK
r-patched-linux-x86_64 0.0.12 221.51 29.84 251.35 OK
r-release-linux-x86_64 0.0.12 218.44 29.90 248.34 OK
r-release-osx-x86_64 0.0.12 ERROR
r-oldrel-osx-x86_64 0.0.12 ERROR

Additional issues

clang-UBSAN gcc-UBSAN

Check Details

Version: 0.0.12
Check: installed package size
Result: NOTE
     installed size is 24.3Mb
     sub-directories of 1Mb or more:
     libs 4.6Mb
     test 19.6Mb
Flavor: r-devel-linux-x86_64-fedora-clang

Version: 0.0.12
Check: whether package can be installed
Result: ERROR
    Installation failed.
Flavors: r-release-osx-x86_64, r-oldrel-osx-x86_64