CRAN Package Check Results for Package RVowpalWabbit

Last updated on 2018-05-27 04:47:51 CEST.

Flavor Version Tinstall Tcheck Ttotal Status Flags
r-devel-linux-x86_64-debian-clang 0.0.12 199.88 31.81 231.69 OK
r-devel-linux-x86_64-debian-gcc 0.0.12 157.13 24.60 181.73 OK
r-devel-linux-x86_64-fedora-clang 0.0.12 349.08 NOTE
r-devel-linux-x86_64-fedora-gcc 0.0.12 282.17 NOTE
r-patched-linux-x86_64 0.0.12 204.32 29.03 233.35 OK
r-release-linux-x86_64 0.0.12 201.84 29.20 231.04 OK
r-release-osx-x86_64 0.0.12 ERROR
r-oldrel-osx-x86_64 0.0.12 ERROR

Additional issues

clang-UBSAN gcc-UBSAN

Check Details

Version: 0.0.12
Check: installed package size
Result: NOTE
     installed size is 24.3Mb
     sub-directories of 1Mb or more:
     libs 4.6Mb
     test 19.6Mb
Flavors: r-devel-linux-x86_64-fedora-clang, r-devel-linux-x86_64-fedora-gcc

Version: 0.0.12
Check: whether package can be installed
Result: ERROR
    Installation failed.
Flavors: r-release-osx-x86_64, r-oldrel-osx-x86_64