CRAN Package Check Results for Package RVowpalWabbit

Last updated on 2018-02-22 01:50:05 CET.

Flavor Version Tinstall Tcheck Ttotal Status Flags
r-devel-linux-x86_64-debian-clang 0.0.12 173.74 27.42 201.16 OK
r-devel-linux-x86_64-debian-gcc 0.0.12 133.79 22.91 156.70 OK
r-devel-linux-x86_64-fedora-clang 0.0.12 326.24 NOTE
r-devel-linux-x86_64-fedora-gcc 0.0.12 277.27 NOTE
r-patched-linux-x86_64 0.0.12 166.93 29.03 195.96 OK
r-release-linux-x86_64 0.0.12 168.60 29.15 197.75 OK
r-release-osx-x86_64 0.0.12 ERROR
r-oldrel-osx-x86_64 0.0.10 ERROR

Additional issues

clang-UBSAN gcc-UBSAN

Check Details

Version: 0.0.12
Check: installed package size
Result: NOTE
     installed size is 24.3Mb
     sub-directories of 1Mb or more:
     libs 4.6Mb
     test 19.6Mb
Flavors: r-devel-linux-x86_64-fedora-clang, r-devel-linux-x86_64-fedora-gcc

Version: 0.0.12
Check: whether package can be installed
Result: ERROR
    Installation failed.
Flavor: r-release-osx-x86_64

Version: 0.0.10
Check: whether package can be installed
Result: ERROR
    Installation failed.
Flavor: r-oldrel-osx-x86_64