CRAN Package Check Results for Package RWeka

Last updated on 2021-09-21 12:53:50 CEST.

Flavor Version Tinstall Tcheck Ttotal Status Flags
r-devel-linux-x86_64-debian-clang 0.4-43 9.15 109.89 119.04 OK
r-devel-linux-x86_64-debian-gcc 0.4-43 7.63 84.64 92.27 OK
r-devel-linux-x86_64-fedora-clang 0.4-43 155.50 OK
r-devel-linux-x86_64-fedora-gcc 0.4-43 141.20 OK
r-devel-windows-x86_64 0.4-43 10.00 95.00 105.00 OK
r-devel-windows-x86_64-gcc10-UCRT 0.4-43 ERROR
r-patched-linux-x86_64 0.4-43 11.21 108.10 119.31 OK
r-release-linux-x86_64 0.4-43 9.22 107.10 116.32 OK
r-release-macos-arm64 0.4-43 OK
r-release-macos-x86_64 0.4-43 OK
r-release-windows-ix86+x86_64 0.4-43 17.00 122.00 139.00 OK
r-oldrel-macos-x86_64 0.4-43 OK
r-oldrel-windows-ix86+x86_64 0.4-43 18.00 102.00 120.00 OK

Check Details

Version: 0.4-43
Check: whether package can be installed
Result: WARN
    Found the following significant warnings:
     WARNING: installation-time patches will not be applied, could not get the patches index
Flavor: r-devel-windows-x86_64-gcc10-UCRT

Version: 0.4-43
Check: PDF version of manual
Result: WARN
    LaTeX errors when creating PDF version.
    This typically indicates Rd problems.
Flavor: r-devel-windows-x86_64-gcc10-UCRT

Version: 0.4-43
Check: PDF version of manual without hyperrefs or index
Result: ERROR
    Re-running with no redirection of stdout/stderr.
Flavor: r-devel-windows-x86_64-gcc10-UCRT