CRAN Package Check Results for Package RWekajars

Last updated on 2020-04-10 08:52:43 CEST.

Flavor Version Tinstall Tcheck Ttotal Status Flags
r-devel-linux-x86_64-debian-clang 3.9.3-2 4.89 23.65 28.54 OK
r-devel-linux-x86_64-debian-gcc 3.9.3-2 3.48 18.24 21.72 OK
r-devel-linux-x86_64-fedora-clang 3.9.3-2 33.70 NOTE
r-devel-linux-x86_64-fedora-gcc 3.9.3-2 34.18 OK
r-devel-windows-ix86+x86_64 3.9.3-2 15.00 47.00 62.00 NOTE
r-devel-windows-ix86+x86_64-gcc8 3.9.3-2 9.00 34.00 43.00 NOTE
r-patched-linux-x86_64 3.9.3-2 3.91 22.93 26.84 OK
r-patched-osx-x86_64 3.9.3-2 NOTE
r-release-linux-x86_64 3.9.3-2 3.38 21.33 24.71 OK
r-release-windows-ix86+x86_64 3.9.3-2 9.00 34.00 43.00 NOTE
r-release-osx-x86_64 3.9.3-2 NOTE
r-oldrel-windows-ix86+x86_64 3.9.3-2 8.00 34.00 42.00 NOTE
r-oldrel-osx-x86_64 3.9.3-2 NOTE

Check Details

Version: 3.9.3-2
Check: installed package size
Result: NOTE
     installed size is 10.8Mb
     sub-directories of 1Mb or more:
     java 10.7Mb
Flavors: r-devel-linux-x86_64-fedora-clang, r-devel-windows-ix86+x86_64, r-devel-windows-ix86+x86_64-gcc8, r-patched-osx-x86_64, r-release-windows-ix86+x86_64, r-release-osx-x86_64, r-oldrel-windows-ix86+x86_64, r-oldrel-osx-x86_64