CRAN Package Check Results for Package RWekajars

Last updated on 2020-08-13 01:55:20 CEST.

Flavor Version Tinstall Tcheck Ttotal Status Flags
r-devel-linux-x86_64-debian-clang 3.9.3-2 4.06 24.05 28.11 OK
r-devel-linux-x86_64-debian-gcc 3.9.3-2 3.58 18.05 21.63 OK
r-devel-linux-x86_64-fedora-clang 3.9.3-2 43.28 NOTE
r-devel-linux-x86_64-fedora-gcc 3.9.3-2 33.51 OK
r-devel-windows-ix86+x86_64 3.9.3-2 12.00 32.00 44.00 NOTE
r-patched-linux-x86_64 3.9.3-2 4.66 23.73 28.39 OK
r-release-linux-x86_64 3.9.3-2 4.92 23.54 28.46 OK
r-release-macos-x86_64 3.9.3-2 NOTE
r-release-windows-ix86+x86_64 3.9.3-2 9.00 37.00 46.00 NOTE
r-oldrel-macos-x86_64 3.9.3-2 NOTE
r-oldrel-windows-ix86+x86_64 3.9.3-2 9.00 34.00 43.00 NOTE

Check Details

Version: 3.9.3-2
Check: installed package size
Result: NOTE
     installed size is 10.8Mb
     sub-directories of 1Mb or more:
     java 10.7Mb
Flavors: r-devel-linux-x86_64-fedora-clang, r-devel-windows-ix86+x86_64, r-release-macos-x86_64, r-release-windows-ix86+x86_64, r-oldrel-macos-x86_64, r-oldrel-windows-ix86+x86_64