CRAN Package Check Results for Package RWiener

Last updated on 2020-04-08 01:49:10 CEST.

Flavor Version Tinstall Tcheck Ttotal Status Flags
r-devel-linux-x86_64-debian-clang 1.3-2 4.99 50.27 55.26 WARN
r-devel-linux-x86_64-debian-gcc 1.3-2 3.76 35.66 39.42 OK
r-devel-linux-x86_64-fedora-clang 1.3-2 63.14 WARN
r-devel-linux-x86_64-fedora-gcc 1.3-2 62.56 OK
r-devel-windows-ix86+x86_64 1.3-2 21.00 117.00 138.00 OK
r-devel-windows-ix86+x86_64-gcc8 1.3-2 14.00 78.00 92.00 OK
r-patched-linux-x86_64 1.3-2 4.73 48.46 53.19 OK
r-patched-solaris-x86 1.3-2 80.40 OK
r-release-linux-x86_64 1.3-2 4.10 44.91 49.01 OK
r-release-windows-ix86+x86_64 1.3-2 12.00 108.00 120.00 OK
r-release-osx-x86_64 1.3-2 WARN
r-oldrel-windows-ix86+x86_64 1.3-2 17.00 76.00 93.00 OK
r-oldrel-osx-x86_64 1.3-2 WARN

Check Details

Version: 1.3-2
Check: whether package can be installed
Result: WARN
    Found the following significant warnings:
     qwiener.c:60:12: warning: explicitly assigning value of variable of type 'double' to itself [-Wself-assign]
     qwiener.c:69:12: warning: explicitly assigning value of variable of type 'double' to itself [-Wself-assign]
Flavors: r-devel-linux-x86_64-debian-clang, r-devel-linux-x86_64-fedora-clang, r-release-osx-x86_64, r-oldrel-osx-x86_64