CRAN Package Check Results for Package RWildbook

Last updated on 2020-09-19 22:50:30 CEST.

Flavor Version Tinstall Tcheck Ttotal Status Flags
r-devel-linux-x86_64-debian-clang 0.9.3 9.22 94.64 103.86 OK
r-devel-linux-x86_64-debian-gcc 0.9.3 7.72 71.09 78.81 OK
r-devel-linux-x86_64-fedora-clang 0.9.3 136.83 NOTE
r-devel-linux-x86_64-fedora-gcc 0.9.3 127.40 NOTE
r-devel-windows-ix86+x86_64 0.9.3 23.00 126.00 149.00 OK
r-patched-linux-x86_64 0.9.3 8.58 90.93 99.51 OK
r-patched-solaris-x86 0.9.3 191.40 NOTE
r-release-linux-x86_64 0.9.3 8.61 92.39 101.00 OK
r-release-macos-x86_64 0.9.3 NOTE
r-release-windows-ix86+x86_64 0.9.3 23.00 125.00 148.00 OK
r-oldrel-macos-x86_64 0.9.3 NOTE
r-oldrel-windows-ix86+x86_64 0.9.3 15.00 99.00 114.00 OK

Check Details

Version: 0.9.3
Check: data for non-ASCII characters
Result: NOTE
     Note: found 6 marked UTF-8 strings
Flavors: r-devel-linux-x86_64-fedora-clang, r-devel-linux-x86_64-fedora-gcc, r-patched-solaris-x86, r-release-macos-x86_64, r-oldrel-macos-x86_64