CRAN Package Check Results for Package RYoudaoTranslate

Last updated on 2020-11-30 18:51:28 CET.

Flavor Version Tinstall Tcheck Ttotal Status Flags
r-devel-linux-x86_64-debian-clang 1.0 3.12 27.33 30.45 NOTE
r-devel-linux-x86_64-debian-gcc 1.0 2.56 22.23 24.79 NOTE
r-devel-linux-x86_64-fedora-clang 1.0 44.10 NOTE
r-devel-linux-x86_64-fedora-gcc 1.0 35.07 NOTE
r-devel-windows-ix86+x86_64 1.0 6.00 43.00 49.00 NOTE
r-patched-linux-x86_64 1.0 3.27 26.41 29.68 NOTE
r-patched-solaris-x86 1.0 55.40 NOTE
r-release-linux-x86_64 1.0 3.56 26.77 30.33 NOTE
r-release-macos-x86_64 1.0 NOTE
r-release-windows-ix86+x86_64 1.0 5.00 48.00 53.00 NOTE
r-oldrel-macos-x86_64 1.0 NOTE
r-oldrel-windows-ix86+x86_64 1.0 5.00 42.00 47.00 NOTE

Check Details

Version: 1.0
Check: DESCRIPTION meta-information
Result: NOTE
    Malformed Title field: should not end in a period.
Flavors: r-devel-linux-x86_64-debian-clang, r-devel-linux-x86_64-debian-gcc, r-devel-linux-x86_64-fedora-clang, r-devel-linux-x86_64-fedora-gcc, r-devel-windows-ix86+x86_64, r-patched-linux-x86_64, r-patched-solaris-x86, r-release-linux-x86_64, r-release-macos-x86_64, r-release-windows-ix86+x86_64, r-oldrel-macos-x86_64, r-oldrel-windows-ix86+x86_64