CRAN Package Check Results for Package RZabbix

Last updated on 2021-05-18 12:52:16 CEST.

Flavor Version Tinstall Tcheck Ttotal Status Flags
r-devel-linux-x86_64-debian-clang 0.1.0 1.59 23.15 24.74 NOTE
r-devel-linux-x86_64-debian-gcc 0.1.0 1.57 18.34 19.91 NOTE
r-devel-linux-x86_64-fedora-clang 0.1.0 39.70 NOTE
r-devel-linux-x86_64-fedora-gcc 0.1.0 29.36 NOTE
r-devel-windows-ix86+x86_64 0.1.0 5.00 30.00 35.00 NOTE
r-devel-windows-x86_64-gcc10-UCRT 0.1.0 NOTE
r-patched-linux-x86_64 0.1.0 5.53 21.99 27.52 NOTE
r-patched-solaris-x86 0.1.0 45.70 NOTE
r-release-linux-x86_64 0.1.0 1.65 22.01 23.66 OK
r-release-macos-x86_64 0.1.0 OK
r-release-windows-ix86+x86_64 0.1.0 4.00 28.00 32.00 OK
r-oldrel-macos-x86_64 0.1.0 OK
r-oldrel-windows-ix86+x86_64 0.1.0 4.00 36.00 40.00 OK

Check Details

Version: 0.1.0
Check: LazyData
Result: NOTE
     'LazyData' is specified without a 'data' directory
Flavors: r-devel-linux-x86_64-debian-clang, r-devel-linux-x86_64-debian-gcc, r-devel-linux-x86_64-fedora-clang, r-devel-linux-x86_64-fedora-gcc, r-devel-windows-ix86+x86_64, r-devel-windows-x86_64-gcc10-UCRT, r-patched-linux-x86_64, r-patched-solaris-x86