CRAN Package Check Results for Package RaPKod

Last updated on 2019-12-15 18:50:18 CET.

Flavor Version Tinstall Tcheck Ttotal Status Flags
r-devel-linux-x86_64-debian-clang 0.9 30.48 40.51 70.99 NOTE
r-devel-linux-x86_64-debian-gcc 0.9 21.57 31.86 53.43 NOTE
r-devel-linux-x86_64-fedora-clang 0.9 93.14 NOTE
r-devel-linux-x86_64-fedora-gcc 0.9 91.63 NOTE
r-devel-windows-ix86+x86_64 0.9 63.00 80.00 143.00 OK
r-devel-windows-ix86+x86_64-gcc8 0.9 63.00 109.00 172.00 OK
r-patched-linux-x86_64 0.9 25.90 36.96 62.86 NOTE
r-patched-solaris-x86 0.9 108.40 OK
r-release-linux-x86_64 0.9 24.28 36.48 60.76 NOTE
r-release-windows-ix86+x86_64 0.9 55.00 80.00 135.00 OK
r-release-osx-x86_64 0.9 OK
r-oldrel-windows-ix86+x86_64 0.9 62.00 67.00 129.00 OK
r-oldrel-osx-x86_64 0.9 OK

Check Details

Version: 0.9
Check: use of SHLIB_OPENMP_*FLAGS in Makefiles
Result: NOTE
     src/Makevars: SHLIB_OPENMP_CXXFLAGS is included in PKG_CXXFLAGS but not in PKG_LIBS
     src/Makevars: SHLIB_OPENMP_CFLAGS is included in PKG_LIBS but linking is by C++
     src/Makevars.win: SHLIB_OPENMP_CXXFLAGS is included in PKG_CXXFLAGS but not in PKG_LIBS
     src/Makevars.win: SHLIB_OPENMP_CFLAGS is included in PKG_LIBS but linking is by C++
    Use of these macros is discussed in sect 1.2.1.1 of 'Writing R
    Extensions'. The macros for different languages may differ so the
    matching macro must be used in PKG_CXXFLAGS (etc) and match that used
    in PKG_LIBS (except for Fortran: see the manual).
Flavors: r-devel-linux-x86_64-debian-clang, r-devel-linux-x86_64-debian-gcc, r-devel-linux-x86_64-fedora-clang, r-devel-linux-x86_64-fedora-gcc, r-patched-linux-x86_64, r-release-linux-x86_64