CRAN Package Check Results for Package RaPKod

Last updated on 2019-08-22 04:47:29 CEST.

Flavor Version Tinstall Tcheck Ttotal Status Flags
r-devel-linux-x86_64-debian-clang 0.9 26.27 38.12 64.39 NOTE
r-devel-linux-x86_64-debian-gcc 0.9 22.13 30.46 52.59 NOTE
r-devel-linux-x86_64-fedora-clang 0.9 90.41 NOTE
r-devel-linux-x86_64-fedora-gcc 0.9 86.22 NOTE
r-devel-windows-ix86+x86_64 0.9 76.00 106.00 182.00 OK
r-patched-linux-x86_64 0.9 22.50 37.41 59.91 NOTE
r-patched-solaris-x86 0.9 106.30 OK
r-release-linux-x86_64 0.9 23.81 37.69 61.50 NOTE
r-release-windows-ix86+x86_64 0.9 62.00 108.00 170.00 OK
r-release-osx-x86_64 0.9 OK
r-oldrel-windows-ix86+x86_64 0.9 73.00 93.00 166.00 OK
r-oldrel-osx-x86_64 0.9 OK

Check Details

Version: 0.9
Check: use of SHLIB_OPENMP_*FLAGS in Makefiles
Result: NOTE
     src/Makevars: SHLIB_OPENMP_CXXFLAGS is included in PKG_CXXFLAGS but not in PKG_LIBS
     src/Makevars: SHLIB_OPENMP_CFLAGS is included in PKG_LIBS but linking is by C++
     src/Makevars.win: SHLIB_OPENMP_CXXFLAGS is included in PKG_CXXFLAGS but not in PKG_LIBS
     src/Makevars.win: SHLIB_OPENMP_CFLAGS is included in PKG_LIBS but linking is by C++
    Use of these macros is discussed in sect 1.2.1.1 of 'Writing R
    Extensions'. The macros for different languages may differ so the
    matching macro must be used in PKG_CXXFLAGS (etc) and match that used
    in PKG_LIBS (except for Fortran: see the manual).
Flavors: r-devel-linux-x86_64-debian-clang, r-devel-linux-x86_64-debian-gcc, r-devel-linux-x86_64-fedora-clang, r-devel-linux-x86_64-fedora-gcc, r-patched-linux-x86_64, r-release-linux-x86_64