CRAN Package Check Results for Package RaceID

Last updated on 2024-02-27 04:50:47 CET.

Flavor Version Tinstall Tcheck Ttotal Status Flags
r-devel-linux-x86_64-debian-clang 0.3.4 55.99 393.89 449.88 OK
r-devel-linux-x86_64-debian-gcc 0.3.4 44.34 291.08 335.42 OK
r-devel-linux-x86_64-fedora-clang 0.3.4 579.32 NOTE
r-devel-linux-x86_64-fedora-gcc 0.3.4 587.09 OK
r-devel-windows-x86_64 0.3.4 45.00 455.00 500.00 NOTE
r-patched-linux-x86_64 0.3.4 41.18 380.24 421.42 OK
r-release-linux-x86_64 0.3.4 37.04 381.77 418.81 OK
r-release-macos-arm64 0.3.4 176.00 NOTE
r-release-macos-x86_64 0.3.4 403.00 NOTE
r-release-windows-x86_64 0.3.4 62.00 545.00 607.00 NOTE
r-oldrel-macos-arm64 0.3.4 188.00 NOTE
r-oldrel-windows-x86_64 0.3.4 61.00 536.00 597.00 NOTE

Check Details

Version: 0.3.4
Check: package dependencies
Result: NOTE Imports includes 25 non-default packages. Importing from so many packages makes the package vulnerable to any of them becoming unavailable. Move as many as possible to Suggests and use conditionally. Flavor: r-devel-linux-x86_64-fedora-clang

Version: 0.3.4
Check: installed package size
Result: NOTE installed size is 9.7Mb sub-directories of 1Mb or more: data 2.0Mb doc 6.7Mb Flavors: r-devel-linux-x86_64-fedora-clang, r-devel-windows-x86_64, r-release-macos-arm64, r-release-macos-x86_64, r-release-windows-x86_64, r-oldrel-macos-arm64, r-oldrel-windows-x86_64

Version: 0.3.4
Check: package dependencies
Result: NOTE Packages suggested but not available for checking: 'batchelor', 'slingshot' Flavors: r-release-macos-arm64, r-release-macos-x86_64

Version: 0.3.4
Check: package dependencies
Result: NOTE Package suggested but not available for checking: ‘slingshot’ Flavor: r-oldrel-macos-arm64