CRAN Package Check Results for Package RadData

Last updated on 2025-01-21 03:50:10 CET.

Flavor Version Tinstall Tcheck Ttotal Status Flags
r-devel-linux-x86_64-debian-clang 1.0.2 9.72 20.68 30.40 OK
r-devel-linux-x86_64-debian-gcc 1.0.2 7.22 16.39 23.61 OK
r-devel-linux-x86_64-fedora-clang 1.0.2 46.10 OK
r-devel-linux-x86_64-fedora-gcc 1.0.2 47.61 OK
r-devel-windows-x86_64 1.0.2 10.00 41.00 51.00 OK
r-patched-linux-x86_64 1.0.2 10.41 19.93 30.34 OK
r-release-linux-x86_64 1.0.2 9.85 19.50 29.35 OK
r-release-macos-arm64 1.0.2 22.00 NOTE
r-release-macos-x86_64 1.0.2 35.00 NOTE
r-release-windows-x86_64 1.0.2 10.00 42.00 52.00 OK
r-oldrel-macos-arm64 1.0.2 27.00 NOTE
r-oldrel-macos-x86_64 1.0.2 51.00 NOTE
r-oldrel-windows-x86_64 1.0.2 10.00 43.00 53.00 OK

Check Details

Version: 1.0.2
Check: installed package size
Result: NOTE installed size is 5.4Mb sub-directories of 1Mb or more: data 5.2Mb Flavors: r-release-macos-arm64, r-release-macos-x86_64, r-oldrel-macos-arm64, r-oldrel-macos-x86_64