CRAN Package Check Results for Package RadialVisGadgets

Last updated on 2025-01-19 13:48:40 CET.

Flavor Version Tinstall Tcheck Ttotal Status Flags
r-devel-linux-x86_64-debian-clang 0.2.0 16.05 109.47 125.52 OK
r-devel-linux-x86_64-debian-gcc 0.2.0 11.19 78.45 89.64 OK
r-devel-linux-x86_64-fedora-clang 0.2.0 200.38 OK
r-devel-linux-x86_64-fedora-gcc 0.2.0 217.63 OK
r-devel-windows-x86_64 0.2.0 15.00 118.00 133.00 OK
r-patched-linux-x86_64 0.2.0 13.82 102.28 116.10 NOTE
r-release-linux-x86_64 0.2.0 14.04 103.07 117.11 NOTE
r-release-macos-arm64 0.2.0 59.00 NOTE
r-release-macos-x86_64 0.2.0 91.00 NOTE
r-release-windows-x86_64 0.2.0 16.00 117.00 133.00 NOTE
r-oldrel-macos-arm64 0.2.0 64.00 NOTE
r-oldrel-macos-x86_64 0.2.0 105.00 NOTE
r-oldrel-windows-x86_64 0.2.0 19.00 136.00 155.00 NOTE

Check Details

Version: 0.2.0
Check: LazyData
Result: NOTE 'LazyData' is specified without a 'data' directory Flavors: r-patched-linux-x86_64, r-release-linux-x86_64, r-release-macos-arm64, r-release-macos-x86_64, r-release-windows-x86_64, r-oldrel-macos-arm64, r-oldrel-macos-x86_64, r-oldrel-windows-x86_64