Last updated on 2023-12-06 04:56:02 CET.
Flavor | Version | Tinstall | Tcheck | Ttotal | Status | Flags |
---|---|---|---|---|---|---|
r-devel-linux-x86_64-debian-clang | 0.2.0 | 19.27 | 143.61 | 162.88 | NOTE | |
r-devel-linux-x86_64-debian-gcc | 0.2.0 | 13.44 | 105.35 | 118.79 | NOTE | |
r-devel-linux-x86_64-fedora-clang | 0.2.0 | 192.16 | NOTE | |||
r-devel-linux-x86_64-fedora-gcc | 0.2.0 | 199.60 | NOTE | |||
r-devel-windows-x86_64 | 0.2.0 | 15.00 | 123.00 | 138.00 | NOTE | |
r-patched-linux-x86_64 | 0.2.0 | 12.79 | 132.18 | 144.97 | NOTE | |
r-release-linux-x86_64 | 0.2.0 | 11.95 | 132.72 | 144.67 | NOTE | |
r-release-macos-arm64 | 0.2.0 | 64.00 | NOTE | |||
r-release-macos-x86_64 | 0.2.0 | 105.00 | NOTE | |||
r-release-windows-x86_64 | 0.2.0 | 20.00 | 141.00 | 161.00 | NOTE | |
r-oldrel-macos-arm64 | 0.2.0 | 58.00 | NOTE | |||
r-oldrel-macos-x86_64 | 0.2.0 | 98.00 | NOTE | |||
r-oldrel-windows-x86_64 | 0.2.0 | 22.00 | 141.00 | 163.00 | NOTE |
Version: 0.2.0
Check: LazyData
Result: NOTE
'LazyData' is specified without a 'data' directory
Flavors: r-devel-linux-x86_64-debian-clang, r-devel-linux-x86_64-debian-gcc, r-devel-linux-x86_64-fedora-clang, r-devel-linux-x86_64-fedora-gcc, r-devel-windows-x86_64, r-patched-linux-x86_64, r-release-linux-x86_64, r-release-macos-arm64, r-release-macos-x86_64, r-release-windows-x86_64, r-oldrel-macos-arm64, r-oldrel-macos-x86_64, r-oldrel-windows-x86_64