CRAN Package Check Results for Package Rarefy

Last updated on 2020-08-12 22:48:30 CEST.

Flavor Version Tinstall Tcheck Ttotal Status Flags
r-devel-linux-x86_64-debian-clang 1.0 0.38 2.50 2.88 ERROR
r-devel-linux-x86_64-debian-gcc 1.0 23.54 159.53 183.07 OK
r-devel-linux-x86_64-fedora-clang 1.0 293.91 OK
r-devel-linux-x86_64-fedora-gcc 1.0 281.84 OK
r-devel-windows-ix86+x86_64 1.0 68.00 326.00 394.00 OK
r-patched-linux-x86_64 1.0 23.60 202.42 226.02 OK
r-patched-solaris-x86 1.0 458.20 OK
r-release-linux-x86_64 1.0 0.27 2.24 2.51 ERROR
r-release-macos-x86_64 1.0 OK
r-release-windows-ix86+x86_64 1.0 95.00 296.00 391.00 OK
r-oldrel-macos-x86_64 1.0 WARN
r-oldrel-windows-ix86+x86_64 1.0 48.00 185.00 233.00 OK

Check Details

Version: 1.0
Check: package dependencies
Result: ERROR
    Package required but not available: 'adiv'
    
    See section 'The DESCRIPTION file' in the 'Writing R Extensions'
    manual.
Flavors: r-devel-linux-x86_64-debian-clang, r-release-linux-x86_64

Version: 1.0
Check: whether package can be installed
Result: WARN
    Found the following significant warnings:
     Warning: 'rgl.init' failed, running with 'rgl.useNULL = TRUE'.
Flavor: r-oldrel-macos-x86_64