CRAN Package Check Results for Package Rarity

Last updated on 2020-08-10 20:47:03 CEST.

Flavor Version Tinstall Tcheck Ttotal Status Flags
r-devel-linux-x86_64-debian-clang 1.3-6 5.05 30.25 35.30 OK
r-devel-linux-x86_64-debian-gcc 1.3-6 4.04 23.75 27.79 OK
r-devel-linux-x86_64-fedora-clang 1.3-6 51.63 NOTE
r-devel-linux-x86_64-fedora-gcc 1.3-6 42.14 OK
r-devel-windows-ix86+x86_64 1.3-6 13.00 43.00 56.00 OK
r-patched-linux-x86_64 1.3-6 4.46 30.65 35.11 OK
r-patched-solaris-x86 1.3-6 63.40 OK
r-release-linux-x86_64 1.3-6 4.55 30.08 34.63 OK
r-release-macos-x86_64 1.3-6 OK
r-release-windows-ix86+x86_64 1.3-6 8.00 38.00 46.00 OK
r-oldrel-macos-x86_64 1.3-6 OK
r-oldrel-windows-ix86+x86_64 1.3-6 7.00 55.00 62.00 OK

Check Details

Version: 1.3-6
Check: Rd cross-references
Result: NOTE
    Undeclared package ‘arm’ in Rd xrefs
Flavor: r-devel-linux-x86_64-fedora-clang