CRAN Package Check Results for Package RaschSampler

Last updated on 2022-08-10 21:53:50 CEST.

Flavor Version Tinstall Tcheck Ttotal Status Flags
r-devel-linux-x86_64-debian-clang 0.8-8 3.73 27.55 31.28 OK
r-devel-linux-x86_64-debian-gcc 0.8-8 3.27 21.19 24.46 OK
r-devel-linux-x86_64-fedora-clang 0.8-8 48.01 NOTE
r-devel-linux-x86_64-fedora-gcc 0.8-8 47.61 NOTE
r-devel-windows-x86_64 0.8-8 20.00 57.00 77.00 OK
r-patched-linux-x86_64 0.8-8 4.21 25.76 29.97 OK
r-release-linux-x86_64 0.8-8 OK
r-release-macos-arm64 0.8-8 19.00 OK
r-release-macos-x86_64 0.8-8 25.00 OK
r-release-windows-x86_64 0.8-8 10.00 55.00 65.00 OK
r-oldrel-macos-arm64 0.8-8 22.00 OK
r-oldrel-macos-x86_64 0.8-8 27.00 OK
r-oldrel-windows-ix86+x86_64 0.8-8 12.00 50.00 62.00 OK

Check Details

Version: 0.8-8
Check: compiled code
Result: NOTE
    File ‘RaschSampler/libs/RaschSampler.so’:
     Found no calls to: ‘R_registerRoutines’, ‘R_useDynamicSymbols’
    
    It is good practice to register native routines and to disable symbol
    search.
    
    See ‘Writing portable packages’ in the ‘Writing R Extensions’ manual.
Flavors: r-devel-linux-x86_64-fedora-clang, r-devel-linux-x86_64-fedora-gcc