Last updated on 2023-03-29 04:51:20 CEST.
Flavor | Version | Tinstall | Tcheck | Ttotal | Status | Flags |
---|---|---|---|---|---|---|
r-devel-linux-x86_64-debian-clang | 1.0.0 | 42.62 | 28.20 | 70.82 | OK | |
r-devel-linux-x86_64-debian-gcc | 1.0.0 | 37.98 | 22.21 | 60.19 | OK | |
r-devel-linux-x86_64-fedora-clang | 1.0.0 | 99.06 | OK | |||
r-devel-linux-x86_64-fedora-gcc | 1.0.0 | 101.81 | OK | |||
r-devel-windows-x86_64 | 1.0.0 | 95.00 | 0.00 | 95.00 | OK | |
r-patched-linux-x86_64 | 1.0.0 | 39.79 | 27.53 | 67.32 | OK | |
r-release-linux-x86_64 | 1.0.0 | 37.10 | 28.85 | 65.95 | OK | |
r-release-macos-arm64 | 1.0.0 | 30.00 | NOTE | |||
r-release-macos-x86_64 | 1.0.0 | 38.00 | NOTE | |||
r-release-windows-x86_64 | 1.0.0 | 58.00 | 82.00 | 140.00 | OK | |
r-oldrel-macos-arm64 | 1.0.0 | 32.00 | NOTE | |||
r-oldrel-macos-x86_64 | 1.0.0 | 46.00 | NOTE | |||
r-oldrel-windows-ix86+x86_64 | 1.0.0 | 105.00 | 87.00 | 192.00 | OK |
Version: 1.0.0
Check: installed package size
Result: NOTE
installed size is 13.1Mb
sub-directories of 1Mb or more:
libs 13.0Mb
Flavors: r-release-macos-arm64, r-release-macos-x86_64, r-oldrel-macos-arm64, r-oldrel-macos-x86_64