Last updated on 2023-10-02 22:08:08 CEST.
Flavor | Version | Tinstall | Tcheck | Ttotal | Status | Flags |
---|---|---|---|---|---|---|
r-devel-linux-x86_64-debian-clang | 1.0.0 | 49.03 | 28.21 | 77.24 | OK | |
r-devel-linux-x86_64-debian-gcc | 1.0.0 | 33.56 | 22.43 | 55.99 | OK | |
r-devel-linux-x86_64-fedora-clang | 1.0.0 | 96.95 | OK | |||
r-devel-linux-x86_64-fedora-gcc | 1.0.0 | 106.13 | OK | |||
r-devel-windows-x86_64 | 1.0.0 | 34.00 | 74.00 | 108.00 | OK | |
r-patched-linux-x86_64 | 1.0.0 | 46.96 | 28.16 | 75.12 | OK | |
r-release-linux-x86_64 | 1.0.0 | 44.93 | 27.76 | 72.69 | OK | |
r-release-macos-arm64 | 1.0.0 | 37.00 | NOTE | |||
r-release-macos-x86_64 | 1.0.0 | 48.00 | NOTE | |||
r-release-windows-x86_64 | 1.0.0 | 42.00 | 75.00 | 117.00 | OK | |
r-oldrel-macos-arm64 | 1.0.0 | 33.00 | NOTE | |||
r-oldrel-macos-x86_64 | 1.0.0 | 38.00 | NOTE | |||
r-oldrel-windows-x86_64 | 1.0.0 | 41.00 | 71.00 | 112.00 | OK |
Version: 1.0.0
Check: installed package size
Result: NOTE
installed size is 13.1Mb
sub-directories of 1Mb or more:
libs 13.0Mb
Flavors: r-release-macos-arm64, r-release-macos-x86_64, r-oldrel-macos-arm64, r-oldrel-macos-x86_64