CRAN Package Check Results for Package Rbeast

Last updated on 2022-11-27 02:51:36 CET.

Flavor Version Tinstall Tcheck Ttotal Status Flags
r-devel-linux-x86_64-debian-clang 0.9.5 55.69 66.30 121.99 OK
r-devel-linux-x86_64-debian-gcc 0.9.5 46.97 49.99 96.96 WARN
r-devel-linux-x86_64-fedora-clang 0.9.5 155.75 OK
r-devel-linux-x86_64-fedora-gcc 0.9.5 163.11 WARN
r-devel-windows-x86_64 0.9.5 250.00 99.00 349.00 OK
r-patched-linux-x86_64 0.9.5 47.15 62.24 109.39 OK
r-release-linux-x86_64 0.9.5 40.69 63.26 103.95 OK
r-release-macos-arm64 0.9.5 40.00 OK
r-release-macos-x86_64 0.9.5 58.00 OK
r-release-windows-x86_64 0.9.5 97.00 86.00 183.00 OK
r-oldrel-macos-arm64 0.9.5 40.00 OK
r-oldrel-macos-x86_64 0.9.5 53.00 OK
r-oldrel-windows-ix86+x86_64 0.9.5 157.00 87.00 244.00 OK

Additional issues

donttest M1mac

Check Details

Version: 0.9.5
Check: whether package can be installed
Result: WARN
    Found the following significant warnings:
     abc_datatype.h:105:28: warning: function declaration isn’t a prototype [-Wstrict-prototypes]
     abc_vec.h:92:9: warning: function declaration isn’t a prototype [-Wstrict-prototypes]
     abc_vec.h:93:9: warning: function declaration isn’t a prototype [-Wstrict-prototypes]
     abc_vec.h:94:9: warning: function declaration isn’t a prototype [-Wstrict-prototypes]
     abc_vec.h:95:9: warning: function declaration isn’t a prototype [-Wstrict-prototypes]
     abc_common.c:538:6: warning: function declaration isn’t a prototype [-Wstrict-prototypes]
     abc_ide_util.h:38:1: warning: function declaration isn’t a prototype [-Wstrict-prototypes]
     abc_ide_util.h:71:1: warning: function declaration isn’t a prototype [-Wstrict-prototypes]
     abc_ide_util.h:72:1: warning: function declaration isn’t a prototype [-Wstrict-prototypes]
     abc_ide_util.h:73:19: warning: function declaration isn’t a prototype [-Wstrict-prototypes]
     abc_cpu.h:55:1: warning: function declaration isn’t a prototype [-Wstrict-prototypes]
     abc_cpu.h:57:1: warning: function declaration isn’t a prototype [-Wstrict-prototypes]
     abc_cpu.c:54:13: warning: function declaration isn’t a prototype [-Wstrict-prototypes]
     abc_cpu.c:107:9: warning: function declaration isn’t a prototype [-Wstrict-prototypes]
     abc_cpu.c:120:6: warning: function declaration isn’t a prototype [-Wstrict-prototypes]
     abc_cpu.c:272:6: warning: function declaration isn’t a prototype [-Wstrict-prototypes]
     abc_cpu.c:278:6: warning: function declaration isn’t a prototype [-Wstrict-prototypes]
     abc_ide_util.c:182:10: warning: function declaration isn’t a prototype [-Wstrict-prototypes]
     abc_ide_util.c:399:6: warning: function declaration isn’t a prototype [-Wstrict-prototypes]
     abc_ide_util.c:400:6: warning: function declaration isn’t a prototype [-Wstrict-prototypes]
     abc_lzw.c:134:23: warning: function declaration isn’t a prototype [-Wstrict-prototypes]
     abc_pthread.c:37:5: warning: function declaration isn’t a prototype [-Wstrict-prototypes]
     abc_pthread.c:405:5: warning: function declaration isn’t a prototype [-Wstrict-prototypes]
     abc_rand_pcg_global.c:31:6: warning: function declaration isn’t a prototype [-Wstrict-prototypes]
     abc_rand_pcg_local.h:32:1: warning: function declaration isn’t a prototype [-Wstrict-prototypes]
     abc_rand_pcg_local.h:33:1: warning: function declaration isn’t a prototype [-Wstrict-prototypes]
     abc_rand_pcg_local.h:34:1: warning: function declaration isn’t a prototype [-Wstrict-prototypes]
     abc_rand_pcg_local_avx2.c:139:6: warning: function declaration isn’t a prototype [-Wstrict-prototypes]
     abc_rand_pcg_local_avx512.c:47:25: warning: function declaration isn’t a prototype [-Wstrict-prototypes]
     abc_rand_pcg_local_avx512.c:79:6: warning: function declaration isn’t a prototype [-Wstrict-prototypes]
     abc_rand_pcg_local_generic.c:37:6: warning: function declaration isn’t a prototype [-Wstrict-prototypes]
     abc_timer.h:32:1: warning: function declaration isn’t a prototype [-Wstrict-prototypes]
     abc_timer.h:33:1: warning: function declaration isn’t a prototype [-Wstrict-prototypes]
     abc_timer.h:34:1: warning: function declaration isn’t a prototype [-Wstrict-prototypes]
     abc_timer.h:35:1: warning: function declaration isn’t a prototype [-Wstrict-prototypes]
     abc_timer.h:36:1: warning: function declaration isn’t a prototype [-Wstrict-prototypes]
     abc_timer.h:37:1: warning: function declaration isn’t a prototype [-Wstrict-prototypes]
     abc_timer.h:55:34: warning: function declaration isn’t a prototype [-Wstrict-prototypes]
     abc_timer.h:58:1: warning: function declaration isn’t a prototype [-Wstrict-prototypes]
     abc_timer.h:59:1: warning: function declaration isn’t a prototype [-Wstrict-prototypes]
     abc_timer.c:13:6: warning: function declaration isn’t a prototype [-Wstrict-prototypes]
     abc_timer.c:27:6: warning: function declaration isn’t a prototype [-Wstrict-prototypes]
     abc_timer.c:37:5: warning: function declaration isn’t a prototype [-Wstrict-prototypes]
     abc_timer.c:54:6: warning: function declaration isn’t a prototype [-Wstrict-prototypes]
     abc_timer.c:57:5: warning: function declaration isn’t a prototype [-Wstrict-prototypes]
     abc_timer.c:60:5: warning: function declaration isn’t a prototype [-Wstrict-prototypes]
     abc_timer.c:74:33: warning: function declaration isn’t a prototype [-Wstrict-prototypes]
     abc_timer.c:75:21: warning: function declaration isn’t a prototype [-Wstrict-prototypes]
     abc_vec.c:63:6: warning: function declaration isn’t a prototype [-Wstrict-prototypes]
     abc_vec_avx2.c:67:14: warning: function declaration isn’t a prototype [-Wstrict-prototypes]
     abc_vec_avx2.c:1800:6: warning: function declaration isn’t a prototype [-Wstrict-prototypes]
     abc_vec_avx512.c:48:25: warning: function declaration isn’t a prototype [-Wstrict-prototypes]
     abc_vec_avx512.c:1755:6: warning: function declaration isn’t a prototype [-Wstrict-prototypes]
     abc_vec_generic.c:985:6: warning: function declaration isn’t a prototype [-Wstrict-prototypes]
     abc_pthread.h:3:1: warning: function declaration isn’t a prototype [-Wstrict-prototypes]
     abc_pthread.h:4:1: warning: function declaration isn’t a prototype [-Wstrict-prototypes]
     beastv2_COREV4.c:29:5: warning: function declaration isn’t a prototype [-Wstrict-prototypes]
     beastv2_COREV4_gui.c:32:6: warning: function declaration isn’t a prototype [-Wstrict-prototypes]
     glue_code.c:45:13: warning: function declaration isn’t a prototype [-Wstrict-prototypes]
     glue_code.c:75:6: warning: function declaration isn’t a prototype [-Wstrict-prototypes]
Flavors: r-devel-linux-x86_64-debian-gcc, r-devel-linux-x86_64-fedora-gcc