CRAN Package Check Results for Package Rbgs

Last updated on 2022-01-18 01:52:10 CET.

Flavor Version Tinstall Tcheck Ttotal Status Flags
r-devel-linux-x86_64-debian-clang 0.2 3.75 46.42 50.17 NOTE
r-devel-linux-x86_64-debian-gcc 0.2 3.14 35.71 38.85 NOTE
r-devel-linux-x86_64-fedora-clang 0.2 59.37 NOTE
r-devel-linux-x86_64-fedora-gcc 0.2 50.32 NOTE
r-devel-windows-x86_64-new-UL 0.2 32.00 67.00 99.00 NOTE
r-devel-windows-x86_64-new-TK 0.2 NOTE
r-patched-linux-x86_64 0.2 3.75 45.00 48.75 NOTE
r-release-linux-x86_64 0.2 NOTE
r-release-macos-arm64 0.2 NOTE
r-release-macos-x86_64 0.2 NOTE
r-release-windows-ix86+x86_64 0.2 9.00 60.00 69.00 NOTE
r-oldrel-macos-x86_64 0.2 OK
r-oldrel-windows-ix86+x86_64 0.2 10.00 62.00 72.00 OK

Check Details

Version: 0.2
Check: LazyData
Result: NOTE
     'LazyData' is specified without a 'data' directory
Flavors: r-devel-linux-x86_64-debian-clang, r-devel-linux-x86_64-debian-gcc, r-devel-linux-x86_64-fedora-clang, r-devel-linux-x86_64-fedora-gcc, r-devel-windows-x86_64-new-UL, r-devel-windows-x86_64-new-TK, r-patched-linux-x86_64, r-release-linux-x86_64, r-release-macos-arm64, r-release-macos-x86_64, r-release-windows-ix86+x86_64