Last updated on 2023-03-24 19:49:57 CET.
Flavor | Version | Tinstall | Tcheck | Ttotal | Status | Flags |
---|---|---|---|---|---|---|
r-devel-linux-x86_64-debian-clang | 0.3.14 | 166.04 | 34.51 | 200.55 | NOTE | |
r-devel-linux-x86_64-debian-gcc | 0.3.14 | 123.66 | 26.97 | 150.63 | NOTE | |
r-devel-linux-x86_64-fedora-clang | 0.3.14 | 305.47 | NOTE | |||
r-devel-linux-x86_64-fedora-gcc | 0.3.14 | 275.76 | NOTE | |||
r-devel-windows-x86_64 | 0.3.14 | 138.00 | 170.00 | 308.00 | NOTE | |
r-patched-linux-x86_64 | 0.3.14 | 127.95 | 33.14 | 161.09 | OK | |
r-release-linux-x86_64 | 0.3.14 | 133.95 | 33.50 | 167.45 | OK | |
r-release-macos-arm64 | 0.3.14 | 6.00 | ERROR | |||
r-release-macos-x86_64 | 0.3.14 | 86.00 | NOTE | |||
r-release-windows-x86_64 | 0.3.14 | 162.00 | 178.00 | 340.00 | NOTE | |
r-oldrel-macos-arm64 | 0.3.14 | 10.00 | ERROR | |||
r-oldrel-macos-x86_64 | 0.3.14 | 98.00 | NOTE | |||
r-oldrel-windows-ix86+x86_64 | 0.3.14 | 364.00 | 144.00 | 508.00 | NOTE |
Version: 0.3.14
Check: C++ specification
Result: NOTE
Specified C++11: please drop specification unless essential
Flavors: r-devel-linux-x86_64-debian-clang, r-devel-linux-x86_64-debian-gcc, r-devel-linux-x86_64-fedora-clang, r-devel-linux-x86_64-fedora-gcc, r-devel-windows-x86_64
Version: 0.3.14
Check: installed package size
Result: NOTE
installed size is 8.6Mb
sub-directories of 1Mb or more:
blp 7.1Mb
Flavors: r-devel-linux-x86_64-fedora-clang, r-devel-windows-x86_64, r-release-macos-x86_64, r-release-windows-x86_64, r-oldrel-macos-x86_64, r-oldrel-windows-ix86+x86_64
Version: 0.3.14
Check: whether package can be installed
Result: ERROR
Installation failed.
Flavors: r-release-macos-arm64, r-oldrel-macos-arm64