CRAN Package Check Results for Package Rblpapi

Last updated on 2018-09-24 09:54:40 CEST.

Flavor Version Tinstall Tcheck Ttotal Status Flags
r-devel-linux-x86_64-debian-clang 0.3.8 123.08 28.45 151.53 OK
r-devel-linux-x86_64-debian-gcc 0.3.8 111.47 23.51 134.98 OK
r-devel-linux-x86_64-fedora-clang 0.3.8 235.12 NOTE
r-devel-linux-x86_64-fedora-gcc 0.3.8 216.41 OK
r-devel-windows-ix86+x86_64 0.3.8 218.00 6.00 224.00 ERROR
r-patched-linux-x86_64 0.3.8 138.43 25.64 164.07 OK
r-release-linux-x86_64 0.3.8 135.81 25.82 161.63 OK
r-release-windows-ix86+x86_64 0.3.8 306.00 178.00 484.00 NOTE
r-release-osx-x86_64 0.3.8 NOTE
r-oldrel-windows-ix86+x86_64 0.3.8 256.00 155.00 411.00 NOTE
r-oldrel-osx-x86_64 0.3.8 NOTE

Check Details

Version: 0.3.8
Check: installed package size
Result: NOTE
     installed size is 15.2Mb
     sub-directories of 1Mb or more:
     blp 7.1Mb
     libs 7.2Mb
Flavors: r-devel-linux-x86_64-fedora-clang, r-release-windows-ix86+x86_64, r-release-osx-x86_64, r-oldrel-windows-ix86+x86_64, r-oldrel-osx-x86_64

Version: 0.3.8
Check: whether package can be installed
Result: ERROR
    Installation failed.
Flavor: r-devel-windows-ix86+x86_64