CRAN Package Check Results for Package Rblpapi

Last updated on 2021-09-23 16:50:36 CEST.

Flavor Version Tinstall Tcheck Ttotal Status Flags
r-devel-linux-x86_64-debian-clang 0.3.11 153.46 33.07 186.53 NOTE
r-devel-linux-x86_64-debian-gcc 0.3.11 100.45 26.59 127.04 NOTE
r-devel-linux-x86_64-fedora-clang 0.3.11 290.25 NOTE
r-devel-linux-x86_64-fedora-gcc 0.3.11 240.81 NOTE
r-devel-windows-x86_64 0.3.11 138.00 85.00 223.00 NOTE
r-devel-windows-x86_64-gcc10-UCRT 0.3.11 WARN
r-patched-linux-x86_64 0.3.11 124.82 32.46 157.28 NOTE
r-release-linux-x86_64 0.3.11 123.31 32.83 156.14 NOTE
r-release-macos-arm64 0.3.11 ERROR
r-release-macos-x86_64 0.3.11 NOTE
r-release-windows-ix86+x86_64 0.3.11 365.00 152.00 517.00 NOTE
r-oldrel-macos-x86_64 0.3.11 NOTE
r-oldrel-windows-ix86+x86_64 0.3.11 305.00 115.00 420.00 NOTE

Check Details

Version: 0.3.11
Check: whether package can be installed
Result: NOTE
    Found the following notes/warnings:
     Non-staged installation was used
Flavors: r-devel-linux-x86_64-debian-clang, r-devel-linux-x86_64-debian-gcc, r-devel-linux-x86_64-fedora-clang, r-devel-linux-x86_64-fedora-gcc, r-devel-windows-x86_64, r-devel-windows-x86_64-gcc10-UCRT, r-patched-linux-x86_64, r-release-linux-x86_64, r-release-macos-x86_64, r-release-windows-ix86+x86_64, r-oldrel-macos-x86_64, r-oldrel-windows-ix86+x86_64

Version: 0.3.11
Check: installed package size
Result: NOTE
     installed size is 14.0Mb
     sub-directories of 1Mb or more:
     blp 7.1Mb
     libs 5.9Mb
Flavors: r-devel-linux-x86_64-fedora-clang, r-devel-windows-x86_64, r-release-macos-x86_64, r-release-windows-ix86+x86_64, r-oldrel-macos-x86_64, r-oldrel-windows-ix86+x86_64

Version: 0.3.11
Check: package subdirectories
Result: WARN
    Found the following non-empty subdirectories of 'inst' also used by R:
     inst/libs
    It is recommended not to interfere with package subdirectories used by
    R.
Flavor: r-devel-windows-x86_64-gcc10-UCRT

Version: 0.3.11
Check: line endings in C/C++/Fortran sources/headers
Result: NOTE
    Found the following sources/headers with CR or CRLF line endings:
     inst/include/blpapi_versioninfo.h
    Some Unix compilers require LF line endings.
Flavor: r-devel-windows-x86_64-gcc10-UCRT

Version: 0.3.11
Check: whether package can be installed
Result: ERROR
    Installation failed.
Flavor: r-release-macos-arm64