CRAN Package Check Results for Package Rblpapi

Last updated on 2023-09-24 12:28:27 CEST.

Flavor Version Tinstall Tcheck Ttotal Status Flags
r-devel-linux-x86_64-debian-clang 0.3.14 159.15 35.35 194.50 NOTE
r-devel-linux-x86_64-debian-gcc 0.3.14 111.03 27.32 138.35 NOTE
r-devel-linux-x86_64-fedora-clang 0.3.14 301.90 NOTE
r-devel-linux-x86_64-fedora-gcc 0.3.14 312.24 NOTE
r-devel-windows-x86_64 0.3.14 107.00 167.00 274.00 NOTE
r-patched-linux-x86_64 0.3.14 145.76 34.28 180.04 NOTE
r-release-linux-x86_64 0.3.14 148.87 34.38 183.25 NOTE
r-release-macos-arm64 0.3.14 9.00 ERROR
r-release-macos-x86_64 0.3.14 130.00 NOTE
r-release-windows-x86_64 0.3.14 119.00 171.00 290.00 NOTE
r-oldrel-macos-arm64 0.3.14 10.00 ERROR
r-oldrel-macos-x86_64 0.3.14 86.00 NOTE
r-oldrel-windows-x86_64 0.3.14 144.00 150.00 294.00 NOTE

Check Details

Version: 0.3.14
Check: C++ specification
Result: NOTE
     Specified C++11: please drop specification unless essential
Flavors: r-devel-linux-x86_64-debian-clang, r-devel-linux-x86_64-debian-gcc, r-devel-linux-x86_64-fedora-clang, r-devel-linux-x86_64-fedora-gcc, r-devel-windows-x86_64, r-patched-linux-x86_64, r-release-linux-x86_64, r-release-macos-x86_64, r-release-windows-x86_64

Version: 0.3.14
Check: installed package size
Result: NOTE
     installed size is 8.6Mb
     sub-directories of 1Mb or more:
     blp 7.1Mb
Flavors: r-devel-linux-x86_64-fedora-clang, r-devel-windows-x86_64, r-release-macos-x86_64, r-release-windows-x86_64, r-oldrel-macos-x86_64, r-oldrel-windows-x86_64

Version: 0.3.14
Check: whether package can be installed
Result: ERROR
    Installation failed.
Flavors: r-release-macos-arm64, r-oldrel-macos-arm64