CRAN Package Check Results for Package Rblpapi

Last updated on 2022-07-03 04:49:10 CEST.

Flavor Version Tinstall Tcheck Ttotal Status Flags
r-devel-linux-x86_64-debian-clang 0.3.13 148.21 33.78 181.99 NOTE
r-devel-linux-x86_64-debian-gcc 0.3.13 119.99 26.38 146.37 NOTE
r-devel-linux-x86_64-fedora-clang 0.3.13 296.63 NOTE
r-devel-linux-x86_64-fedora-gcc 0.3.13 255.09 NOTE
r-devel-windows-x86_64 0.3.13 138.00 157.00 295.00 NOTE
r-patched-linux-x86_64 0.3.13 133.26 32.42 165.68 NOTE
r-release-linux-x86_64 0.3.13 119.27 32.74 152.01 NOTE
r-release-macos-arm64 0.3.13 6.00 ERROR
r-release-macos-x86_64 0.3.13 85.00 NOTE
r-release-windows-x86_64 0.3.13 133.00 156.00 289.00 NOTE
r-oldrel-macos-arm64 0.3.13 8.00 ERROR
r-oldrel-macos-x86_64 0.3.13 87.00 NOTE
r-oldrel-windows-ix86+x86_64 0.3.13 365.00 135.00 500.00 NOTE

Check Details

Version: 0.3.13
Check: package dependencies
Result: NOTE
    Package suggested but not available for checking: 'fts'
Flavors: r-devel-linux-x86_64-debian-clang, r-devel-linux-x86_64-debian-gcc, r-devel-linux-x86_64-fedora-clang, r-devel-linux-x86_64-fedora-gcc, r-patched-linux-x86_64, r-release-linux-x86_64

Version: 0.3.13
Check: whether package can be installed
Result: NOTE
    Found the following notes/warnings:
     Non-staged installation was used
Flavors: r-devel-linux-x86_64-debian-clang, r-devel-linux-x86_64-debian-gcc, r-devel-linux-x86_64-fedora-clang, r-devel-linux-x86_64-fedora-gcc, r-devel-windows-x86_64, r-patched-linux-x86_64, r-release-linux-x86_64, r-release-macos-x86_64, r-release-windows-x86_64, r-oldrel-macos-x86_64, r-oldrel-windows-ix86+x86_64

Version: 0.3.13
Check: installed package size
Result: NOTE
     installed size is 12.8Mb
     sub-directories of 1Mb or more:
     blp 7.1Mb
     libs 4.7Mb
Flavors: r-devel-linux-x86_64-fedora-clang, r-devel-windows-x86_64, r-release-macos-x86_64, r-release-windows-x86_64, r-oldrel-macos-x86_64, r-oldrel-windows-ix86+x86_64

Version: 0.3.13
Check: whether package can be installed
Result: ERROR
    Installation failed.
Flavors: r-release-macos-arm64, r-oldrel-macos-arm64