CRAN Package Check Results for Package Rblpapi

Last updated on 2018-12-17 01:46:55 CET.

Flavor Version Tinstall Tcheck Ttotal Status Flags
r-devel-linux-x86_64-debian-clang 0.3.8 123.28 2.65 125.93 ERROR
r-devel-linux-x86_64-debian-gcc 0.3.8 112.43 3.14 115.57 ERROR
r-devel-linux-x86_64-fedora-clang 0.3.8 231.64 NOTE
r-devel-linux-x86_64-fedora-gcc 0.3.8 214.33 OK
r-devel-windows-ix86+x86_64 0.3.8 392.00 172.00 564.00 NOTE
r-patched-linux-x86_64 0.3.8 134.19 25.86 160.05 OK
r-release-linux-x86_64 0.3.8 129.99 25.93 155.92 OK
r-release-windows-ix86+x86_64 0.3.8 293.00 155.00 448.00 NOTE
r-release-osx-x86_64 0.3.8 NOTE
r-oldrel-windows-ix86+x86_64 0.3.8 304.00 163.00 467.00 NOTE
r-oldrel-osx-x86_64 0.3.8 NOTE

Check Details

Version: 0.3.8
Check: whether the package can be loaded
Result: ERROR
    Loading this package had a fatal error status code 1
    Loading log:
    Error: package or namespace load failed for ‘Rblpapi’ in dyn.load(file, DLLpath = DLLpath, ...):
     unable to load shared object ‘/home/hornik/tmp/R.check/r-devel-clang/Work/build/Packages/Rcpp/libs/Rcpp.so’:
     /home/hornik/tmp/R.check/r-devel-clang/Work/build/Packages/Rcpp/libs/Rcpp.so: failed to map segment from shared object
    Execution halted
Flavor: r-devel-linux-x86_64-debian-clang

Version: 0.3.8
Check: whether the package can be loaded
Result: ERROR
    Loading this package had a fatal error status code 1
    Loading log:
    Error: package or namespace load failed for ‘Rblpapi’ in dyn.load(file, DLLpath = DLLpath, ...):
     unable to load shared object ‘/home/hornik/tmp/R.check/r-devel-gcc/Work/build/Packages/Rcpp/libs/Rcpp.so’:
     /home/hornik/tmp/R.check/r-devel-gcc/Work/build/Packages/Rcpp/libs/Rcpp.so: failed to map segment from shared object
    Execution halted
Flavor: r-devel-linux-x86_64-debian-gcc

Version: 0.3.8
Check: installed package size
Result: NOTE
     installed size is 15.2Mb
     sub-directories of 1Mb or more:
     blp 7.1Mb
     libs 7.2Mb
Flavors: r-devel-linux-x86_64-fedora-clang, r-devel-windows-ix86+x86_64, r-release-windows-ix86+x86_64, r-release-osx-x86_64, r-oldrel-windows-ix86+x86_64, r-oldrel-osx-x86_64