CRAN Package Check Results for Package Rblpapi

Last updated on 2017-11-19 14:47:56.

Flavor Version Tinstall Tcheck Ttotal Status Flags
r-devel-linux-x86_64-debian-clang 0.3.6 87.15 18.21 105.35 OK
r-devel-linux-x86_64-debian-gcc 0.3.6 96.03 19.86 115.89 OK
r-devel-linux-x86_64-fedora-clang 0.3.6 215.39 NOTE
r-devel-linux-x86_64-fedora-gcc 0.3.6 242.58 NOTE
r-devel-windows-ix86+x86_64 0.3.6 389.00 139.00 528.00 NOTE
r-patched-linux-x86_64 0.3.6 91.69 18.60 110.29 OK
r-release-linux-x86_64 0.3.6 91.86 18.89 110.75 OK
r-release-windows-ix86+x86_64 0.3.6 282.00 154.00 436.00 NOTE
r-release-osx-x86_64 0.3.6 NOTE
r-oldrel-windows-ix86+x86_64 0.3.6 259.00 144.00 403.00 NOTE
r-oldrel-osx-x86_64 0.3.6 NOTE

Check Details

Version: 0.3.6
Check: installed package size
Result: NOTE
     installed size is 14.8Mb
     sub-directories of 1Mb or more:
     blp 7.1Mb
     libs 6.8Mb
Flavors: r-devel-linux-x86_64-fedora-clang, r-devel-linux-x86_64-fedora-gcc, r-devel-windows-ix86+x86_64, r-release-windows-ix86+x86_64, r-release-osx-x86_64, r-oldrel-windows-ix86+x86_64, r-oldrel-osx-x86_64