CRAN Package Check Results for Package Rblpapi

Last updated on 2018-01-18 22:47:41 CET.

Flavor Version Tinstall Tcheck Ttotal Status Flags
r-devel-linux-x86_64-debian-clang 0.3.6 118.61 24.59 143.20 OK
r-devel-linux-x86_64-debian-gcc 0.3.6 99.31 21.65 120.96 OK
r-devel-linux-x86_64-fedora-clang 0.3.6 223.35 NOTE
r-devel-linux-x86_64-fedora-gcc 0.3.6 204.78 NOTE
r-devel-windows-ix86+x86_64 0.3.6 377.00 120.00 497.00 NOTE
r-patched-linux-x86_64 0.3.6 116.10 27.63 143.73 OK
r-release-linux-x86_64 0.3.6 117.41 27.52 144.93 OK
r-release-windows-ix86+x86_64 0.3.6 278.00 134.00 412.00 NOTE
r-release-osx-x86_64 0.3.6 NOTE
r-oldrel-windows-ix86+x86_64 0.3.6 350.00 155.00 505.00 NOTE
r-oldrel-osx-x86_64 0.3.6 NOTE

Check Details

Version: 0.3.6
Check: installed package size
Result: NOTE
     installed size is 14.9Mb
     sub-directories of 1Mb or more:
     blp 7.1Mb
     libs 6.9Mb
Flavors: r-devel-linux-x86_64-fedora-clang, r-devel-linux-x86_64-fedora-gcc, r-devel-windows-ix86+x86_64, r-release-windows-ix86+x86_64, r-release-osx-x86_64, r-oldrel-windows-ix86+x86_64, r-oldrel-osx-x86_64