CRAN Package Check Results for Package Rblpapi

Last updated on 2018-06-24 18:46:49 CEST.

Flavor Version Tinstall Tcheck Ttotal Status Flags
r-devel-linux-x86_64-debian-clang 0.3.8 117.38 28.65 146.03 OK
r-devel-linux-x86_64-debian-gcc 0.3.8 102.71 22.54 125.25 OK
r-devel-linux-x86_64-fedora-clang 0.3.8 227.31 NOTE
r-devel-linux-x86_64-fedora-gcc 0.3.8 205.57 OK
r-devel-windows-ix86+x86_64 0.3.8 366.00 142.00 508.00 NOTE
r-patched-linux-x86_64 0.3.8 119.63 26.21 145.84 OK
r-release-linux-x86_64 0.3.8 127.84 25.88 153.72 OK
r-release-windows-ix86+x86_64 0.3.8 344.00 161.00 505.00 NOTE
r-release-osx-x86_64 0.3.8 NOTE
r-oldrel-windows-ix86+x86_64 0.3.8 368.00 137.00 505.00 NOTE
r-oldrel-osx-x86_64 0.3.8 NOTE

Check Details

Version: 0.3.8
Check: installed package size
Result: NOTE
     installed size is 15.0Mb
     sub-directories of 1Mb or more:
     blp 7.1Mb
     libs 7.0Mb
Flavors: r-devel-linux-x86_64-fedora-clang, r-devel-windows-ix86+x86_64, r-release-windows-ix86+x86_64, r-release-osx-x86_64, r-oldrel-windows-ix86+x86_64, r-oldrel-osx-x86_64