CRAN Package Check Results for Package Rborist

Last updated on 2024-07-22 16:57:23 CEST.

Flavor Version Tinstall Tcheck Ttotal Status Flags
r-devel-linux-x86_64-debian-clang 0.3-7 243.26 48.26 291.52 OK
r-devel-linux-x86_64-debian-gcc 0.3-7 164.86 36.92 201.78 OK
r-devel-linux-x86_64-fedora-clang 0.3-7 625.69 OK
r-devel-linux-x86_64-fedora-gcc 0.3-7 497.86 OK
r-devel-windows-x86_64 0.3-7 195.00 93.00 288.00 OK
r-patched-linux-x86_64 0.3-7 241.28 46.20 287.48 OK
r-release-linux-x86_64 0.3-7 208.06 45.22 253.28 OK
r-release-macos-arm64 0.3-7 90.00 NOTE
r-release-macos-x86_64 0.3-7 87.00 NOTE
r-release-windows-x86_64 0.3-7 231.00 89.00 320.00 OK
r-oldrel-macos-arm64 0.3-7 101.00 NOTE
r-oldrel-macos-x86_64 0.3-7 136.00 NOTE
r-oldrel-windows-x86_64 0.3-7 225.00 100.00 325.00 OK

Check Details

Version: 0.3-7
Check: installed package size
Result: NOTE installed size is 14.0Mb sub-directories of 1Mb or more: libs 13.8Mb Flavors: r-release-macos-arm64, r-release-macos-x86_64, r-oldrel-macos-arm64, r-oldrel-macos-x86_64