CRAN Package Check Results for Package Rborist

Last updated on 2019-08-22 01:49:56 CEST.

Flavor Version Tinstall Tcheck Ttotal Status Flags
r-devel-linux-x86_64-debian-clang 0.1-17 131.37 27.86 159.23 OK
r-devel-linux-x86_64-debian-gcc 0.1-17 101.76 22.82 124.58 OK
r-devel-linux-x86_64-fedora-clang 0.1-17 251.75 NOTE
r-devel-linux-x86_64-fedora-gcc 0.1-17 248.27 OK
r-devel-windows-ix86+x86_64 0.1-17 455.00 103.00 558.00 OK
r-patched-linux-x86_64 0.1-17 120.80 27.86 148.66 OK
r-patched-solaris-x86 0.1-17 227.30 OK
r-release-linux-x86_64 0.1-17 118.92 27.92 146.84 OK
r-release-windows-ix86+x86_64 0.1-17 327.00 100.00 427.00 OK
r-release-osx-x86_64 0.1-17 NOTE
r-oldrel-windows-ix86+x86_64 0.1-17 414.00 96.00 510.00 OK
r-oldrel-osx-x86_64 0.1-17 NOTE

Check Details

Version: 0.1-17
Check: installed package size
Result: NOTE
     installed size is 10.2Mb
     sub-directories of 1Mb or more:
     libs 9.9Mb
Flavors: r-devel-linux-x86_64-fedora-clang, r-release-osx-x86_64, r-oldrel-osx-x86_64