CRAN Package Check Results for Package Rcan

Last updated on 2020-04-10 08:52:41 CEST.

Flavor Version Tinstall Tcheck Ttotal Status Flags
r-devel-linux-x86_64-debian-clang 1.3.81 7.12 139.82 146.94 OK
r-devel-linux-x86_64-debian-gcc 1.3.81 6.66 131.60 138.26 OK
r-devel-linux-x86_64-fedora-clang 1.3.81 142.47 NOTE
r-devel-linux-x86_64-fedora-gcc 1.3.81 144.20 NOTE
r-devel-windows-ix86+x86_64 1.3.81 17.00 101.00 118.00 OK
r-devel-windows-ix86+x86_64-gcc8 1.3.81 14.00 106.00 120.00 OK
r-patched-linux-x86_64 1.3.81 6.82 134.54 141.36 OK
r-patched-osx-x86_64 1.3.81 NOTE
r-patched-solaris-x86 1.3.81 174.00 NOTE
r-release-linux-x86_64 1.3.81 6.49 135.09 141.58 OK
r-release-windows-ix86+x86_64 1.3.81 13.00 156.00 169.00 OK
r-release-osx-x86_64 1.3.81 NOTE
r-oldrel-windows-ix86+x86_64 1.3.81 14.00 138.00 152.00 OK
r-oldrel-osx-x86_64 1.3.80 NOTE

Check Details

Version: 1.3.81
Check: data for non-ASCII characters
Result: NOTE
     Note: found 26334 marked UTF-8 strings
Flavors: r-devel-linux-x86_64-fedora-clang, r-devel-linux-x86_64-fedora-gcc, r-patched-osx-x86_64, r-patched-solaris-x86, r-release-osx-x86_64

Version: 1.3.80
Check: data for non-ASCII characters
Result: NOTE
     Note: found 26334 marked UTF-8 strings
Flavor: r-oldrel-osx-x86_64