CRAN Package Check Results for Package Rcereal

Last updated on 2019-05-20 14:47:20 CEST.

Flavor Version Tinstall Tcheck Ttotal Status Flags
r-devel-linux-x86_64-debian-clang 1.2.1 1.69 19.03 20.72 NOTE
r-devel-linux-x86_64-debian-gcc 1.2.1 1.36 15.66 17.02 NOTE
r-devel-linux-x86_64-fedora-clang 1.2.1 25.38 NOTE
r-devel-linux-x86_64-fedora-gcc 1.2.1 25.87 NOTE
r-devel-windows-ix86+x86_64 1.2.1 11.00 44.00 55.00 NOTE
r-patched-linux-x86_64 1.2.1 1.43 19.13 20.56 NOTE
r-patched-solaris-x86 1.2.1 38.90 NOTE
r-release-linux-x86_64 1.2.1 1.55 19.06 20.61 NOTE
r-release-windows-ix86+x86_64 1.2.1 8.00 49.00 57.00 NOTE
r-release-osx-x86_64 1.2.1 NOTE
r-oldrel-windows-ix86+x86_64 1.2.1 4.00 29.00 33.00 OK
r-oldrel-osx-x86_64 1.2.1 OK

Check Details

Version: 1.2.1
Check: line endings in C/C++/Fortran sources/headers
Result: NOTE
    Found the following sources/headers not terminated with a newline:
     inst/include/cereal/types/memory.hpp
    Some compilers warn on such files.
Flavors: r-devel-linux-x86_64-debian-clang, r-devel-linux-x86_64-debian-gcc, r-devel-linux-x86_64-fedora-clang, r-devel-linux-x86_64-fedora-gcc, r-devel-windows-ix86+x86_64, r-patched-linux-x86_64, r-patched-solaris-x86, r-release-linux-x86_64, r-release-windows-ix86+x86_64, r-release-osx-x86_64