CRAN Package Check Results for Package Rcereal

Last updated on 2019-03-21 14:47:40 CET.

Flavor Version Tinstall Tcheck Ttotal Status Flags
r-devel-linux-x86_64-debian-clang 1.2.1 1.50 18.86 20.36 NOTE
r-devel-linux-x86_64-debian-gcc 1.2.1 1.33 15.60 16.93 NOTE
r-devel-linux-x86_64-fedora-clang 1.2.1 26.84 NOTE
r-devel-linux-x86_64-fedora-gcc 1.2.1 24.35 NOTE
r-devel-windows-ix86+x86_64 1.2.1 11.00 49.00 60.00 NOTE
r-patched-linux-x86_64 1.2.1 0.77 17.83 18.60 OK
r-patched-solaris-x86 1.2.1 35.80 OK
r-release-linux-x86_64 1.2.1 0.96 17.66 18.62 OK
r-release-windows-ix86+x86_64 1.2.1 5.00 27.00 32.00 OK
r-release-osx-x86_64 1.2.1 OK
r-oldrel-windows-ix86+x86_64 1.2.1 3.00 42.00 45.00 OK
r-oldrel-osx-x86_64 1.2.1 NOTE

Check Details

Version: 1.2.1
Check: line endings in C/C++/Fortran sources/headers
Result: NOTE
    Found the following sources/headers not terminated with a newline:
     inst/include/cereal/types/memory.hpp
    Some compilers warn on such files.
Flavors: r-devel-linux-x86_64-debian-clang, r-devel-linux-x86_64-debian-gcc, r-devel-linux-x86_64-fedora-clang, r-devel-linux-x86_64-fedora-gcc, r-devel-windows-ix86+x86_64

Version: 1.2.1
Check: package dependencies
Result: NOTE
    Packages suggested but not available for checking: ‘git2r’ ‘devtools’
Flavor: r-oldrel-osx-x86_64