CRAN Package Check Results for Package Rcgmin

Last updated on 2021-09-20 05:50:14 CEST.

Flavor Version Tinstall Tcheck Ttotal Status Flags
r-devel-linux-x86_64-debian-clang 2013-2.21 2.48 24.30 26.78 OK
r-devel-linux-x86_64-debian-gcc 2013-2.21 2.28 19.03 21.31 OK
r-devel-linux-x86_64-fedora-clang 2013-2.21 42.61 OK
r-devel-linux-x86_64-fedora-gcc 2013-2.21 31.36 OK
r-devel-windows-x86_64 2013-2.21 4.00 28.00 32.00 OK
r-devel-windows-x86_64-gcc10-UCRT 2013-2.21 ERROR
r-patched-linux-x86_64 2013-2.21 3.02 23.69 26.71 OK
r-patched-solaris-x86 2013-2.21 47.80 OK
r-release-linux-x86_64 2013-2.21 2.27 23.86 26.13 OK
r-release-macos-arm64 2013-2.21 OK
r-release-macos-x86_64 2013-2.21 OK
r-release-windows-ix86+x86_64 2013-2.21 6.00 38.00 44.00 OK
r-oldrel-macos-x86_64 2013-2.21 OK
r-oldrel-windows-ix86+x86_64 2013-2.21 5.00 61.00 66.00 OK

Check Details

Version: 2013-2.21
Check: whether package can be installed
Result: WARN
    Found the following significant warnings:
     WARNING: installation-time patches will not be applied, could not get the patches index
Flavor: r-devel-windows-x86_64-gcc10-UCRT

Version: 2013-2.21
Check: PDF version of manual
Result: WARN
    LaTeX errors when creating PDF version.
    This typically indicates Rd problems.
Flavor: r-devel-windows-x86_64-gcc10-UCRT

Version: 2013-2.21
Check: PDF version of manual without hyperrefs or index
Result: ERROR
    Re-running with no redirection of stdout/stderr.
Flavor: r-devel-windows-x86_64-gcc10-UCRT