CRAN Package Check Results for Package RclusTool

Last updated on 2024-07-20 07:48:18 CEST.

Flavor Version Tinstall Tcheck Ttotal Status Flags
r-devel-linux-x86_64-debian-clang 0.91.6 32.12 212.29 244.41 OK
r-devel-linux-x86_64-debian-gcc 0.91.6 20.57 152.44 173.01 OK
r-devel-linux-x86_64-fedora-clang 0.91.6 313.11 NOTE
r-devel-linux-x86_64-fedora-gcc 0.91.6 305.56 OK
r-devel-windows-x86_64 0.91.6 25.00 182.00 207.00 OK
r-patched-linux-x86_64 0.91.6 29.73 199.73 229.46 OK
r-release-linux-x86_64 0.91.6 27.33 200.25 227.58 OK
r-release-macos-arm64 0.91.6 132.00 OK
r-release-macos-x86_64 0.91.6 131.00 OK
r-release-windows-x86_64 0.91.6 25.00 178.00 203.00 OK
r-oldrel-macos-arm64 0.91.6 81.00 OK
r-oldrel-macos-x86_64 0.91.6 104.00 OK
r-oldrel-windows-x86_64 0.91.6 28.00 203.00 231.00 OK

Check Details

Version: 0.91.6
Check: package dependencies
Result: NOTE Imports includes 23 non-default packages. Importing from so many packages makes the package vulnerable to any of them becoming unavailable. Move as many as possible to Suggests and use conditionally. Flavor: r-devel-linux-x86_64-fedora-clang