CRAN Package Check Results for Package Rcmdr

Last updated on 2019-02-18 21:48:55 CET.

Flavor Version Tinstall Tcheck Ttotal Status Flags
r-devel-linux-x86_64-debian-clang 2.5-1 36.38 193.57 229.95 OK
r-devel-linux-x86_64-debian-gcc 2.5-1 26.82 151.01 177.83 OK
r-devel-linux-x86_64-fedora-clang 2.5-1 294.54 WARN
r-devel-linux-x86_64-fedora-gcc 2.5-1 272.01 WARN
r-devel-windows-ix86+x86_64 2.5-1 55.00 182.00 237.00 NOTE
r-patched-linux-x86_64 2.5-1 29.81 169.92 199.73 OK
r-patched-solaris-x86 2.5-1 335.00 NOTE
r-release-linux-x86_64 2.5-1 OK
r-release-windows-ix86+x86_64 2.5-1 47.00 176.00 223.00 NOTE
r-release-osx-x86_64 2.5-1 NOTE
r-oldrel-windows-ix86+x86_64 2.5-0 11.00 7.00 18.00 ERROR
r-oldrel-osx-x86_64 2.5-1 ERROR

Check Details

Version: 2.5-1
Check: installed package size
Result: NOTE
     installed size is 6.9Mb
     sub-directories of 1Mb or more:
     R 1.1Mb
     doc 3.0Mb
     po 2.2Mb
Flavors: r-devel-linux-x86_64-fedora-clang, r-devel-windows-ix86+x86_64, r-patched-solaris-x86, r-release-windows-ix86+x86_64, r-release-osx-x86_64

Version: 2.5-1
Check: for code/documentation mismatches
Result: WARN
    Codoc mismatches from documentation object 'Rcmdr.Utilities':
    data
     Code: function(..., list = character(), package = NULL, lib.loc =
     NULL, verbose = getOption("verbose"), envir =
     .GlobalEnv, overwrite = TRUE)
     Docs: function(..., list = character(), package = NULL, lib.loc =
     NULL, verbose = getOption("verbose"), envir =
     .GlobalEnv)
     Argument names in code not in docs:
     overwrite
Flavors: r-devel-linux-x86_64-fedora-clang, r-devel-linux-x86_64-fedora-gcc

Version: 2.5-0
Check: package dependencies
Result: ERROR
    Package required and available but unsuitable version: 'effects'
    
    See section 'The DESCRIPTION file' in the 'Writing R Extensions'
    manual.
Flavor: r-oldrel-windows-ix86+x86_64

Version: 2.5-1
Check: package dependencies
Result: ERROR
    Packages required and available but unsuitable versions:
     ‘RcmdrMisc’ ‘effects’
    
    See section ‘The DESCRIPTION file’ in the ‘Writing R Extensions’
    manual.
Flavor: r-oldrel-osx-x86_64