CRAN Package Check Results for Package Rcmdr

Last updated on 2022-01-20 13:50:20 CET.

Flavor Version Tinstall Tcheck Ttotal Status Flags
r-devel-linux-x86_64-debian-clang 2.7-2 OK
r-devel-linux-x86_64-debian-gcc 2.7-2 37.90 189.20 227.10 OK
r-devel-linux-x86_64-fedora-clang 2.7-2 380.53 NOTE
r-devel-linux-x86_64-fedora-gcc 2.7-2 364.72 OK
r-devel-windows-x86_64-new-UL 2.7-2 174.00 267.00 441.00 NOTE
r-devel-windows-x86_64-new-TK 2.7-2 OK
r-patched-linux-x86_64 2.7-2 52.15 247.54 299.69 OK
r-release-linux-x86_64 2.7-2 48.77 246.84 295.61 OK
r-release-macos-arm64 2.7-2 NOTE
r-release-macos-x86_64 2.7-2 NOTE
r-release-windows-ix86+x86_64 2.7-2 71.00 249.00 320.00 NOTE
r-oldrel-macos-x86_64 2.7-1 NOTE
r-oldrel-windows-ix86+x86_64 2.7-2 70.00 250.00 320.00 NOTE

Check Details

Version: 2.7-2
Check: installed package size
Result: NOTE
     installed size is 7.6Mb
     sub-directories of 1Mb or more:
     R 1.2Mb
     doc 3.4Mb
     po 2.4Mb
Flavors: r-devel-linux-x86_64-fedora-clang, r-devel-windows-x86_64-new-UL, r-release-macos-arm64, r-release-macos-x86_64, r-release-windows-ix86+x86_64, r-oldrel-windows-ix86+x86_64

Version: 2.7-1
Check: installed package size
Result: NOTE
     installed size is 6.4Mb
     sub-directories of 1Mb or more:
     R 1.2Mb
     doc 2.3Mb
     po 2.3Mb
Flavor: r-oldrel-macos-x86_64