CRAN Package Check Results for Package RcmdrPlugin.FuzzyClust

Last updated on 2019-10-19 14:46:29 CEST.

Flavor Version Tinstall Tcheck Ttotal Status Flags
r-devel-linux-x86_64-debian-clang 1.1 15.23 133.25 148.48 NOTE
r-devel-linux-x86_64-debian-gcc 1.1 12.75 100.76 113.51 NOTE
r-devel-linux-x86_64-fedora-clang 1.1 190.04 NOTE
r-devel-linux-x86_64-fedora-gcc 1.1 179.75 NOTE
r-devel-windows-ix86+x86_64 1.1 43.00 140.00 183.00 NOTE
r-patched-linux-x86_64 1.1 14.46 127.80 142.26 NOTE
r-patched-solaris-x86 1.1 318.60 NOTE
r-release-linux-x86_64 1.1 14.28 128.83 143.11 NOTE
r-release-windows-ix86+x86_64 1.1 30.00 156.00 186.00 NOTE
r-release-osx-x86_64 1.1 FAIL
r-oldrel-windows-ix86+x86_64 1.1 44.00 154.00 198.00 NOTE
r-oldrel-osx-x86_64 1.1 OK

Check Details

Version: 1.1
Check: R code for possible problems
Result: NOTE
    managedata: no visible binding for global variable 'data'
    Undefined global functions or variables:
     data
    Consider adding
     importFrom("utils", "data")
    to your NAMESPACE file.
Flavors: r-devel-linux-x86_64-debian-clang, r-devel-linux-x86_64-debian-gcc, r-devel-linux-x86_64-fedora-clang, r-devel-linux-x86_64-fedora-gcc, r-devel-windows-ix86+x86_64, r-patched-linux-x86_64, r-patched-solaris-x86, r-release-linux-x86_64, r-release-windows-ix86+x86_64, r-oldrel-windows-ix86+x86_64

Version: 1.1
Check: whether package can be installed
Result: FAIL
    
Flavor: r-release-osx-x86_64