CRAN Package Check Results for Package RcmdrPlugin.FuzzyClust

Last updated on 2020-05-26 08:49:29 CEST.

Flavor Version Tinstall Tcheck Ttotal Status Flags
r-devel-linux-x86_64-debian-clang 1.1 18.08 146.94 165.02 NOTE
r-devel-linux-x86_64-debian-gcc 1.1 15.03 111.38 126.41 NOTE
r-devel-linux-x86_64-fedora-clang 1.1 211.84 NOTE
r-devel-linux-x86_64-fedora-gcc 1.1 197.51 NOTE
r-devel-windows-ix86+x86_64 1.1 61.00 291.00 352.00 NOTE
r-patched-linux-x86_64 1.1 12.70 145.61 158.31 NOTE
r-patched-solaris-x86 1.1 407.40 WARN
r-release-linux-x86_64 1.1 17.71 144.19 161.90 NOTE
r-release-osx-x86_64 1.1 WARN
r-release-windows-ix86+x86_64 1.1 45.00 192.00 237.00 NOTE
r-oldrel-osx-x86_64 1.1 FAIL
r-oldrel-windows-ix86+x86_64 1.1 31.00 220.00 251.00 NOTE

Check Details

Version: 1.1
Check: R code for possible problems
Result: NOTE
    managedata: no visible binding for global variable 'data'
    Undefined global functions or variables:
     data
    Consider adding
     importFrom("utils", "data")
    to your NAMESPACE file.
Flavors: r-devel-linux-x86_64-debian-clang, r-devel-linux-x86_64-debian-gcc, r-devel-linux-x86_64-fedora-clang, r-devel-linux-x86_64-fedora-gcc, r-devel-windows-ix86+x86_64, r-patched-linux-x86_64, r-patched-solaris-x86, r-release-linux-x86_64, r-release-osx-x86_64, r-release-windows-ix86+x86_64, r-oldrel-windows-ix86+x86_64

Version: 1.1
Check: re-building of vignette outputs
Result: WARN
    Error(s) in re-building vignettes:
     ...
    --- re-building ‘fuzzyrcmdrplugin.Rmd’ using rmarkdown
    Warning in engine$weave(file, quiet = quiet, encoding = enc) :
     Pandoc (>= 1.12.3) and/or pandoc-citeproc not available. Falling back to R Markdown v1.
    Quitting from lines 47-48 (fuzzyrcmdrplugin.Rmd)
    Error: processing vignette 'fuzzyrcmdrplugin.Rmd' failed with diagnostics:
    Cluster setup failed. 1 worker of 1 failed to connect.
    --- failed re-building ‘fuzzyrcmdrplugin.Rmd’
    
    SUMMARY: processing the following file failed:
     ‘fuzzyrcmdrplugin.Rmd’
    
    Error: Vignette re-building failed.
    Execution halted
Flavor: r-patched-solaris-x86

Version: 1.1
Check: re-building of vignette outputs
Result: WARN
    Error(s) in re-building vignettes:
     ...
    --- re-building ‘fuzzyrcmdrplugin.Rmd’ using rmarkdown
    Quitting from lines 47-48 (fuzzyrcmdrplugin.Rmd)
    Error: processing vignette 'fuzzyrcmdrplugin.Rmd' failed with diagnostics:
    Cluster setup failed. 1 worker of 1 failed to connect.
    --- failed re-building ‘fuzzyrcmdrplugin.Rmd’
    
    SUMMARY: processing the following file failed:
     ‘fuzzyrcmdrplugin.Rmd’
    
    Error: Vignette re-building failed.
    Execution halted
Flavor: r-release-osx-x86_64

Version: 1.1
Check: whether package can be installed
Result: FAIL
Flavor: r-oldrel-osx-x86_64