CRAN Package Check Results for Package RcmdrPlugin.KMggplot2

Last updated on 2021-07-31 06:48:38 CEST.

Flavor Version Tinstall Tcheck Ttotal Status Flags
r-devel-linux-x86_64-debian-clang 0.2-6 24.40 179.70 204.10 OK
r-devel-linux-x86_64-debian-gcc 0.2-6 21.18 138.42 159.60 OK
r-devel-linux-x86_64-fedora-clang 0.2-6 258.39 OK
r-devel-linux-x86_64-fedora-gcc 0.2-6 249.22 OK
r-devel-windows-x86_64 0.2-6 58.00 213.00 271.00 OK
r-devel-windows-x86_64-gcc10-UCRT 0.2-6 OK
r-patched-linux-x86_64 0.2-6 OK
r-patched-solaris-x86 0.2-6 350.50 OK
r-release-linux-x86_64 0.2-6 22.54 171.41 193.95 OK
r-release-macos-arm64 0.2-6 WARN
r-release-macos-x86_64 0.2-6 OK
r-release-windows-ix86+x86_64 0.2-6 48.00 204.00 252.00 OK
r-oldrel-macos-x86_64 0.2-6 OK
r-oldrel-windows-ix86+x86_64 0.2-6 51.00 214.00 265.00 OK

Check Details

Version: 0.2-6
Check: re-building of vignette outputs
Result: WARN
    Error(s) in re-building vignettes:
     ...
    --- re-building ‘extrafont.Rmd’ using rmarkdown
    Warning in engine$weave(file, quiet = quiet, encoding = enc) :
     Pandoc (>= 1.12.3) not available. Falling back to R Markdown v1.
    --- finished re-building ‘extrafont.Rmd’
    
    --- re-building ‘geom-stepribbon.Rmd’ using rmarkdown
    Warning in engine$weave(file, quiet = quiet, encoding = enc) :
     Pandoc (>= 1.12.3) not available. Falling back to R Markdown v1.
    Quitting from lines 38-84 (geom-stepribbon.Rmd)
    Error: processing vignette 'geom-stepribbon.Rmd' failed with diagnostics:
    polygon edge not found
    --- failed re-building ‘geom-stepribbon.Rmd’
    
    --- re-building ‘plot-km-requirement.Rmd’ using rmarkdown
    Warning in engine$weave(file, quiet = quiet, encoding = enc) :
     Pandoc (>= 1.12.3) not available. Falling back to R Markdown v1.
    --- finished re-building ‘plot-km-requirement.Rmd’
    
    SUMMARY: processing the following file failed:
     ‘geom-stepribbon.Rmd’
    
    Error: Vignette re-building failed.
    Execution halted
Flavor: r-release-macos-arm64