CRAN Package Check Results for Package RcmdrPlugin.KMggplot2

Last updated on 2021-05-15 06:47:52 CEST.

Flavor Version Tinstall Tcheck Ttotal Status Flags
r-devel-linux-x86_64-debian-clang 0.2-6 23.69 180.18 203.87 OK
r-devel-linux-x86_64-debian-gcc 0.2-6 19.72 136.61 156.33 OK
r-devel-linux-x86_64-fedora-clang 0.2-6 257.66 OK
r-devel-linux-x86_64-fedora-gcc 0.2-6 246.40 OK
r-devel-windows-ix86+x86_64 0.2-6 53.00 197.00 250.00 OK
r-devel-windows-x86_64-gcc10-UCRT 0.2-6 OK
r-patched-linux-x86_64 0.2-6 33.86 170.73 204.59 OK
r-patched-solaris-x86 0.2-6 376.50 OK
r-release-linux-x86_64 0.2-6 24.96 169.68 194.64 OK
r-release-macos-x86_64 0.2-6 OK
r-release-windows-ix86+x86_64 0.2-6 36.00 184.00 220.00 OK
r-oldrel-macos-x86_64 0.2-6 WARN
r-oldrel-windows-ix86+x86_64 0.2-6 45.00 202.00 247.00 OK

Check Details

Version: 0.2-6
Check: dependencies in R code
Result: NOTE
    No protocol specified
    No protocol specified
Flavor: r-oldrel-macos-x86_64

Version: 0.2-6
Check: S3 generic/method consistency
Result: WARN
    No protocol specified
    No protocol specified
    See section ‘Generic functions and methods’ in the ‘Writing R
    Extensions’ manual.
Flavor: r-oldrel-macos-x86_64

Version: 0.2-6
Check: replacement functions
Result: WARN
    No protocol specified
    No protocol specified
    The argument of a replacement function which corresponds to the right
    hand side must be named ‘value’.
Flavor: r-oldrel-macos-x86_64

Version: 0.2-6
Check: foreign function calls
Result: NOTE
    No protocol specified
    No protocol specified
    See chapter ‘System and foreign language interfaces’ in the ‘Writing R
    Extensions’ manual.
Flavor: r-oldrel-macos-x86_64

Version: 0.2-6
Check: R code for possible problems
Result: NOTE
    No protocol specified
    No protocol specified
Flavor: r-oldrel-macos-x86_64

Version: 0.2-6
Check: for missing documentation entries
Result: WARN
    No protocol specified
    No protocol specified
    All user-level objects in a package should have documentation entries.
    See chapter ‘Writing R documentation files’ in the ‘Writing R
    Extensions’ manual.
Flavor: r-oldrel-macos-x86_64

Version: 0.2-6
Check: for code/documentation mismatches
Result: WARN
    No protocol specified
    No protocol specified
    No protocol specified
    No protocol specified
    No protocol specified
    No protocol specified
Flavor: r-oldrel-macos-x86_64

Version: 0.2-6
Check: Rd \usage sections
Result: NOTE
    No protocol specified
    No protocol specified
    The \usage entries for S3 methods should use the \method markup and not
    their full name.
    See chapter ‘Writing R documentation files’ in the ‘Writing R
    Extensions’ manual.
Flavor: r-oldrel-macos-x86_64